{"id":163,"date":"2018-02-05T01:27:38","date_gmt":"2018-02-05T00:27:38","guid":{"rendered":"http:\/\/www.unioviedo.es\/mastersiac\/?page_id=163"},"modified":"2025-04-02T12:06:27","modified_gmt":"2025-04-02T10:06:27","slug":"profesorado","status":"publish","type":"page","link":"https:\/\/www.unioviedo.es\/mastersiac\/index.php\/profesorado\/","title":{"rendered":"<!Profesorado>"},"content":{"rendered":"<p><span style=\"color: #800000; font-size: 12pt;\"><strong>Personal docente de la Universidad de Oviedo<\/strong><\/span><\/p>\n<p style=\"padding-left: 30px;\"><span style=\"color: #0000ff;\"><a style=\"text-decoration: none; color: #0000ff;\" href=\"https:\/\/portalinvestigacion.uniovi.es\/investigadores\/216857\/detalle\"><span style=\"font-size: 10pt; color: #000000;\">\u00c1lvarez P\u00e9rez, Bel\u00e9n<\/span><\/a><\/span><\/p>\n<p style=\"padding-left: 30px;\"><span style=\"color: #000000; font-size: 10pt;\"><a style=\"color: #000000;\" title=\"\u00c1lvarez P\u00e9rez, M\u00f3nica\" href=\"https:\/\/portalinvestigacion.uniovi.es\/investigadores\/216858\/detalle\">\u00c1lvarez P\u00e9rez, M\u00f3nica<\/a><\/span><\/p>\n<p style=\"padding-left: 30px;\"><span style=\"color: #000000; font-size: 10pt;\"><a style=\"color: #000000;\" title=\"Andr\u00e9s Su\u00e1rez, Javier de\" href=\"https:\/\/portalinvestigacion.uniovi.es\/investigadores\/216887\/detalle\">Andr\u00e9s Su\u00e1rez, Javier de<\/a><\/span><\/p>\n<p style=\"padding-left: 30px;\"><span style=\"color: #000000; font-size: 10pt;\"><a style=\"color: #000000;\" title=\"Arbes\u00fa L\u00f3pez , Pilar \" href=\"https:\/\/portalinvestigacion.uniovi.es\/investigadores\/216899\/detalle\">Arbes\u00fa L\u00f3pez , Pilar<\/a><\/span><\/p>\n<p style=\"padding-left: 30px;\"><span style=\"color: #000000; font-size: 10pt;\"><a style=\"color: #000000;\" title=\"Cabal Garc\u00eda, Elena Agustina\" href=\"https:\/\/portalinvestigacion.uniovi.es\/investigadores\/217269\/detalle\">Cabal Garc\u00eda, Elena Agustina<\/a><\/span><\/p>\n<p style=\"padding-left: 30px;\"><span style=\"color: #000000; font-size: 10pt;\"><a style=\"color: #000000;\" title=\"C\u00e1rcaba Garc\u00eda, Ana Isabel\" href=\"https:\/\/portalinvestigacion.uniovi.es\/investigadores\/217228\/detalle\">C\u00e1rcaba Garc\u00eda, Ana Isabel<\/a><\/span><\/p>\n<p style=\"padding-left: 30px;\"><span style=\"color: #000000; font-size: 10pt;\"><a style=\"color: #000000;\" title=\"Castro P\u00e9rez, Olga\" href=\"https:\/\/portalinvestigacion.uniovi.es\/investigadores\/217259\/detalle\">Castro P\u00e9rez, Olga<\/a><\/span><\/p>\n<p style=\"padding-left: 30px;\"><span style=\"color: #000000; font-size: 10pt;\"><a style=\"color: #000000;\" title=\"Cuervo Huergo, Jos\u00e9 Carlos\" href=\"https:\/\/portalinvestigacion.uniovi.es\/investigadores\/217216\/detalle\">Cuervo Huergo, Jos\u00e9 Carlos<\/a><\/span><\/p>\n<p style=\"padding-left: 30px;\"><span style=\"color: #000000; font-size: 10pt;\"><a style=\"color: #000000;\" title=\"Fern\u00e1ndez Rodr\u00edguez, Emilia\" href=\"https:\/\/portalinvestigacion.uniovi.es\/investigadores\/217507\/detalle\">Fern\u00e1ndez Rodr\u00edguez, Emilia<\/a><\/span><\/p>\n<p style=\"padding-left: 30px;\"><span style=\"color: #000000; font-size: 10pt;\"><a style=\"color: #000000;\" title=\"Fern\u00e1ndez Rodr\u00edguez, Mar\u00eda Elena\" href=\"https:\/\/portalinvestigacion.uniovi.es\/investigadores\/217513\/detalle\">Fern\u00e1ndez Rodr\u00edguez, Mar\u00eda Elena<\/a><\/span><\/p>\n<p style=\"padding-left: 30px;\"><span style=\"color: #000000; font-size: 10pt;\"><a style=\"color: #000000;\" title=\"Garay Gonz\u00e1lez, Jos\u00e9 Antonio\" href=\"https:\/\/portalinvestigacion.uniovi.es\/investigadores\/217545\/detalle\">Garay Gonz\u00e1lez, Jos\u00e9 Antonio<\/a><\/span><\/p>\n<p style=\"padding-left: 30px;\"><span style=\"color: #000000; font-size: 10pt;\"><a style=\"color: #000000;\" title=\"Garc\u00eda Cornejo, Beatriz\" href=\"https:\/\/portalinvestigacion.uniovi.es\/investigadores\/217566\/detalle\">Garc\u00eda Cornejo, Beatriz<\/a><\/span><\/p>\n<p style=\"padding-left: 30px;\"><span style=\"color: #000000; font-size: 10pt;\"><a style=\"color: #000000;\" title=\"Garc\u00eda de la Iglesia, Isabel\" href=\"https:\/\/portalinvestigacion.uniovi.es\/investigadores\/217472\/detalle\">Garc\u00eda de la Iglesia, Isabel<\/a><\/span><\/p>\n<p style=\"padding-left: 30px;\"><span style=\"color: #000000; font-size: 10pt;\"><a style=\"color: #000000;\" title=\"Garc\u00eda Fern\u00e1ndez, Roberto\" href=\"https:\/\/portalinvestigacion.uniovi.es\/investigadores\/219167\/detalle\">Garc\u00eda Fern\u00e1ndez, Roberto<\/a><\/span><\/p>\n<p style=\"padding-left: 30px;\"><span style=\"color: #000000; font-size: 10pt;\"><a style=\"color: #000000;\" title=\"Garc\u00eda Fern\u00e1ndez , Victorino \" href=\"https:\/\/portalinvestigacion.uniovi.es\/investigadores\/217399\/detalle\">Garc\u00eda Fern\u00e1ndez , Victorino<\/a><\/span><\/p>\n<p style=\"padding-left: 30px;\"><span style=\"color: #000000; font-size: 10pt;\"><a style=\"color: #000000;\" title=\"Garc\u00eda Garc\u00eda, Jes\u00fas\" href=\"https:\/\/portalinvestigacion.uniovi.es\/investigadores\/217406\/detalle\">Garc\u00eda Garc\u00eda, Jes\u00fas<\/a><\/span><\/p>\n<p style=\"padding-left: 30px;\"><span style=\"color: #000000; font-size: 10pt;\"><a style=\"color: #000000;\" title=\"Garc\u00eda Su\u00e1rez, Jos\u00e9 Luis\" href=\"https:\/\/portalinvestigacion.uniovi.es\/investigadores\/219153\/detalle\">Garc\u00eda Su\u00e1rez, Jos\u00e9 Luis<\/a><\/span><\/p>\n<p style=\"padding-left: 30px;\"><span style=\"color: #000000; font-size: 10pt;\"><a style=\"color: #000000;\" title=\"Gonz\u00e1lez D\u00edaz, Bel\u00e9n\" href=\"https:\/\/portalinvestigacion.uniovi.es\/investigadores\/217346\/detalle\">Gonz\u00e1lez D\u00edaz, Bel\u00e9n<\/a><\/span><\/p>\n<p style=\"padding-left: 30px;\"><span style=\"color: #000000; font-size: 10pt;\"><a style=\"color: #000000;\" title=\"Lorca Fern\u00e1ndez, Pedro\" href=\"https:\/\/portalinvestigacion.uniovi.es\/investigadores\/217791\/detalle\">Lorca Fern\u00e1ndez, Pedro<\/a><\/span><\/p>\n<p style=\"padding-left: 30px;\"><span style=\"color: #000000; font-size: 10pt;\"><a style=\"color: #000000;\" title=\"P\u00e9rez M\u00e9ndez, Jos\u00e9 Antonio\" href=\"https:\/\/portalinvestigacion.uniovi.es\/investigadores\/218137\/detalle\">P\u00e9rez M\u00e9ndez, Jos\u00e9 Antonio<\/a><\/span><\/p>\n<p style=\"padding-left: 30px;\"><span style=\"color: #000000; font-size: 10pt;\"><a style=\"color: #000000;\" title=\"Robles Lorenzana, Cristina\" href=\"https:\/\/portalinvestigacion.uniovi.es\/investigadores\/218322\/detalle\">Robles Lorenzana, Cristina<\/a><\/span><\/p>\n<p style=\"padding-left: 30px;\"><span style=\"color: #000000; font-size: 10pt;\"><a style=\"color: #000000;\" title=\"Rodr\u00edguez Guti\u00e9rrez, Mar\u00eda del Camino\" href=\"https:\/\/portalinvestigacion.uniovi.es\/investigadores\/218169\/detalle\">Rodr\u00edguez Guti\u00e9rrez, Mar\u00eda del Camino<\/a><\/span><\/p>\n<p style=\"padding-left: 30px;\"><span style=\"color: #000000; font-size: 10pt;\"><a style=\"color: #000000;\" title=\"Rodr\u00edguez Prieto, Beatriz\" href=\"https:\/\/portalinvestigacion.uniovi.es\/investigadores\/218647\/detalle\">Rodr\u00edguez Prieto, Beatriz<\/a><\/span><\/p>\n<p style=\"padding-left: 30px;\"><span style=\"color: #000000; font-size: 10pt;\"><a style=\"color: #000000;\" title=\"Rub\u00edn Fern\u00e1ndez, In\u00e9s\" href=\"https:\/\/portalinvestigacion.uniovi.es\/investigadores\/218675\/detalle\">Rub\u00edn Fern\u00e1ndez, In\u00e9s<\/a><\/span><\/p>\n<div><\/div>\n<p><span style=\"color: #800000; font-size: 12pt;\"><strong>Profesionales externos de reconocido prestigio<\/strong><\/span><\/p>\n<table style=\"width: 90.54098651525905%; height: 450px;\">\n<tbody>\n<tr style=\"height: 15px;\">\n<th style=\"border-color: #b35656; background-color: #9c2828; vertical-align: middle; height: 15px; width: 247px; text-align: center;\"><span style=\"color: #ffffff; font-size: 10pt;\"><strong>PROFESOR VISITANTE<\/strong><\/span><\/th>\n<th style=\"border-color: #b35656; background-color: #9c2828; vertical-align: middle; height: 15px; width: 329px; text-align: center;\"><span style=\"color: #ffffff; font-size: 10pt;\"><strong>ENTIDAD DE PROCEDENCIA<\/strong><\/span><\/th>\n<td style=\"width: 10px; height: 15px;\"><\/td>\n<\/tr>\n<tr style=\"height: 15px;\">\n<td style=\"width: 247px; height: 15px;\"><em><span style=\"font-size: 10pt;\">Efr\u00e9n \u00c1lvarez Artime<\/span><\/em><\/td>\n<td style=\"width: 329px; height: 15px;\"><span style=\"font-size: 10pt;\">TERUS ECONOMISTAS<\/span><\/td>\n<td style=\"width: 10px; height: 15px;\"><\/td>\n<\/tr>\n<tr style=\"height: 15px;\">\n<td style=\"width: 247px; height: 15px;\"><em><span style=\"font-size: 10pt;\">Fernando \u00c1lvarez S\u00e1nchez<\/span><\/em><\/td>\n<td style=\"width: 329px; height: 15px;\"><span style=\"font-size: 10pt;\">SAMOA INDUSTRIAL<\/span><\/td>\n<td style=\"width: 10px; height: 15px;\"><\/td>\n<\/tr>\n<tr style=\"height: 15px;\">\n<td style=\"width: 247px; height: 15px;\"><em><span style=\"font-size: 10pt;\">Raquel Arg\u00fcelles Montes<\/span><\/em><\/td>\n<td style=\"width: 329px; height: 15px;\"><span style=\"font-size: 10pt;\">UNICAJA<\/span><\/td>\n<td style=\"width: 10px; height: 15px;\"><\/td>\n<\/tr>\n<tr style=\"height: 15px;\">\n<td style=\"width: 247px; height: 15px;\"><em><span style=\"font-size: 10pt;\">Miguel Arias Torres<\/span><\/em><\/td>\n<td style=\"width: 329px; height: 15px;\"><span style=\"font-size: 10pt;\">BALANCE ASESOR\u00cdA DE EMPRESAS<\/span><\/td>\n<td style=\"width: 10px; height: 15px;\"><\/td>\n<\/tr>\n<tr style=\"height: 15px;\">\n<td style=\"width: 247px; height: 15px;\"><em><span style=\"font-size: 10pt;\">Victor Jos\u00e9 Barcia Garc\u00eda<\/span><\/em><\/td>\n<td style=\"width: 329px; height: 15px;\"><span style=\"font-size: 10pt;\">CONSTRUCTORA LOS \u00c1LAMOS<\/span><\/td>\n<td style=\"width: 10px; height: 15px;\"><\/td>\n<\/tr>\n<tr style=\"height: 15px;\">\n<td style=\"width: 247px; height: 15px;\"><em><span style=\"font-size: 10pt;\">Carlos Inocencio Caicoya Cecchini<\/span><\/em><\/td>\n<td style=\"width: 329px; height: 15px;\"><span style=\"font-size: 10pt;\">CAICOYA CECCHINI ABOGADOS<\/span><\/td>\n<td style=\"width: 10px; height: 15px;\"><\/td>\n<\/tr>\n<tr style=\"height: 15px;\">\n<td style=\"width: 247px; height: 15px;\"><em><span style=\"font-size: 10pt;\">Jos\u00e9 Luis Canteli D\u00edaz<\/span><\/em><\/td>\n<td style=\"width: 329px; height: 15px;\"><span style=\"font-size: 10pt;\">MOORE STEPHENS FIDELITAS AUDITORES<\/span><\/td>\n<td style=\"width: 10px; height: 15px;\"><\/td>\n<\/tr>\n<tr style=\"height: 15px;\">\n<td style=\"width: 247px; height: 15px;\"><em><span style=\"font-size: 10pt;\">Jorge Carbajal Torre<\/span><\/em><\/td>\n<td style=\"width: 329px; height: 15px;\"><span style=\"font-size: 10pt;\">AUDITOR EJERCIENTE INDIVIDUAL<\/span><\/td>\n<td style=\"width: 10px; height: 15px;\"><\/td>\n<\/tr>\n<tr style=\"height: 15px;\">\n<td style=\"width: 247px; height: 15px;\"><em><span style=\"font-size: 10pt;\">Jorge Casielles Alperi<\/span><\/em><\/td>\n<td style=\"width: 329px; height: 15px;\"><span style=\"font-size: 10pt;\">GRUPO INTERMARK<\/span><\/td>\n<td style=\"width: 10px; height: 15px;\"><\/td>\n<\/tr>\n<tr style=\"height: 15px;\">\n<td style=\"width: 247px; height: 15px;\"><em><span style=\"font-size: 10pt;\">Conrado Cea S\u00e1nchez<\/span><\/em><\/td>\n<td style=\"width: 329px; height: 15px;\"><span style=\"font-size: 10pt;\">PRICEWATERHOUSECOOPERS<\/span><\/td>\n<td style=\"width: 10px; height: 15px;\"><\/td>\n<\/tr>\n<tr>\n<td style=\"width: 247px;\"><em><span style=\"font-size: 10pt;\">Elena Fern\u00e1ndez Garc\u00eda<\/span><\/em><\/td>\n<td style=\"width: 329px;\"><span style=\"font-size: 10pt;\">DELOITTE<\/span><\/td>\n<td style=\"width: 10px;\"><\/td>\n<\/tr>\n<tr>\n<td style=\"width: 247px;\"><em><span style=\"font-size: 10pt;\">Maikel Fern\u00e1ndez Gonz\u00e1lez<\/span><\/em><\/td>\n<td style=\"width: 329px;\"><span style=\"font-size: 10pt;\">DELOITTE<\/span><\/td>\n<td style=\"width: 10px;\"><\/td>\n<\/tr>\n<tr style=\"height: 15px;\">\n<td style=\"width: 247px; height: 15px;\"><em><span style=\"font-size: 10pt;\">Luis Fern\u00e1ndez Llames<\/span><\/em><\/td>\n<td style=\"width: 329px; height: 15px;\"><span style=\"font-size: 10pt;\">AUDITORES TERCERA GENERACI\u00d3N<\/span><\/td>\n<td style=\"width: 10px; height: 15px;\"><\/td>\n<\/tr>\n<tr style=\"height: 15px;\">\n<td style=\"width: 247px; height: 15px;\"><em><span style=\"font-size: 10pt;\">Abel Fern\u00e1ndez Mart\u00ednez<\/span><\/em><\/td>\n<td style=\"width: 329px; height: 15px;\"><span style=\"font-size: 10pt;\">COLEGIO DE ECONOMISTAS<\/span><\/td>\n<td style=\"width: 10px; height: 15px;\"><\/td>\n<\/tr>\n<tr style=\"height: 15px;\">\n<td style=\"width: 247px; height: 15px;\"><em><span style=\"font-size: 10pt;\">Elena Fern\u00e1ndez Mart\u00ednez<\/span><\/em><\/td>\n<td style=\"width: 329px; height: 15px;\"><span style=\"font-size: 10pt;\">COGERSA<\/span><\/td>\n<td style=\"width: 10px; height: 15px;\"><\/td>\n<\/tr>\n<tr style=\"height: 15px;\">\n<td style=\"width: 247px; height: 15px;\"><em><span style=\"font-size: 10pt;\">Juan Ignacio Fern\u00e1ndez P\u00e9rez<\/span><\/em><\/td>\n<td style=\"width: 329px; height: 15px;\"><span style=\"font-size: 10pt;\">KPMG<\/span><\/td>\n<td style=\"width: 10px; height: 15px;\"><\/td>\n<\/tr>\n<tr style=\"height: 15px;\">\n<td style=\"width: 247px; height: 15px;\"><em><span style=\"font-size: 10pt;\">Dar\u00edo Garc\u00eda Sol\u00eds<\/span><\/em><\/td>\n<td style=\"width: 329px; height: 15px;\"><span style=\"font-size: 10pt;\">AYUNTAMIENTO DE OVIEDO<\/span><\/td>\n<td style=\"width: 10px; height: 15px;\"><\/td>\n<\/tr>\n<tr style=\"height: 15px;\">\n<td style=\"width: 247px; height: 15px;\"><em><span style=\"font-size: 10pt;\">Faustino Gonz\u00e1lez-Cueva Fern\u00e1ndez<\/span><\/em><\/td>\n<td style=\"width: 329px; height: 15px;\"><span style=\"font-size: 10pt;\">BLANCO, GONZ\u00c1LEZ Y MIER, SL.L. DE AUDITOR\u00cdA<\/span><\/td>\n<td style=\"width: 10px; height: 15px;\"><\/td>\n<\/tr>\n<tr style=\"height: 15px;\">\n<td style=\"width: 247px; height: 15px;\"><em><span style=\"font-size: 10pt;\">Luis Manuel Iglesias Alonso<\/span><\/em><\/td>\n<td style=\"width: 329px; height: 15px;\"><span style=\"font-size: 10pt;\">REGISTRO MERCANTIL DE ASTURIAS<\/span><\/td>\n<td style=\"width: 10px; height: 15px;\"><\/td>\n<\/tr>\n<tr style=\"height: 15px;\">\n<td style=\"width: 247px; height: 15px;\"><em><span style=\"font-size: 10pt;\">Carlos Iglesias Moro<\/span><\/em><\/td>\n<td style=\"width: 329px; height: 15px;\"><span style=\"font-size: 10pt;\">WORLD WIDE WEB FOUNDATION<\/span><\/td>\n<td style=\"width: 10px; height: 15px;\"><\/td>\n<\/tr>\n<tr>\n<td style=\"width: 247px;\"><em><span style=\"font-size: 10pt;\">Lorena Iglesias Rodr\u00edguez<\/span><\/em><\/td>\n<td style=\"width: 329px;\"><span style=\"font-size: 10pt;\">KPMG<\/span><\/td>\n<td style=\"width: 10px;\"><\/td>\n<\/tr>\n<tr style=\"height: 15px;\">\n<td style=\"width: 247px; height: 15px;\"><em><span style=\"font-size: 10pt;\">Tom\u00e1s Lebr\u00f3n Heres<\/span><\/em><\/td>\n<td style=\"width: 329px; height: 15px;\"><span style=\"font-size: 10pt;\">ARCELOR MITTAL<\/span><\/td>\n<td style=\"width: 10px; height: 15px;\"><\/td>\n<\/tr>\n<tr style=\"height: 15px;\">\n<td style=\"width: 247px; height: 15px;\"><em><span style=\"font-size: 10pt;\">Claudia Manrique Maldonado<\/span><\/em><\/td>\n<td style=\"width: 329px; height: 15px;\"><span style=\"font-size: 10pt;\">UNICAJA<\/span><\/td>\n<td style=\"width: 10px; height: 15px;\"><\/td>\n<\/tr>\n<tr style=\"height: 15px;\">\n<td style=\"width: 247px; height: 15px;\"><em><span style=\"font-size: 10pt;\">Daniel Mart\u00ednez Fern\u00e1ndez<\/span><\/em><\/td>\n<td style=\"width: 329px; height: 15px;\"><span style=\"font-size: 10pt;\">CENTIUM AUDITORES, S.L.<\/span><\/td>\n<td style=\"width: 10px; height: 15px;\"><\/td>\n<\/tr>\n<tr style=\"height: 15px;\">\n<td style=\"width: 247px; height: 15px;\"><em><span style=\"font-size: 10pt;\">Luis Ram\u00f3n Men\u00e9ndez \u00c1lvarez<\/span><\/em><\/td>\n<td style=\"width: 329px; height: 15px;\"><span style=\"font-size: 10pt;\">BNFIX NORTE AUDITORES, S.L.P.<\/span><\/td>\n<td style=\"width: 10px; height: 15px;\"><\/td>\n<\/tr>\n<tr style=\"height: 15px;\">\n<td style=\"width: 247px; height: 15px;\"><em><span style=\"font-size: 10pt;\">Alfredo Men\u00e9ndez Mor\u00e1n<\/span><\/em><\/td>\n<td style=\"width: 329px; height: 15px;\"><span style=\"font-size: 10pt;\">EDP<\/span><\/td>\n<td style=\"width: 10px; height: 15px;\"><\/td>\n<\/tr>\n<tr style=\"height: 15px;\">\n<td style=\"width: 247px; height: 15px;\"><em><span style=\"font-size: 10pt;\">Francisco Manuel Rodr\u00edguez Fern\u00e1ndez<\/span><\/em><\/td>\n<td style=\"width: 329px; height: 15px;\"><span style=\"font-size: 10pt;\">REGISTRO MERCANTIL DE ASTURIAS<\/span><\/td>\n<td style=\"width: 10px; height: 15px;\"><\/td>\n<\/tr>\n<tr style=\"height: 15px;\">\n<td style=\"width: 247px; height: 15px;\"><em><span style=\"font-size: 10pt;\">Jes\u00fas Manuel Roza Manzano<\/span><\/em><\/td>\n<td style=\"width: 329px; height: 15px;\"><span style=\"font-size: 10pt;\">UNICAJA<\/span><\/td>\n<td style=\"width: 10px; height: 15px;\"><\/td>\n<\/tr>\n<tr style=\"height: 15px;\">\n<td style=\"width: 247px; height: 15px;\"><em><span style=\"font-size: 10pt;\">Pedro Rub\u00edn Fern\u00e1ndez<\/span><\/em><\/td>\n<td style=\"width: 329px; height: 15px;\"><span style=\"font-size: 10pt;\">BNFIX NORTE AUDITORES, S.L.P.<\/span><\/td>\n<td style=\"width: 10px; height: 15px;\"><\/td>\n<\/tr>\n<tr style=\"height: 15px;\">\n<td style=\"width: 247px; height: 15px;\"><em><span style=\"font-size: 10pt;\">Carlos San Narciso Sosa<\/span><\/em><\/td>\n<td style=\"width: 329px; height: 15px;\"><span style=\"font-size: 10pt;\">NORTE AUDITORES Y ASESORES, S.L.<\/span><\/td>\n<td style=\"width: 10px; height: 15px;\"><\/td>\n<\/tr>\n<tr style=\"height: 15px;\">\n<td style=\"width: 247px; height: 15px;\"><em><span style=\"font-size: 10pt;\">Jes\u00fas Sanmart\u00edn Mari\u00f1as<\/span><\/em><\/td>\n<td style=\"width: 329px; height: 15px;\"><span style=\"font-size: 10pt;\">ASESOR\u00cdA ARIAS Y SANMART\u00cdN<\/span><\/td>\n<td style=\"width: 10px; height: 15px;\"><\/td>\n<\/tr>\n<tr style=\"height: 15px;\">\n<td style=\"width: 247px; height: 15px;\"><em><span style=\"font-size: 10pt;\">\u00c1ngel Triana Toribio<\/span><\/em><\/td>\n<td style=\"width: 329px; height: 15px;\"><span style=\"font-size: 10pt;\">GLOBAL ENDEAVOR, S.L.<\/span><\/td>\n<td style=\"width: 10px; height: 15px;\"><\/td>\n<\/tr>\n<tr>\n<td style=\"width: 247px;\"><span style=\"font-size: small;\"><i>Pilar\u00a0V\u00e1zquez Palacios<\/i><\/span><\/td>\n<td style=\"width: 329px;\"><span style=\"font-size: 10pt;\">ASOCIACI\u00d3N DE EMPRESAS P\u00daBLICAS DE MEDIO AMBIENTE<\/span><\/td>\n<td style=\"width: 10px;\"><\/td>\n<\/tr>\n<\/tbody>\n<\/table>\n","protected":false},"excerpt":{"rendered":"<p>Personal docente de la Universidad de Oviedo \u00c1lvarez P\u00e9rez, Bel\u00e9n \u00c1lvarez P\u00e9rez, M\u00f3nica Andr\u00e9s Su\u00e1rez, Javier de Arbes\u00fa L\u00f3pez , Pilar Cabal Garc\u00eda, Elena Agustina C\u00e1rcaba Garc\u00eda, Ana Isabel Castro P\u00e9rez, Olga Cuervo Huergo, Jos\u00e9 Carlos Fern\u00e1ndez Rodr\u00edguez, Emilia Fern\u00e1ndez Rodr\u00edguez, Mar\u00eda Elena Garay Gonz\u00e1lez, Jos\u00e9 Antonio Garc\u00eda Cornejo, Beatriz Garc\u00eda de la Iglesia, Isabel &hellip; <\/p>\n<p class=\"link-more\"><a href=\"https:\/\/www.unioviedo.es\/mastersiac\/index.php\/profesorado\/\" class=\"more-link\">Continuar leyendo<span class=\"screen-reader-text\"> \u00ab<!Profesorado>\u00ab<\/span><\/a><\/p>\n","protected":false},"author":1,"featured_media":164,"parent":0,"menu_order":0,"comment_status":"closed","ping_status":"closed","template":"","meta":{"footnotes":""},"class_list":["post-163","page","type-page","status-publish","has-post-thumbnail","hentry"],"_links":{"self":[{"href":"https:\/\/www.unioviedo.es\/mastersiac\/index.php\/wp-json\/wp\/v2\/pages\/163","targetHints":{"allow":["GET"]}}],"collection":[{"href":"https:\/\/www.unioviedo.es\/mastersiac\/index.php\/wp-json\/wp\/v2\/pages"}],"about":[{"href":"https:\/\/www.unioviedo.es\/mastersiac\/index.php\/wp-json\/wp\/v2\/types\/page"}],"author":[{"embeddable":true,"href":"https:\/\/www.unioviedo.es\/mastersiac\/index.php\/wp-json\/wp\/v2\/users\/1"}],"replies":[{"embeddable":true,"href":"https:\/\/www.unioviedo.es\/mastersiac\/index.php\/wp-json\/wp\/v2\/comments?post=163"}],"version-history":[{"count":15,"href":"https:\/\/www.unioviedo.es\/mastersiac\/index.php\/wp-json\/wp\/v2\/pages\/163\/revisions"}],"predecessor-version":[{"id":1277,"href":"https:\/\/www.unioviedo.es\/mastersiac\/index.php\/wp-json\/wp\/v2\/pages\/163\/revisions\/1277"}],"wp:featuredmedia":[{"embeddable":true,"href":"https:\/\/www.unioviedo.es\/mastersiac\/index.php\/wp-json\/wp\/v2\/media\/164"}],"wp:attachment":[{"href":"https:\/\/www.unioviedo.es\/mastersiac\/index.php\/wp-json\/wp\/v2\/media?parent=163"}],"curies":[{"name":"wp","href":"https:\/\/api.w.org\/{rel}","templated":true}]}}