{"id":199,"date":"2023-12-13T13:41:10","date_gmt":"2023-12-13T12:41:10","guid":{"rendered":"https:\/\/www.unioviedo.es\/negocia2\/?page_id=199"},"modified":"2025-06-02T14:03:49","modified_gmt":"2025-06-02T12:03:49","slug":"emma-rodriguez-rodriguez","status":"publish","type":"page","link":"https:\/\/www.unioviedo.es\/negocia2\/index.php\/emma-rodriguez-rodriguez\/","title":{"rendered":"Emma Rodr\u00edguez Rodr\u00edguez"},"content":{"rendered":"\n<p><strong>Profesora Titular de Universidad de Derecho del Trabajo y de la Seguridad Social. Universidad de Vigo<\/strong><\/p>\n\n\n\n<figure class=\"wp-block-image size-large is-resized\"><img loading=\"lazy\" decoding=\"async\" width=\"768\" height=\"1024\" src=\"https:\/\/www.unioviedo.es\/negocia2\/wp-content\/uploads\/2024\/01\/emma-768x1024.jpg\" alt=\"\" class=\"wp-image-259\" style=\"width:344px;height:auto\" srcset=\"https:\/\/www.unioviedo.es\/negocia2\/wp-content\/uploads\/2024\/01\/emma-768x1024.jpg 768w, https:\/\/www.unioviedo.es\/negocia2\/wp-content\/uploads\/2024\/01\/emma-225x300.jpg 225w, https:\/\/www.unioviedo.es\/negocia2\/wp-content\/uploads\/2024\/01\/emma-1152x1536.jpg 1152w, https:\/\/www.unioviedo.es\/negocia2\/wp-content\/uploads\/2024\/01\/emma-1536x2048.jpg 1536w, https:\/\/www.unioviedo.es\/negocia2\/wp-content\/uploads\/2024\/01\/emma-scaled.jpg 1920w\" sizes=\"auto, (max-width: 767px) 89vw, (max-width: 1000px) 54vw, (max-width: 1071px) 543px, 580px\" \/><\/figure>\n\n\n\n<p>Profesora Titular de Derecho del Trabajo y la Seguridad Social de la Universidad de Vigo, acreditada como Catedr\u00e1tica por la ANECA. Reconocidos tres tramos de investigaci\u00f3n \u2013sexenios- y cuatro de docencia \u2013quinquenios- y seis trienios de antig\u00fcedad y 8 tramos de excelencia como docente e investigadora por la Xunta de Galicia. Becaria de investigaci\u00f3n de Derecho del Trabajo y de la Seguridad Social desde el a\u00f1o 2000 al 2004, en el que gana la plaza de profesora ayudante. Desde entonces ha desarrollado investigadora en cuatro proyectos de investigaci\u00f3n de la convocatoria del plan nacional ministerial (a\u00f1os 2003-2006, 2006-2009, 2010-2012 y 2013-2017) sobre tiempo de trabajo, discriminaci\u00f3n y edad; empleo y conciliaci\u00f3n; el papel de los mecanismos de negociaci\u00f3n y participaci\u00f3n en la gesti\u00f3n del cambio en la empresa: reformas normativas y buenas pr\u00e1cticas. Investigadora en otras acciones financiadas a nivel europeo, estatal y auton\u00f3mico -convocatorias de proyectos, redes de investigaci\u00f3n, grupos consolidados y acciones bilaterales, tanto en la Universidad de Vigo, como en la Universidad de Castilla-La Mancha. Entre otros, tres M\u00f3dulos Europeos Jean Monnet. Autora de dos monograf\u00edas de autor\u00eda exclusiva y de otra en coautor\u00eda con otras tres personas, todas ellas sobre tem\u00e1tica jur\u00eddico-laboral y de Seguridad Social. Coautor de dos manuales de Casos pr\u00e1cticos de Derecho del Trabajo y de la Seguridad Social y de cuatro estudios sobre la docencia de grado, postgrado y doctorado en el nuevo Especio Europeo de Educaci\u00f3n Superior. Autora de m\u00e1s de cuarenta art\u00edculos en revistas especializadas y de m\u00e1s de treinta cap\u00edtulos de libro. Coordinadora desde hace cinco a\u00f1os del M\u00e1ster Interuniversitario en Gesti\u00f3n y Direcci\u00f3n Laboral. Secretaria de Facultad por dos per\u00edodos anteriores y simult\u00e1neamente, Secretaria de la Comisi\u00f3n de Doctorado. Directora del Curso de Negociaci\u00f3n colectiva e individual en las Relaciones laborales (2018; 2019; 2020); Directora, secretaria o miembro del comit\u00e9 organizador o comit\u00e9 cient\u00edfico de congresos de investigaci\u00f3n, nacionales e internacionales, cursos de formaci\u00f3n, de especialista, de muy variadas jornadas y seminarios, y miembro de comisiones de m\u00e1steres LOU y de doctorado. Mediadora en conflictos colectivos por designaci\u00f3n del Consello Galego de Relaci\u00f3ns Laborais. Profesora visitante en la Universidad de Castilla-La Mancha durante dos cursos acad\u00e9micos. Ponente invitada en diversos congresos internacionales, europeos y espa\u00f1oles, y en un gran n\u00famero de seminarios y cursos. Miembro de equipos de actividades de I+D y de transferencia de conocimiento \u2013contratos e informes, en especial sobre igualdad de g\u00e9nero y la ayuda a la prestaci\u00f3n de la dependencia-. Miembro de tribunales evaluadores de tesis doctorales, nacionales y extranjeras (Portugal). Profesora invitada en varios M\u00e1ster de universidades extranjeras \u2013Italia y Portugal- y profesora ERASMUS en Italia, Universidad de M\u00f3dena, 2015; beca IACOBUS con 15 d\u00edas de duraci\u00f3n de estancia y docencia en M\u00e1ster en Faculdade de Direito-Escola do Porto\/ Porto Faculty of Law, Universidade Cat\u00f3lica Portuguesa, 2018 (Portugal). Estancias de investigaci\u00f3n de m\u00e1s de un mes de duraci\u00f3n: COMPTRASEC, de l\u00b4Universit\u00e9 Montesquiieu Bordeaux IV, 2004, (Francia); Sosiologisk Institutt, Universitetet i Bergen, 2008, (Noruega); School of Law, King\u00b4s College London, 2010, (Reino Unido); School of Law, University of Kingston, London, 2017, (Reino Unido).<\/p>\n\n\n\n<p>Desde enero de 2022 hasta septiembre de 2023, en Comisi\u00f3n de Servicios como Vocal Asesora de la Secretar\u00eda de Estado de Empleo del Ministerio de Trabajo y Econom\u00eda Social.<\/p>\n\n\n\n<p>Perfil de Emma Rodr\u00edguez Rodr\u00edguez en la <a href=\"https:\/\/www.uvigo.gal\/es\/universidad\/administracion-personal\/pdi\/emma-rodriguez-rodriguez\">Universidad de Vigo<\/a>.<\/p>\n","protected":false},"excerpt":{"rendered":"<p>Profesora Titular de Universidad de Derecho del Trabajo y de la Seguridad Social. Universidad de Vigo Profesora Titular de Derecho del Trabajo y la Seguridad Social de la Universidad de Vigo, acreditada como Catedr\u00e1tica por la ANECA. Reconocidos tres tramos de investigaci\u00f3n \u2013sexenios- y cuatro de docencia \u2013quinquenios- y seis trienios de antig\u00fcedad y 8 &hellip; <\/p>\n<p class=\"link-more\"><a href=\"https:\/\/www.unioviedo.es\/negocia2\/index.php\/emma-rodriguez-rodriguez\/\" class=\"more-link\">Continuar leyendo<span class=\"screen-reader-text\"> \u00abEmma Rodr\u00edguez Rodr\u00edguez\u00bb<\/span><\/a><\/p>\n","protected":false},"author":1,"featured_media":0,"parent":0,"menu_order":0,"comment_status":"closed","ping_status":"closed","template":"","meta":{"footnotes":""},"class_list":["post-199","page","type-page","status-publish","hentry"],"_links":{"self":[{"href":"https:\/\/www.unioviedo.es\/negocia2\/index.php\/wp-json\/wp\/v2\/pages\/199","targetHints":{"allow":["GET"]}}],"collection":[{"href":"https:\/\/www.unioviedo.es\/negocia2\/index.php\/wp-json\/wp\/v2\/pages"}],"about":[{"href":"https:\/\/www.unioviedo.es\/negocia2\/index.php\/wp-json\/wp\/v2\/types\/page"}],"author":[{"embeddable":true,"href":"https:\/\/www.unioviedo.es\/negocia2\/index.php\/wp-json\/wp\/v2\/users\/1"}],"replies":[{"embeddable":true,"href":"https:\/\/www.unioviedo.es\/negocia2\/index.php\/wp-json\/wp\/v2\/comments?post=199"}],"version-history":[{"count":8,"href":"https:\/\/www.unioviedo.es\/negocia2\/index.php\/wp-json\/wp\/v2\/pages\/199\/revisions"}],"predecessor-version":[{"id":852,"href":"https:\/\/www.unioviedo.es\/negocia2\/index.php\/wp-json\/wp\/v2\/pages\/199\/revisions\/852"}],"wp:attachment":[{"href":"https:\/\/www.unioviedo.es\/negocia2\/index.php\/wp-json\/wp\/v2\/media?parent=199"}],"curies":[{"name":"wp","href":"https:\/\/api.w.org\/{rel}","templated":true}]}}