{"id":81,"date":"2017-03-16T09:38:27","date_gmt":"2017-03-16T09:38:27","guid":{"rendered":"http:\/\/www.unioviedo.es\/percebes\/?page_id=81"},"modified":"2019-07-08T10:24:13","modified_gmt":"2019-07-08T10:24:13","slug":"members","status":"publish","type":"page","link":"https:\/\/www.unioviedo.es\/percebes\/members\/","title":{"rendered":"members"},"content":{"rendered":"<p><a href=\"http:\/\/www.uniovi.es\/inicio\/\"><img loading=\"lazy\" decoding=\"async\" class=\" wp-image-212 alignnone\" src=\"http:\/\/www.unioviedo.es\/percebes\/wp-content\/uploads\/2017\/03\/Logo-Universidad-de-Oviedo-izquierda-300x92.png\" alt=\"\" width=\"186\" height=\"57\" srcset=\"https:\/\/www.unioviedo.es\/percebes\/wp-content\/uploads\/2017\/03\/Logo-Universidad-de-Oviedo-izquierda-300x92.png 300w, https:\/\/www.unioviedo.es\/percebes\/wp-content\/uploads\/2017\/03\/Logo-Universidad-de-Oviedo-izquierda-768x235.png 768w, https:\/\/www.unioviedo.es\/percebes\/wp-content\/uploads\/2017\/03\/Logo-Universidad-de-Oviedo-izquierda-1024x314.png 1024w, https:\/\/www.unioviedo.es\/percebes\/wp-content\/uploads\/2017\/03\/Logo-Universidad-de-Oviedo-izquierda.png 1716w\" sizes=\"auto, (max-width: 186px) 100vw, 186px\" \/><\/a><\/p>\n<ul>\n<li><a href=\"https:\/\/joseluisacuna.wordpress.com\/\">Jos\u00e9 Luis Acu\u00f1a<\/a>\u00a0. Researcher, Project Coordinator<\/li>\n<li><a href=\"http:\/\/bos.uniovi.es\/personal\/pdi\/-\/asset_publisher\/0032\/content\/pdi_fernandez-gonzalez-maria-de-la-consolacion?redirect=%2Fpersonal%2Fpdi\">Consolaci\u00f3n Fern\u00e1ndez<\/a>. Researcher.<\/li>\n<li><a href=\"http:\/\/biologia.uniovi.es\/infoacademica\/pdi\/-\/asset_publisher\/0018\/content\/arrontes-junquera-julio-marcial;jsessionid=CC5A39CF18B94087EBECDE5F98319A6E?redirect=%2Finfoacademica%2Fpdi\">Julio Arrontes<\/a>. Researcher.<\/li>\n<li><a href=\"http:\/\/bos.uniovi.es\/visor\/-\/asset_publisher\/tS57\/content\/pdi_rico-ordas-juan-manuel?redirect=%2Fareas%2Fecologia\">Jos\u00e9 Manuel Rico<\/a>. Researcher.<\/li>\n<li><a href=\"https:\/\/www.researchgate.net\/profile\/Eva_Garcia-Vazquez\">Eva Garc\u00eda<\/a>. Researcher.<\/li>\n<li><a href=\"https:\/\/www.researchgate.net\/profile\/Yaisel_Borrell_Pichs\">Yaisel Borrell<\/a>. Researcher.<\/li>\n<li>Marina Parrondo. PhD student.<\/li>\n<li>Katja Juliana Geiger. PhD student.<\/li>\n<li><a href=\"http:\/\/bos.uniovi.es\/visor\/-\/asset_publisher\/tS57\/content\/pas_alvarez-sostres-jorge?redirect=%2Fareas%2Fecologia\">Jorge Alvarez Sostres<\/a>. Technician.<\/li>\n<li>Juan Rodr\u00edguez Rodr\u00edguez. Technician.<\/li>\n<li>Luc\u00eda Garc\u00eda. Researcher,\u00a0<a href=\"http:\/\/tematico.asturias.es\/dgpesca\/\">Centro de Experimentaci\u00f3n Pesquera<\/a>, Government of the Principality of Asturias.<\/li>\n<li>Mar\u00eda del Pino Fern\u00e1ndez. Researcher,\u00a0<a href=\"http:\/\/tematico.asturias.es\/dgpesca\/\">Centro de Experimentaci\u00f3n Pesquera<\/a>, Government of the Principality of Asturias.<\/li>\n<li><a href=\"https:\/\/www.researchgate.net\/profile\/Antonella_Rivera\">Antonella Rivera<\/a>.\u00a0Researcher, <a href=\"http:\/\/www.uc.cl\/\">Pontificia Universidad Cat\u00f3lica de Chile<\/a>.<\/li>\n<\/ul>\n<p><a href=\"https:\/\/uvigo.gal\/\"><img loading=\"lazy\" decoding=\"async\" class=\" wp-image-217 alignnone\" src=\"http:\/\/www.unioviedo.es\/percebes\/wp-content\/uploads\/2017\/03\/LogoUniversidade-300x50.png\" alt=\"\" width=\"204\" height=\"34\" srcset=\"https:\/\/www.unioviedo.es\/percebes\/wp-content\/uploads\/2017\/03\/LogoUniversidade-300x50.png 300w, https:\/\/www.unioviedo.es\/percebes\/wp-content\/uploads\/2017\/03\/LogoUniversidade-768x128.png 768w, https:\/\/www.unioviedo.es\/percebes\/wp-content\/uploads\/2017\/03\/LogoUniversidade-1024x171.png 1024w\" sizes=\"auto, (max-width: 204px) 100vw, 204px\" \/><\/a><\/p>\n<ul>\n<li>Elsa V\u00e1zquez. Researcher, Principal Investigator.<\/li>\n<li>Gonzalo Macho. Researcher.<\/li>\n<li>Elena Ojea. Researcher.<\/li>\n<li>Alba Agui\u00f3n. PhD. Student.<\/li>\n<\/ul>\n<p><a href=\"http:\/\/www.uevora.pt\/\"><img loading=\"lazy\" decoding=\"async\" class=\" wp-image-216 alignleft\" src=\"http:\/\/www.unioviedo.es\/percebes\/wp-content\/uploads\/2017\/03\/logotipouevora.jpg\" alt=\"\" width=\"191\" height=\"60\" \/><\/a><\/p>\n<p>&nbsp;<\/p>\n<p>&nbsp;<\/p>\n<ul>\n<li><a href=\"http:\/\/www.uevora.pt\/pessoas\/(id)\/5006\">Teresa Cruz<\/a>. Researcher, Principal Investigator.<\/li>\n<li><a href=\"http:\/\/www.uevora.pt\/pessoas\/(id)\/25787\">Jo\u00e3o Castro<\/a>. Researcher.<\/li>\n<li><a href=\"https:\/\/www.researchgate.net\/profile\/Teresa_Silva20\">Teresa Silva. Researcher.<\/a><\/li>\n<li>Joana Fernandes. Researcher.<\/li>\n<li><a href=\"http:\/\/home.uevora.pt\/~djacinto\/CV_david\/cv.html\">David Jacinto<\/a>. Researcher.<\/li>\n<li>David Mateus (PhD student)<\/li>\n<\/ul>\n<p><a href=\"https:\/\/www.ua.pt\/\"><img loading=\"lazy\" decoding=\"async\" class=\" wp-image-221 alignleft\" src=\"http:\/\/www.unioviedo.es\/percebes\/wp-content\/uploads\/2017\/03\/LogoUaveiro-300x113.jpg\" alt=\"\" width=\"170\" height=\"64\" srcset=\"https:\/\/www.unioviedo.es\/percebes\/wp-content\/uploads\/2017\/03\/LogoUaveiro-300x113.jpg 300w, https:\/\/www.unioviedo.es\/percebes\/wp-content\/uploads\/2017\/03\/LogoUaveiro-768x288.jpg 768w, https:\/\/www.unioviedo.es\/percebes\/wp-content\/uploads\/2017\/03\/LogoUaveiro-1024x384.jpg 1024w, https:\/\/www.unioviedo.es\/percebes\/wp-content\/uploads\/2017\/03\/LogoUaveiro.jpg 1919w\" sizes=\"auto, (max-width: 170px) 100vw, 170px\" \/><\/a><\/p>\n<p>&nbsp;<\/p>\n<p>&nbsp;<\/p>\n<p>&nbsp;<\/p>\n<ul>\n<li><a href=\"http:\/\/www.cesam.ua.pt\/index.php?tabela=pessoaldetail&amp;menu=198&amp;user=63\">Jesus Dubert<\/a> (Assistant Professor, Principal Investigator)<\/li>\n<li><a href=\"http:\/\/www.cesam.ua.pt\/index.php?tabela=pessoaldetail&amp;menu=198&amp;user=47\">Henrique Queiroga<\/a> (Senior Lecturer)<\/li>\n<\/ul>\n<p><a href=\"http:\/\/www.ensta-bretagne.fr\/\"><img loading=\"lazy\" decoding=\"async\" class=\"alignnone wp-image-222\" src=\"http:\/\/www.unioviedo.es\/percebes\/wp-content\/uploads\/2017\/03\/ensta-bretagne.png\" alt=\"\" width=\"139\" height=\"47\" \/><\/a><\/p>\n<ul>\n<li><a href=\"https:\/\/www.researchgate.net\/profile\/Amandine_Nicolle\">Amandine Nicolle<\/a>.\u00a0 Researcher.<\/li>\n<\/ul>\n<p><a href=\"http:\/\/www.sb-roscoff.fr\/fr\"><img loading=\"lazy\" decoding=\"async\" class=\"alignnone wp-image-223\" src=\"http:\/\/www.unioviedo.es\/percebes\/wp-content\/uploads\/2017\/03\/SBR-QUADRI-VEC-300x88.jpg\" alt=\"\" width=\"133\" height=\"39\" srcset=\"https:\/\/www.unioviedo.es\/percebes\/wp-content\/uploads\/2017\/03\/SBR-QUADRI-VEC-300x88.jpg 300w, https:\/\/www.unioviedo.es\/percebes\/wp-content\/uploads\/2017\/03\/SBR-QUADRI-VEC-768x226.jpg 768w, https:\/\/www.unioviedo.es\/percebes\/wp-content\/uploads\/2017\/03\/SBR-QUADRI-VEC-1024x301.jpg 1024w, https:\/\/www.unioviedo.es\/percebes\/wp-content\/uploads\/2017\/03\/SBR-QUADRI-VEC.jpg 2008w\" sizes=\"auto, (max-width: 133px) 100vw, 133px\" \/><\/a><a href=\"http:\/\/www.upmc.fr\/\"><img loading=\"lazy\" decoding=\"async\" class=\"alignnone wp-image-224\" src=\"http:\/\/www.unioviedo.es\/percebes\/wp-content\/uploads\/2017\/03\/UPMC_cart-blanc-Q_7504-390-1-300x101.png\" alt=\"\" width=\"142\" height=\"48\" srcset=\"https:\/\/www.unioviedo.es\/percebes\/wp-content\/uploads\/2017\/03\/UPMC_cart-blanc-Q_7504-390-1-300x101.png 300w, https:\/\/www.unioviedo.es\/percebes\/wp-content\/uploads\/2017\/03\/UPMC_cart-blanc-Q_7504-390-1-768x259.png 768w, https:\/\/www.unioviedo.es\/percebes\/wp-content\/uploads\/2017\/03\/UPMC_cart-blanc-Q_7504-390-1-1024x345.png 1024w, https:\/\/www.unioviedo.es\/percebes\/wp-content\/uploads\/2017\/03\/UPMC_cart-blanc-Q_7504-390-1.png 1388w\" sizes=\"auto, (max-width: 142px) 100vw, 142px\" \/><\/a><\/p>\n<ul>\n<li><a href=\"http:\/\/www.sb-roscoff.fr\/en\/davoult-dominique\/205\">Dominique Davoult<\/a>.\u00a0 Researcher, Principal Investigator.<\/li>\n<li><a href=\"http:\/\/www.sb-roscoff.fr\/fr\/thiebaut-eric\/195\">Eric Thiebaut.<\/a>\u00a0 Researcher.<\/li>\n<li><a href=\"http:\/\/www.sb-roscoff.fr\/fr\/broudin-caroline\/464\">Caroline Broudin<\/a>.\u00a0 Researcher.<\/li>\n<\/ul>\n","protected":false},"excerpt":{"rendered":"<p>Jos\u00e9 Luis Acu\u00f1a\u00a0. Researcher, Project Coordinator Consolaci\u00f3n Fern\u00e1ndez. Researcher. Julio Arrontes. Researcher. Jos\u00e9 Manuel Rico. Researcher. Eva Garc\u00eda. Researcher. Yaisel Borrell. Researcher. Marina Parrondo. PhD student. Katja Juliana Geiger. PhD student. Jorge Alvarez Sostres. Technician. Juan Rodr\u00edguez Rodr\u00edguez. Technician. Luc\u00eda Garc\u00eda. Researcher,\u00a0Centro de Experimentaci\u00f3n Pesquera, Government of the Principality of Asturias. Mar\u00eda del Pino Fern\u00e1ndez.\u2026 <span class=\"read-more\"><a href=\"https:\/\/www.unioviedo.es\/percebes\/members\/\">Read More &raquo;<\/a><\/span><\/p>\n","protected":false},"author":1,"featured_media":0,"parent":0,"menu_order":0,"comment_status":"closed","ping_status":"closed","template":"","meta":{"footnotes":""},"class_list":["post-81","page","type-page","status-publish","hentry"],"_links":{"self":[{"href":"https:\/\/www.unioviedo.es\/percebes\/wp-json\/wp\/v2\/pages\/81","targetHints":{"allow":["GET"]}}],"collection":[{"href":"https:\/\/www.unioviedo.es\/percebes\/wp-json\/wp\/v2\/pages"}],"about":[{"href":"https:\/\/www.unioviedo.es\/percebes\/wp-json\/wp\/v2\/types\/page"}],"author":[{"embeddable":true,"href":"https:\/\/www.unioviedo.es\/percebes\/wp-json\/wp\/v2\/users\/1"}],"replies":[{"embeddable":true,"href":"https:\/\/www.unioviedo.es\/percebes\/wp-json\/wp\/v2\/comments?post=81"}],"version-history":[{"count":22,"href":"https:\/\/www.unioviedo.es\/percebes\/wp-json\/wp\/v2\/pages\/81\/revisions"}],"predecessor-version":[{"id":497,"href":"https:\/\/www.unioviedo.es\/percebes\/wp-json\/wp\/v2\/pages\/81\/revisions\/497"}],"wp:attachment":[{"href":"https:\/\/www.unioviedo.es\/percebes\/wp-json\/wp\/v2\/media?parent=81"}],"curies":[{"name":"wp","href":"https:\/\/api.w.org\/{rel}","templated":true}]}}