{"id":84,"date":"2017-03-16T09:44:37","date_gmt":"2017-03-16T09:44:37","guid":{"rendered":"http:\/\/www.unioviedo.es\/percebes\/?page_id=84"},"modified":"2017-04-10T16:12:53","modified_gmt":"2017-04-10T16:12:53","slug":"documents","status":"publish","type":"page","link":"https:\/\/www.unioviedo.es\/percebes\/documents\/","title":{"rendered":"documents"},"content":{"rendered":"<p>Scientific papers<\/p>\n<ul>\n<li>H\u00f6fer, J., Mu\u00f1iz, C., Weidberg, N., Garc\u00eda-Fl\u00f3rez, L.,\u00a0Acu\u00f1a, J. L. (2017)\u00a0High densities of stalked barnacle larvae (Pollicipes pollicipes) inside a\u00a0river plume. Journal of Plankton Research 39 (2): 316-329. DOI:\u00a0<a href=\"https:\/\/doi.org\/10.1093\/plankt\/fbw093\">https:\/\/doi.org\/10.1093\/plankt\/fbw093<\/a><\/li>\n<li>Rivera, A., Gelcich, S., Garc\u00eda-Fl\u00f3rez, L. Acu\u00f1a, J. L. 2017. Heterogeneous management and conservation perceptions within the gooseneck barnacle co-management system in Asturias (N. Spain). Marine Policy 81: 229-235. DOI:\u00a0<a href=\"http:\/\/doi.org\/10.1016\/j.marpol.2017.03.020\">http:\/\/doi.org\/10.1016\/j.marpol.2017.03.020<\/a><\/li>\n<\/ul>\n<p>&nbsp;<\/p>\n<p>Reports<\/p>\n","protected":false},"excerpt":{"rendered":"<p>Scientific papers H\u00f6fer, J., Mu\u00f1iz, C., Weidberg, N., Garc\u00eda-Fl\u00f3rez, L.,\u00a0Acu\u00f1a, J. L. (2017)\u00a0High densities of stalked barnacle larvae (Pollicipes pollicipes) inside a\u00a0river plume. Journal of Plankton Research 39 (2): 316-329. DOI:\u00a0https:\/\/doi.org\/10.1093\/plankt\/fbw093 Rivera, A., Gelcich, S., Garc\u00eda-Fl\u00f3rez, L. Acu\u00f1a, J. L. 2017. Heterogeneous management and conservation perceptions within the gooseneck barnacle co-management system in Asturias (N.\u2026 <span class=\"read-more\"><a href=\"https:\/\/www.unioviedo.es\/percebes\/documents\/\">Read More &raquo;<\/a><\/span><\/p>\n","protected":false},"author":1,"featured_media":0,"parent":0,"menu_order":0,"comment_status":"closed","ping_status":"closed","template":"","meta":{"footnotes":""},"class_list":["post-84","page","type-page","status-publish","hentry"],"_links":{"self":[{"href":"https:\/\/www.unioviedo.es\/percebes\/wp-json\/wp\/v2\/pages\/84","targetHints":{"allow":["GET"]}}],"collection":[{"href":"https:\/\/www.unioviedo.es\/percebes\/wp-json\/wp\/v2\/pages"}],"about":[{"href":"https:\/\/www.unioviedo.es\/percebes\/wp-json\/wp\/v2\/types\/page"}],"author":[{"embeddable":true,"href":"https:\/\/www.unioviedo.es\/percebes\/wp-json\/wp\/v2\/users\/1"}],"replies":[{"embeddable":true,"href":"https:\/\/www.unioviedo.es\/percebes\/wp-json\/wp\/v2\/comments?post=84"}],"version-history":[{"count":5,"href":"https:\/\/www.unioviedo.es\/percebes\/wp-json\/wp\/v2\/pages\/84\/revisions"}],"predecessor-version":[{"id":306,"href":"https:\/\/www.unioviedo.es\/percebes\/wp-json\/wp\/v2\/pages\/84\/revisions\/306"}],"wp:attachment":[{"href":"https:\/\/www.unioviedo.es\/percebes\/wp-json\/wp\/v2\/media?parent=84"}],"curies":[{"name":"wp","href":"https:\/\/api.w.org\/{rel}","templated":true}]}}