{"id":180,"date":"2018-02-27T18:02:50","date_gmt":"2018-02-27T18:02:50","guid":{"rendered":"https:\/\/www.unioviedo.es\/poloalimentario\/pawp\/?page_id=180"},"modified":"2018-03-15T15:43:58","modified_gmt":"2018-03-15T15:43:58","slug":"formacion-de-grado","status":"publish","type":"page","link":"https:\/\/www.unioviedo.es\/poloalimentario\/formacion-de-grado\/","title":{"rendered":"Formaci\u00f3n de Grado"},"content":{"rendered":"<ul>\n<li><a href=\"https:\/\/quimica.uniovi.es\/infoacademica\/horarios\/gradoiq\">Grado en Ingenier\u00eda Qu\u00edmica<\/a><\/li>\n<li>Grado en Biotecnolog\u00eda<\/li>\n<li>Grado en Biolog\u00eda<\/li>\n<li>Grado en Qu\u00edmica<\/li>\n<\/ul>\n","protected":false},"excerpt":{"rendered":"<p>Grado en Ingenier\u00eda Qu\u00edmica Grado en Biotecnolog\u00eda Grado en Biolog\u00eda Grado en Qu\u00edmica<\/p>\n","protected":false},"author":1,"featured_media":118,"parent":0,"menu_order":0,"comment_status":"closed","ping_status":"closed","template":"","meta":{"footnotes":""},"class_list":["post-180","page","type-page","status-publish","has-post-thumbnail"],"_links":{"self":[{"href":"https:\/\/www.unioviedo.es\/poloalimentario\/wp-json\/wp\/v2\/pages\/180","targetHints":{"allow":["GET"]}}],"collection":[{"href":"https:\/\/www.unioviedo.es\/poloalimentario\/wp-json\/wp\/v2\/pages"}],"about":[{"href":"https:\/\/www.unioviedo.es\/poloalimentario\/wp-json\/wp\/v2\/types\/page"}],"author":[{"embeddable":true,"href":"https:\/\/www.unioviedo.es\/poloalimentario\/wp-json\/wp\/v2\/users\/1"}],"replies":[{"embeddable":true,"href":"https:\/\/www.unioviedo.es\/poloalimentario\/wp-json\/wp\/v2\/comments?post=180"}],"version-history":[{"count":4,"href":"https:\/\/www.unioviedo.es\/poloalimentario\/wp-json\/wp\/v2\/pages\/180\/revisions"}],"predecessor-version":[{"id":224,"href":"https:\/\/www.unioviedo.es\/poloalimentario\/wp-json\/wp\/v2\/pages\/180\/revisions\/224"}],"wp:featuredmedia":[{"embeddable":true,"href":"https:\/\/www.unioviedo.es\/poloalimentario\/wp-json\/wp\/v2\/media\/118"}],"wp:attachment":[{"href":"https:\/\/www.unioviedo.es\/poloalimentario\/wp-json\/wp\/v2\/media?parent=180"}],"curies":[{"name":"wp","href":"https:\/\/api.w.org\/{rel}","templated":true}]}}