{"id":48,"date":"2018-02-19T16:47:29","date_gmt":"2018-02-19T16:47:29","guid":{"rendered":"https:\/\/www.unioviedo.es\/poloalimentario\/pawp\/?page_id=48"},"modified":"2018-02-28T17:02:15","modified_gmt":"2018-02-28T17:02:15","slug":"presentacion","status":"publish","type":"page","link":"https:\/\/www.unioviedo.es\/poloalimentario\/quienes-somos\/presentacion\/","title":{"rendered":"Presentaci\u00f3n"},"content":{"rendered":"<p class=\"western\" align=\"justify\"><span style=\"font-family: Arial, serif;\">La evoluci\u00f3n de los diversos sectores industriales de una comunidad es fruto de muchos y diferentes aspectos, incluso coincidencias. En ocasiones son determinadas materias primas, situaci\u00f3n geogr\u00e1fica o social, tambi\u00e9n empresas tractoras o incluso personas bien identificadas, pero tambi\u00e9n resultan muy importantes las contribuciones de las universidades, centros de investigaci\u00f3n y organismos de apoyo. La difusi\u00f3n de las actividades, del conocimiento, de c\u00f3mo participan los diferentes actores, los objetivos, incluso las limitaciones, resultan algunas de esas actividades de promoci\u00f3n que deben llevarse a cabo. El Polo Alimentario pretende aportar una peque\u00f1a contribuci\u00f3n en esta direcci\u00f3n.<\/span><\/p>\n","protected":false},"excerpt":{"rendered":"<p>La evoluci\u00f3n de los diversos sectores industriales de una comunidad es fruto de muchos y diferentes aspectos, incluso coincidencias. En ocasiones son determinadas materias primas, situaci\u00f3n geogr\u00e1fica o social, tambi\u00e9n empresas tractoras o incluso personas bien identificadas, pero tambi\u00e9n resultan muy importantes las contribuciones de las universidades, centros de investigaci\u00f3n y organismos de apoyo. La [&hellip;]<\/p>\n","protected":false},"author":1,"featured_media":17,"parent":200,"menu_order":0,"comment_status":"closed","ping_status":"closed","template":"","meta":{"footnotes":""},"class_list":["post-48","page","type-page","status-publish","has-post-thumbnail"],"_links":{"self":[{"href":"https:\/\/www.unioviedo.es\/poloalimentario\/wp-json\/wp\/v2\/pages\/48","targetHints":{"allow":["GET"]}}],"collection":[{"href":"https:\/\/www.unioviedo.es\/poloalimentario\/wp-json\/wp\/v2\/pages"}],"about":[{"href":"https:\/\/www.unioviedo.es\/poloalimentario\/wp-json\/wp\/v2\/types\/page"}],"author":[{"embeddable":true,"href":"https:\/\/www.unioviedo.es\/poloalimentario\/wp-json\/wp\/v2\/users\/1"}],"replies":[{"embeddable":true,"href":"https:\/\/www.unioviedo.es\/poloalimentario\/wp-json\/wp\/v2\/comments?post=48"}],"version-history":[{"count":1,"href":"https:\/\/www.unioviedo.es\/poloalimentario\/wp-json\/wp\/v2\/pages\/48\/revisions"}],"predecessor-version":[{"id":49,"href":"https:\/\/www.unioviedo.es\/poloalimentario\/wp-json\/wp\/v2\/pages\/48\/revisions\/49"}],"up":[{"embeddable":true,"href":"https:\/\/www.unioviedo.es\/poloalimentario\/wp-json\/wp\/v2\/pages\/200"}],"wp:featuredmedia":[{"embeddable":true,"href":"https:\/\/www.unioviedo.es\/poloalimentario\/wp-json\/wp\/v2\/media\/17"}],"wp:attachment":[{"href":"https:\/\/www.unioviedo.es\/poloalimentario\/wp-json\/wp\/v2\/media?parent=48"}],"curies":[{"name":"wp","href":"https:\/\/api.w.org\/{rel}","templated":true}]}}