{"id":1042,"date":"2018-01-13T12:00:36","date_gmt":"2018-01-13T11:00:36","guid":{"rendered":"http:\/\/www.unioviedo.es\/promebi\/?page_id=1042"},"modified":"2021-10-05T18:44:56","modified_gmt":"2021-10-05T16:44:56","slug":"tejero-perez-aroa","status":"publish","type":"page","link":"https:\/\/www.unioviedo.es\/promebi\/equipo\/investigadores\/tejero-perez-aroa\/","title":{"rendered":"Aroa Tejero (Secretaria de Gesti\u00f3n)"},"content":{"rendered":"<p><a href=\"http:\/\/www.unioviedo.es\/promebi\/wp-content\/uploads\/2020\/09\/IMG_20200225_102839_2.jpg\"><img loading=\"lazy\" decoding=\"async\" class=\"alignleft wp-image-2139 size-medium\" src=\"http:\/\/www.unioviedo.es\/promebi\/wp-content\/uploads\/2020\/09\/IMG_20200225_102839_2-293x300.jpg\" alt=\"\" width=\"293\" height=\"300\" srcset=\"https:\/\/www.unioviedo.es\/promebi\/wp-content\/uploads\/2020\/09\/IMG_20200225_102839_2-293x300.jpg 293w, https:\/\/www.unioviedo.es\/promebi\/wp-content\/uploads\/2020\/09\/IMG_20200225_102839_2-768x785.jpg 768w, https:\/\/www.unioviedo.es\/promebi\/wp-content\/uploads\/2020\/09\/IMG_20200225_102839_2-1001x1024.jpg 1001w, https:\/\/www.unioviedo.es\/promebi\/wp-content\/uploads\/2020\/09\/IMG_20200225_102839_2.jpg 1901w\" sizes=\"auto, (max-width: 293px) 100vw, 293px\" \/><\/a><\/p>\n<p><strong>Categor\u00eda:<\/strong> Profesora Ayudante Doctora<span class=\"org\"><br \/>\n<\/span><strong>Departamento:<\/strong> SOCIOLOG\u00cdA<span class=\"org\"><br \/>\n<\/span><span class=\"org\"><strong>\u00c1rea:<\/strong> SOCIOLOG\u00cdA<br \/>\n<\/span><strong>Tel\u00e9fono:<\/strong> 985105044<br \/>\n<span class=\"org\"><strong>Despacho<\/strong>: n\u00ba6, Ala 3<br \/>\n<\/span><strong>Correo<\/strong>: <a class=\"email\" href=\"mailto:tejeroaroa@uniovi.es\">tejeroaroa@uniovi.es<\/a><\/p>\n<div class=\"areasInteres\">\n<p><strong>M\u00e1s informaci\u00f3n en el siguiente enlace:<\/strong><\/p>\n<p><a href=\"https:\/\/www.researchgate.net\/profile\/Aroa_Tejero\">Researchgate<\/a><\/p>\n<p>&nbsp;<\/p>\n<h3>&nbsp;\u00c1reas de inter\u00e9s:<\/h3>\n<\/div>\n<ul>\n<li>Sociolog\u00eda&nbsp;Econ\u00f3mica<\/li>\n<li>Pobreza y Desigualdad<\/li>\n<li>Mercado de trabajo<\/li>\n<li>Pol\u00edticas P\u00fablicas<\/li>\n<li>Sociolog\u00eda de G\u00e9nero<\/li>\n<\/ul>\n<h3 class=\"areasInteres\">Short Bio<\/h3>\n<p>Aroa Tejero is Research Assistant at the Department of Sociology of the University of Oviedo. She has a degree in Sociology from University of Salamanca and a PhD from the University of Oviedo, defended on December 2014. Her dissertation was titled \u201cIn-work poverty dynamics\u201d, mainly focused on the longitudinal analysis of the relationship between poverty and employment in Spain.<\/p>\n<p>Her main research interests include economic sociology, youth employment, and inequality and poverty quantitative analysis. She has been involved in two European projects: Reconciling Work and Welfare in Europe (RECWOWE, FP6) and Strategic Transitions for Youth Labour in Europe (STYLE, FP7).<\/p>\n<h3>Publicaciones<\/h3>\n<p>Doblyt\u0117, S. and Tejero, A. (2021): What, where, and how: drivers of welfare attitudes toward work-family reconciliation policies in South European societies.&nbsp;<em>European Societies, <\/em>23(1): 1-22.&nbsp;DOI:&nbsp;<a href=\"https:\/\/doi.org\/10.1080\/14616696.2020.1746821\">1080\/14616696.2020.1746821<\/a><\/p>\n<p>Guti\u00e9rrez, R., L\u00f3pez Rodr\u00edguez, F., Rodr\u00edguez, V., &amp; Tejero, A. (2020): La protecci\u00f3n ocupacional de viejos riesgos sociales en Espa\u00f1a: pensiones y atenci\u00f3n sanitaria.&nbsp;<i>Revista Espa\u00f1ola De Sociolog\u00eda<\/i>,&nbsp;29(2). DOI: https:\/\/doi.org\/10.22325\/fes\/res.2020.19<\/p>\n<p>Tejero, A. (2018): \u00ab<a href=\"http:\/\/revintsociologia.revistas.csic.es\/index.php\/revintsociologia\/article\/view\/847\/1073\">Pobreza laboral en Espa\u00f1a: Un an\u00e1lisis din\u00e1mico<\/a>\u00ab,&nbsp;<em>Revista Internacional de Sociolog\u00eda<\/em>, 76 (2): e096. DOI:&nbsp;https:\/\/doi.org\/10.3989\/ris.2018.76.2.16.54<\/p>\n<p>Tejero, A. (2017): \u201c<a href=\"http:\/\/www.reis.cis.es\/REIS\/PDF\/REIS_157_081483964990189.pdf\">Permanencia en la pobreza laboral<\/a>\u201d, <em>Revista Espa\u00f1ola de Investigaciones Sociol\u00f3gicas<\/em>, 147: 141-162. DOI:&nbsp;doi:10.5477\/cis\/reis.157.141<\/p>\n<p>Gonz\u00e1lez-Men\u00e9ndez, M., Cueto, B. &amp; Tejero, A. (2016): \u201cVET system, reforms and challenges in Spain: the renewed two-pronged approach\u201d, <em>Zarz\u0105dzanie Zasobami Ludzkimi &#8211; Human Resource Management<\/em>, 6(113)\/16: 11-25.<\/p>\n<p>Tejero, A. (2014):&nbsp;<em><a href=\"http:\/\/digibuo.uniovi.es\/dspace\/handle\/10651\/30787\">Din\u00e1mica en la pobreza de ocupados<\/a><\/em> (tesis doctoral). Universidad de Oviedo, Oviedo.<\/p>\n<p>Guti\u00e9rrez, R., Ib\u00e1\u00f1ez, M. &amp; Tejero, A. (2011).\u201dMobility and Persistence of In-Work Poverty\u201d. &nbsp;In: Fraser, N., Guti\u00e9rrez, R. and Pe\u00f1as-Casas, R. (eds.): <em>Working Poverty in Europe<\/em>. Basingstoke-UK, Palgrave-Macmillan, 175-201.<\/p>\n","protected":false},"excerpt":{"rendered":"<p>Categor\u00eda: Profesora Ayudante Doctora Departamento: SOCIOLOG\u00cdA \u00c1rea: SOCIOLOG\u00cdA Tel\u00e9fono: 985105044 Despacho: n\u00ba6, Ala 3 Correo: tejeroaroa@uniovi.es M\u00e1s informaci\u00f3n en el siguiente enlace: Researchgate &nbsp; &nbsp;\u00c1reas de inter\u00e9s: Sociolog\u00eda&nbsp;Econ\u00f3mica Pobreza y Desigualdad Mercado de trabajo Pol\u00edticas P\u00fablicas Sociolog\u00eda de G\u00e9nero Short Bio Aroa Tejero is Research Assistant at the Department of Sociology of the University of [&hellip;]<\/p>\n","protected":false},"author":4,"featured_media":2139,"parent":88,"menu_order":0,"comment_status":"closed","ping_status":"closed","template":"","meta":{"_genesis_hide_title":false,"_genesis_hide_breadcrumbs":false,"_genesis_hide_singular_image":false,"_genesis_hide_footer_widgets":false,"_genesis_custom_body_class":"","_genesis_custom_post_class":"","_genesis_layout":"","footnotes":""},"class_list":{"0":"post-1042","1":"page","2":"type-page","3":"status-publish","4":"has-post-thumbnail","6":"entry","7":"gs-1","8":"gs-odd","9":"gs-even","10":"gs-featured-content-entry"},"_links":{"self":[{"href":"https:\/\/www.unioviedo.es\/promebi\/wp-json\/wp\/v2\/pages\/1042","targetHints":{"allow":["GET"]}}],"collection":[{"href":"https:\/\/www.unioviedo.es\/promebi\/wp-json\/wp\/v2\/pages"}],"about":[{"href":"https:\/\/www.unioviedo.es\/promebi\/wp-json\/wp\/v2\/types\/page"}],"author":[{"embeddable":true,"href":"https:\/\/www.unioviedo.es\/promebi\/wp-json\/wp\/v2\/users\/4"}],"replies":[{"embeddable":true,"href":"https:\/\/www.unioviedo.es\/promebi\/wp-json\/wp\/v2\/comments?post=1042"}],"version-history":[{"count":20,"href":"https:\/\/www.unioviedo.es\/promebi\/wp-json\/wp\/v2\/pages\/1042\/revisions"}],"predecessor-version":[{"id":2249,"href":"https:\/\/www.unioviedo.es\/promebi\/wp-json\/wp\/v2\/pages\/1042\/revisions\/2249"}],"up":[{"embeddable":true,"href":"https:\/\/www.unioviedo.es\/promebi\/wp-json\/wp\/v2\/pages\/88"}],"wp:featuredmedia":[{"embeddable":true,"href":"https:\/\/www.unioviedo.es\/promebi\/wp-json\/wp\/v2\/media\/2139"}],"wp:attachment":[{"href":"https:\/\/www.unioviedo.es\/promebi\/wp-json\/wp\/v2\/media?parent=1042"}],"curies":[{"name":"wp","href":"https:\/\/api.w.org\/{rel}","templated":true}]}}

Aroa Tejero (Secretaria de Gestión)

<p><a href="http://www.unioviedo.es/promebi/wp-content/uploads/2020/09/IMG_20200225_102839_2.jpg"><img loading="lazy" decoding="async" class="alignleft wp-image-2139 size-medium" src="http://www.unioviedo.es/promebi/wp-content/uploads/2020/09/IMG_20200225_102839_2-293x300.jpg" alt="" width="293" height="300" srcset="https://www.unioviedo.es/promebi/wp-content/uploads/2020/09/IMG_20200225_102839_2-293x300.jpg 293w, https://www.unioviedo.es/promebi/wp-content/uploads/2020/09/IMG_20200225_102839_2-768x785.jpg 768w, https://www.unioviedo.es/promebi/wp-content/uploads/2020/09/IMG_20200225_102839_2-1001x1024.jpg 1001w, https://www.unioviedo.es/promebi/wp-content/uploads/2020/09/IMG_20200225_102839_2.jpg 1901w" sizes="auto, (max-width: 293px) 100vw, 293px" /></a></p>
<p><strong>Categoría:</strong> Profesora Ayudante Doctora<span class="org"><br />
</span><strong>Departamento:</strong> SOCIOLOGÍA<span class="org"><br />
</span><span class="org"><strong>Área:</strong> SOCIOLOGÍA<br />
</span><strong>Teléfono:</strong> 985105044<br />
<span class="org"><strong>Despacho</strong>: nº6, Ala 3<br />
</span><strong>Correo</strong>: <a class="email" href="mailto:tejeroaroa@uniovi.es">tejeroaroa@uniovi.es</a></p>
<div class="areasInteres">
<p><strong>Más información en el siguiente enlace:</strong></p>
<p><a href="https://www.researchgate.net/profile/Aroa_Tejero">Researchgate</a></p>
<p>&nbsp;</p>
<h3>&nbsp;Áreas de interés:</h3>
</div>
<ul>
<li>Sociología&nbsp;Económica</li>
<li>Pobreza y Desigualdad</li>
<li>Mercado de trabajo</li>
<li>Políticas Públicas</li>
<li>Sociología de Género</li>
</ul>
<h3 class="areasInteres">Short Bio</h3>
<p>Aroa Tejero is Research Assistant at the Department of Sociology of the University of Oviedo. She has a degree in Sociology from University of Salamanca and a PhD from the University of Oviedo, defended on December 2014. Her dissertation was titled “In-work poverty dynamics”, mainly focused on the longitudinal analysis of the relationship between poverty and employment in Spain.</p>
<p>Her main research interests include economic sociology, youth employment, and inequality and poverty quantitative analysis. She has been involved in two European projects: Reconciling Work and Welfare in Europe (RECWOWE, FP6) and Strategic Transitions for Youth Labour in Europe (STYLE, FP7).</p>
<h3>Publicaciones</h3>
<p>Doblytė, S. and Tejero, A. (2021): What, where, and how: drivers of welfare attitudes toward work-family reconciliation policies in South European societies.&nbsp;<em>European Societies, </em>23(1): 1-22.&nbsp;DOI:&nbsp;<a href="https://doi.org/10.1080/14616696.2020.1746821">1080/14616696.2020.1746821</a></p>
<p>Gutiérrez, R., López Rodríguez, F., Rodríguez, V., &amp; Tejero, A. (2020): La protección ocupacional de viejos riesgos sociales en España: pensiones y atención sanitaria.&nbsp;<i>Revista Española De Sociología</i>,&nbsp;29(2). DOI: https://doi.org/10.22325/fes/res.2020.19</p>
<p>Tejero, A. (2018): «<a href="http://revintsociologia.revistas.csic.es/index.php/revintsociologia/article/view/847/1073">Pobreza laboral en España: Un análisis dinámico</a>«,&nbsp;<em>Revista Internacional de Sociología</em>, 76 (2): e096. DOI:&nbsp;https://doi.org/10.3989/ris.2018.76.2.16.54</p>
<p>Tejero, A. (2017): “<a href="http://www.reis.cis.es/REIS/PDF/REIS_157_081483964990189.pdf">Permanencia en la pobreza laboral</a>”, <em>Revista Española de Investigaciones Sociológicas</em>, 147: 141-162. DOI:&nbsp;doi:10.5477/cis/reis.157.141</p>
<p>González-Menéndez, M., Cueto, B. &amp; Tejero, A. (2016): “VET system, reforms and challenges in Spain: the renewed two-pronged approach”, <em>Zarządzanie Zasobami Ludzkimi &#8211; Human Resource Management</em>, 6(113)/16: 11-25.</p>
<p>Tejero, A. (2014):&nbsp;<em><a href="http://digibuo.uniovi.es/dspace/handle/10651/30787">Dinámica en la pobreza de ocupados</a></em> (tesis doctoral). Universidad de Oviedo, Oviedo.</p>
<p>Gutiérrez, R., Ibáñez, M. &amp; Tejero, A. (2011).”Mobility and Persistence of In-Work Poverty”. &nbsp;In: Fraser, N., Gutiérrez, R. and Peñas-Casas, R. (eds.): <em>Working Poverty in Europe</em>. Basingstoke-UK, Palgrave-Macmillan, 175-201.</p>

<p>Categoría: Profesora Ayudante Doctora Departamento: SOCIOLOGÍA Área: SOCIOLOGÍA Teléfono: 985105044 Despacho: nº6, Ala 3 Correo: tejeroaroa@uniovi.es Más información en el siguiente enlace: Researchgate &nbsp; &nbsp;Áreas de interés: Sociología&nbsp;Económica Pobreza y Desigualdad Mercado de trabajo Políticas Públicas Sociología de Género Short Bio Aroa Tejero is Research Assistant at the Department of Sociology of the University of [&hellip;]</p>
