{"id":1423,"date":"2016-10-26T11:50:15","date_gmt":"2016-10-26T09:50:15","guid":{"rendered":"http:\/\/www.unioviedo.es\/promebi\/?page_id=1423"},"modified":"2018-04-18T18:47:07","modified_gmt":"2018-04-18T16:47:07","slug":"libros","status":"publish","type":"page","link":"https:\/\/www.unioviedo.es\/promebi\/publicaciones_\/libros\/","title":{"rendered":"Libros"},"content":{"rendered":"<h1 style=\"text-align: justify;\"><img loading=\"lazy\" decoding=\"async\" class=\"alignnone size-full wp-image-767\" src=\"http:\/\/www.unioviedo.es\/promebi\/wp-content\/uploads\/2016\/01\/categoria-libros-01-01.jpg\" alt=\"categoria-libros-01-01\" width=\"1562\" height=\"875\" srcset=\"https:\/\/www.unioviedo.es\/promebi\/wp-content\/uploads\/2016\/01\/categoria-libros-01-01.jpg 1562w, https:\/\/www.unioviedo.es\/promebi\/wp-content\/uploads\/2016\/01\/categoria-libros-01-01-300x168.jpg 300w, https:\/\/www.unioviedo.es\/promebi\/wp-content\/uploads\/2016\/01\/categoria-libros-01-01-768x430.jpg 768w, https:\/\/www.unioviedo.es\/promebi\/wp-content\/uploads\/2016\/01\/categoria-libros-01-01-1024x574.jpg 1024w, https:\/\/www.unioviedo.es\/promebi\/wp-content\/uploads\/2016\/01\/categoria-libros-01-01-750x420.jpg 750w\" sizes=\"auto, (max-width: 1562px) 100vw, 1562px\" \/><\/h1>\n<h1>2017<\/h1>\n<ul>\n<li>HALVORSEN, R.; HVINDEN, B.; BICKENBACH, J.; FERRI, D; &amp; GUILL\u00c9N RODR\u00cdGUEZ, A.M. eds. (2017) <em>The Changing Disability Policy System. Active Citizenship and Disability in Europe<\/em>. Volume I. Abingdon: Routledge.<\/li>\n<\/ul>\n<h1 style=\"text-align: justify;\">2016<\/h1>\n<ul>\n<li>PULIGNANO, V., K\u00d6HLER, H-D. y STEWART, P. (2016):\u00a0<em>Employment relations in an era of change<\/em>. \u00a0Bruselas: ETUI.<\/li>\n<\/ul>\n<h1 style=\"text-align: justify;\">2014<\/h1>\n<ul style=\"text-align: justify;\">\n<li>ALONSO, J. A, DURAND, J. and GUTI\u00c9RREZ, R. (2014): <em>The Future of Spanish in the United States: The language of Hispanic Communities<\/em>, Madrid, Ariel-Fundaci\u00f3n Telef\u00f3nica, 352 pp.<\/li>\n<\/ul>\n<h1 style=\"text-align: justify;\">2013<\/h1>\n<ul style=\"text-align: justify;\">\n<li>LUQUE, D. (2013): <em>Las huelgas en Espa\u00f1a, 1905-2010<\/em>, Alzira (Valencia): Germania<\/li>\n<li>PAVOLINI, E. y GUILL\u00c9N, A.M. (eds.) (2013): <em>Health Care Systems in Europe under Austerity: Institutional Reforms and Performance<\/em>. Basingstoke: Palgrave Macmillan.<\/li>\n<li>RODR\u00cdGUEZ, V., CUETO, B. y MALO, M.A. (2013): <em>Centros especiales de empleo. Trayectorias laborales de las personas con discapacidad<\/em>, Saarbr\u00fccken: Editorial Publicia.<\/li>\n<\/ul>\n<h1 style=\"text-align: justify;\">2012<\/h1>\n<ul style=\"text-align: justify;\">\n<li>BONAL, X.; D\u00cdAZ, C. y LUQUE, D. (Coord.) (2012): <em>Actas de la XVI Conferencia de Sociolog\u00eda de la Educaci\u00f3n. La educaci\u00f3n en la Sociedad Global e Informacional.<\/em> Madrid: Asociaci\u00f3n de Sociolog\u00eda de la Educaci\u00f3n.<\/li>\n<li>FAGAN, C., GONZ\u00c1LEZ MEN\u00c9NDEZ, Mar\u00eda C. y G\u00d3MEZ, S. (coord.) (2012): <em>Women on Corporate Boards and in Top Management: European Trends and Policy<\/em>. Basingstoke: Palgrave-MacMillan.<\/li>\n<li>RODR\u00cdGUEZ, V. (2012): <em>Discapacidad y mercado de trabajo tres an\u00e1lisis emp\u00edricos con la muestra continua de vidas laborales<\/em>. Madrid, Colecci\u00f3n Estudios de la Fundaci\u00f3n, FUNCAS.<\/li>\n<\/ul>\n<h1 style=\"text-align: justify;\">2011<\/h1>\n<ul style=\"text-align: justify;\">\n<li>DROBNIC, S y GUILL\u00c9N; A.M. (eds.) (2011): <em>Work-Life Balance in Europe. <\/em><em>The Role of Job Quality<\/em>. Basingstoke: Palgrave Macmillan.<\/li>\n<li>FRASER, N., GUTI\u00c9RREZ, R. and PE\u00d1A-CASAS, R. (eds.) (2011): <em>Working Poverty in Europe. A Comparative Approach<\/em>. Basingstoke-UK: Palgrave-Macmillan, 342 pp.<\/li>\n<li>GONZ\u00c1LEZ BEGEGA, S. (2011): <em>Empresa transnacional y nuevas relaciones laborales<\/em>, Madrid: La Catarata : ver publicaci\u00f3n<\/li>\n<li>GONZ\u00c1LEZ, M., GUTI\u00c9RREZ, R y MART\u00cdNEZ LUCIO, M. (coords.) (2011): <em>Gesti\u00f3n de Recursos Humanos: Contexto y Pol\u00edtica<\/em>. Cizur Menor-Navarra: Civitas-Thomson Reuters, 424 pp.<\/li>\n<li>GUILL\u00c9N, A.M. y LE\u00d3N, M. (eds.) (2011): <em>The Spanish Welfare State in European Context<\/em><u>.<\/u> Farnham: Ashgate.<\/li>\n<\/ul>\n<h1 style=\"text-align: justify;\">2010<\/h1>\n<ul>\n<li style=\"text-align: justify;\">ALONSO, J. y GUTI\u00c9RREZ, R. (dirs.) (2010): <em>Emigraci\u00f3n y lengua. El papel del espa\u00f1ol en las migraciones internacionales<\/em>, Madrid: Ariel-Fundaci\u00f3n Telef\u00f3nica.<\/li>\n<li style=\"text-align: justify;\">K\u00d6HLER, HD y MART\u00cdN ARTILES, A (2010): <em>Manual de la Sociolog\u00eda del Trabajo y de las Relaciones Laborales<\/em>, Madrid: Ed. Delta Publicaciones (2\u00aa edici\u00f3n ampliada: 2007; 3\u00aa edici\u00f3n revisada y ampliada: 2010) (ISBN: 978-8492453-80-1)<\/li>\n<\/ul>\n","protected":false},"excerpt":{"rendered":"<p>2017 HALVORSEN, R.; HVINDEN, B.; BICKENBACH, J.; FERRI, D; &amp; GUILL\u00c9N RODR\u00cdGUEZ, A.M. eds. (2017) The Changing Disability Policy System. Active Citizenship and Disability in Europe. Volume I. Abingdon: Routledge. 2016 PULIGNANO, V., K\u00d6HLER, H-D. y STEWART, P. (2016):\u00a0Employment relations in an era of change. \u00a0Bruselas: ETUI. 2014 ALONSO, J. A, DURAND, J. and GUTI\u00c9RREZ, [&hellip;]<\/p>\n","protected":false},"author":5,"featured_media":0,"parent":1416,"menu_order":0,"comment_status":"closed","ping_status":"closed","template":"","meta":{"_genesis_hide_title":false,"_genesis_hide_breadcrumbs":false,"_genesis_hide_singular_image":false,"_genesis_hide_footer_widgets":false,"_genesis_custom_body_class":"","_genesis_custom_post_class":"","_genesis_layout":"","footnotes":""},"class_list":{"0":"post-1423","1":"page","2":"type-page","3":"status-publish","5":"entry","6":"has-post-thumbnail","7":"gs-1","8":"gs-odd","9":"gs-even","10":"gs-featured-content-entry"},"_links":{"self":[{"href":"https:\/\/www.unioviedo.es\/promebi\/wp-json\/wp\/v2\/pages\/1423","targetHints":{"allow":["GET"]}}],"collection":[{"href":"https:\/\/www.unioviedo.es\/promebi\/wp-json\/wp\/v2\/pages"}],"about":[{"href":"https:\/\/www.unioviedo.es\/promebi\/wp-json\/wp\/v2\/types\/page"}],"author":[{"embeddable":true,"href":"https:\/\/www.unioviedo.es\/promebi\/wp-json\/wp\/v2\/users\/5"}],"replies":[{"embeddable":true,"href":"https:\/\/www.unioviedo.es\/promebi\/wp-json\/wp\/v2\/comments?post=1423"}],"version-history":[{"count":6,"href":"https:\/\/www.unioviedo.es\/promebi\/wp-json\/wp\/v2\/pages\/1423\/revisions"}],"predecessor-version":[{"id":1971,"href":"https:\/\/www.unioviedo.es\/promebi\/wp-json\/wp\/v2\/pages\/1423\/revisions\/1971"}],"up":[{"embeddable":true,"href":"https:\/\/www.unioviedo.es\/promebi\/wp-json\/wp\/v2\/pages\/1416"}],"wp:attachment":[{"href":"https:\/\/www.unioviedo.es\/promebi\/wp-json\/wp\/v2\/media?parent=1423"}],"curies":[{"name":"wp","href":"https:\/\/api.w.org\/{rel}","templated":true}]}}

<h1 style="text-align: justify;"><img loading="lazy" decoding="async" class="alignnone size-full wp-image-767" src="http://www.unioviedo.es/promebi/wp-content/uploads/2016/01/categoria-libros-01-01.jpg" alt="categoria-libros-01-01" width="1562" height="875" srcset="https://www.unioviedo.es/promebi/wp-content/uploads/2016/01/categoria-libros-01-01.jpg 1562w, https://www.unioviedo.es/promebi/wp-content/uploads/2016/01/categoria-libros-01-01-300x168.jpg 300w, https://www.unioviedo.es/promebi/wp-content/uploads/2016/01/categoria-libros-01-01-768x430.jpg 768w, https://www.unioviedo.es/promebi/wp-content/uploads/2016/01/categoria-libros-01-01-1024x574.jpg 1024w, https://www.unioviedo.es/promebi/wp-content/uploads/2016/01/categoria-libros-01-01-750x420.jpg 750w" sizes="auto, (max-width: 1562px) 100vw, 1562px" /></h1>
<h1>2017</h1>
<ul>
<li>HALVORSEN, R.; HVINDEN, B.; BICKENBACH, J.; FERRI, D; &amp; GUILLÉN RODRÍGUEZ, A.M. eds. (2017) <em>The Changing Disability Policy System. Active Citizenship and Disability in Europe</em>. Volume I. Abingdon: Routledge.</li>
</ul>
<h1 style="text-align: justify;">2016</h1>
<ul>
<li>PULIGNANO, V., KÖHLER, H-D. y STEWART, P. (2016): <em>Employment relations in an era of change</em>.  Bruselas: ETUI.</li>
</ul>
<h1 style="text-align: justify;">2014</h1>
<ul style="text-align: justify;">
<li>ALONSO, J. A, DURAND, J. and GUTIÉRREZ, R. (2014): <em>The Future of Spanish in the United States: The language of Hispanic Communities</em>, Madrid, Ariel-Fundación Telefónica, 352 pp.</li>
</ul>
<h1 style="text-align: justify;">2013</h1>
<ul style="text-align: justify;">
<li>LUQUE, D. (2013): <em>Las huelgas en España, 1905-2010</em>, Alzira (Valencia): Germania</li>
<li>PAVOLINI, E. y GUILLÉN, A.M. (eds.) (2013): <em>Health Care Systems in Europe under Austerity: Institutional Reforms and Performance</em>. Basingstoke: Palgrave Macmillan.</li>
<li>RODRÍGUEZ, V., CUETO, B. y MALO, M.A. (2013): <em>Centros especiales de empleo. Trayectorias laborales de las personas con discapacidad</em>, Saarbrücken: Editorial Publicia.</li>
</ul>
<h1 style="text-align: justify;">2012</h1>
<ul style="text-align: justify;">
<li>BONAL, X.; DÍAZ, C. y LUQUE, D. (Coord.) (2012): <em>Actas de la XVI Conferencia de Sociología de la Educación. La educación en la Sociedad Global e Informacional.</em> Madrid: Asociación de Sociología de la Educación.</li>
<li>FAGAN, C., GONZÁLEZ MENÉNDEZ, María C. y GÓMEZ, S. (coord.) (2012): <em>Women on Corporate Boards and in Top Management: European Trends and Policy</em>. Basingstoke: Palgrave-MacMillan.</li>
<li>RODRÍGUEZ, V. (2012): <em>Discapacidad y mercado de trabajo tres análisis empíricos con la muestra continua de vidas laborales</em>. Madrid, Colección Estudios de la Fundación, FUNCAS.</li>
</ul>
<h1 style="text-align: justify;">2011</h1>
<ul style="text-align: justify;">
<li>DROBNIC, S y GUILLÉN; A.M. (eds.) (2011): <em>Work-Life Balance in Europe. </em><em>The Role of Job Quality</em>. Basingstoke: Palgrave Macmillan.</li>
<li>FRASER, N., GUTIÉRREZ, R. and PEÑA-CASAS, R. (eds.) (2011): <em>Working Poverty in Europe. A Comparative Approach</em>. Basingstoke-UK: Palgrave-Macmillan, 342 pp.</li>
<li>GONZÁLEZ BEGEGA, S. (2011): <em>Empresa transnacional y nuevas relaciones laborales</em>, Madrid: La Catarata : ver publicación</li>
<li>GONZÁLEZ, M., GUTIÉRREZ, R y MARTÍNEZ LUCIO, M. (coords.) (2011): <em>Gestión de Recursos Humanos: Contexto y Política</em>. Cizur Menor-Navarra: Civitas-Thomson Reuters, 424 pp.</li>
<li>GUILLÉN, A.M. y LEÓN, M. (eds.) (2011): <em>The Spanish Welfare State in European Context</em><u>.</u> Farnham: Ashgate.</li>
</ul>
<h1 style="text-align: justify;">2010</h1>
<ul>
<li style="text-align: justify;">ALONSO, J. y GUTIÉRREZ, R. (dirs.) (2010): <em>Emigración y lengua. El papel del español en las migraciones internacionales</em>, Madrid: Ariel-Fundación Telefónica.</li>
<li style="text-align: justify;">KÖHLER, HD y MARTÍN ARTILES, A (2010): <em>Manual de la Sociología del Trabajo y de las Relaciones Laborales</em>, Madrid: Ed. Delta Publicaciones (2ª edición ampliada: 2007; 3ª edición revisada y ampliada: 2010) (ISBN: 978-8492453-80-1)</li>
</ul>

<p>2017 HALVORSEN, R.; HVINDEN, B.; BICKENBACH, J.; FERRI, D; &amp; GUILLÉN RODRÍGUEZ, A.M. eds. (2017) The Changing Disability Policy System. Active Citizenship and Disability in Europe. Volume I. Abingdon: Routledge. 2016 PULIGNANO, V., KÖHLER, H-D. y STEWART, P. (2016): Employment relations in an era of change.  Bruselas: ETUI. 2014 ALONSO, J. A, DURAND, J. and GUTIÉRREZ, [&hellip;]</p>
