{"id":1430,"date":"2016-10-26T11:54:11","date_gmt":"2016-10-26T09:54:11","guid":{"rendered":"http:\/\/www.unioviedo.es\/promebi\/?page_id=1430"},"modified":"2017-09-15T12:03:59","modified_gmt":"2017-09-15T10:03:59","slug":"tesis-doctorales","status":"publish","type":"page","link":"https:\/\/www.unioviedo.es\/promebi\/publicaciones_\/tesis-doctorales\/","title":{"rendered":"Tesis doctorales"},"content":{"rendered":"<p><img loading=\"lazy\" decoding=\"async\" class=\"alignnone wp-image-789 size-full\" src=\"http:\/\/www.unioviedo.es\/promebi\/wp-content\/uploads\/2016\/01\/promebi_tesis-doctorales.jpg\" alt=\"Promebi - Tesis doctorales\" width=\"1000\" height=\"560\" srcset=\"https:\/\/www.unioviedo.es\/promebi\/wp-content\/uploads\/2016\/01\/promebi_tesis-doctorales.jpg 1000w, https:\/\/www.unioviedo.es\/promebi\/wp-content\/uploads\/2016\/01\/promebi_tesis-doctorales-300x168.jpg 300w, https:\/\/www.unioviedo.es\/promebi\/wp-content\/uploads\/2016\/01\/promebi_tesis-doctorales-768x430.jpg 768w, https:\/\/www.unioviedo.es\/promebi\/wp-content\/uploads\/2016\/01\/promebi_tesis-doctorales-750x420.jpg 750w\" sizes=\"auto, (max-width: 1000px) 100vw, 1000px\" \/><\/p>\n<ul>\n<li>Gabriel Cueto Pruneda: <strong><a href=\"https:\/\/www.educacion.gob.es\/teseo\/mostrarRef.do?ref=1473795\">\u00abEffects of job stability-fostering high-performance work practices on employee subjective well-being\u00bb<\/a>.<\/strong>\n<ul>\n<li>Directoras: Mar\u00eda C. Gonz\u00e1lez Men\u00e9ndez y Bego\u00f1a Cueto<\/li>\n<li>Fecha de lectura: 19 de julio de 2017<\/li>\n<li>Nota: Sobresaliente Cum Laude<\/li>\n<\/ul>\n<\/li>\n<\/ul>\n<ul>\n<li>Mona Aranea Guill\u00e9n: <a href=\"https:\/\/www.educacion.gob.es\/teseo\/mostrarRef.do?ref=1413519\"><strong>\u00abEuropean Employment Relations as Multi-level Power Arenas. Transnational Industrial Democracy at Arcelor Mittal and Allianz SE\u00bb.<\/strong><\/a>\n<ul>\n<li>Directores: Holm-Detlev K\u00f6hler y Sergio Gonz\u00e1lez Begega<\/li>\n<li>Fecha de lectura: 5 de mayo de 2017<\/li>\n<li>Nota: Sobresaliente Cum Laude<\/li>\n<\/ul>\n<\/li>\n<\/ul>\n<ul>\n<li>Ruckert, Yvonne: <strong>\u201cThe Global Unions in the system of global governance. The embedding of Trade Union political demands in the Breton Woods Organitations\u201d.<\/strong>\n<ul>\n<li>Director: Holm-Detlev K\u00f6hler<\/li>\n<li>Fecha de lectura: 15 de junio de 2015<\/li>\n<\/ul>\n<\/li>\n<\/ul>\n<ul>\n<li>Aroa Tejero: <a href=\"https:\/\/www.educacion.gob.es\/teseo\/mostrarRef.do?ref=1126359\"><strong>\u201cDin\u00e1mica en la pobreza de ocupados\u201d<\/strong><\/a>\n<ul>\n<li>Director: Rodolfo Guti\u00e9rrez Palacios<\/li>\n<li>Fecha de lectura: 3 de diciembre de 2014<\/li>\n<li>Nota: Sobresaliente Cum Laude<\/li>\n<\/ul>\n<\/li>\n<\/ul>\n<ul>\n<li>\u00c1ngel Alonso Dom\u00ednguez: <a href=\"https:\/\/www.educacion.gob.es\/teseo\/mostrarRef.do?ref=1040859\"><strong>\u201cTransiciones laborales de los trabajadores espa\u00f1oles: an\u00e1lisis de trayectorias a partir del concepto de flexiguridad\u201d<\/strong><\/a>\n<ul>\n<li>Director:: Holm-Detlev K\u00f6hler<\/li>\n<li>Fecha de lectura: 24 de junio de 2013<\/li>\n<\/ul>\n<\/li>\n<\/ul>\n<ul>\n<li>Vanesa Rodr\u00edguez \u00c1lvarez: <a href=\"https:\/\/www.educacion.gob.es\/teseo\/mostrarRef.do?ref=900444\"><strong>\u00abDiscapacidad y mercado de trabajo: tres an\u00e1lisis emp\u00edricos con la muestra continua de vidas laborales\u00bb<\/strong><\/a>\n<ul>\n<li>Directores: Bego\u00f1a Cueto Iglesias y Miguel \u00c1ngel Malo Oca\u00f1a<\/li>\n<li>Fecha: 17 de diciembre de 2010<\/li>\n<li>Nota: Sobresaliente Cum Laude<\/li>\n<\/ul>\n<\/li>\n<\/ul>\n<ul>\n<li>David Luque Balbona: <a href=\"https:\/\/www.educacion.gob.es\/teseo\/mostrarRef.do?ref=898560\"><strong>\u201cLas huelgas en Espa\u00f1a: intensidad, formas y determinantes\u201d<\/strong><\/a>\n<ul>\n<li>Directores: Rodolfo Guti\u00e9rrez Palacios y Holm-Detlev K\u00f6hler<\/li>\n<li>Fecha de lectura: 08 de noviembre de 2010<\/li>\n<li>Nota: Sobresaliente Cum Laude<\/li>\n<\/ul>\n<\/li>\n<\/ul>\n<p>&nbsp;<\/p>\n","protected":false},"excerpt":{"rendered":"<p>Gabriel Cueto Pruneda: \u00abEffects of job stability-fostering high-performance work practices on employee subjective well-being\u00bb. Directoras: Mar\u00eda C. Gonz\u00e1lez Men\u00e9ndez y Bego\u00f1a Cueto Fecha de lectura: 19 de julio de 2017 Nota: Sobresaliente Cum Laude Mona Aranea Guill\u00e9n: \u00abEuropean Employment Relations as Multi-level Power Arenas. Transnational Industrial Democracy at Arcelor Mittal and Allianz SE\u00bb. Directores: Holm-Detlev [&hellip;]<\/p>\n","protected":false},"author":5,"featured_media":0,"parent":1416,"menu_order":0,"comment_status":"closed","ping_status":"closed","template":"","meta":{"_genesis_hide_title":false,"_genesis_hide_breadcrumbs":false,"_genesis_hide_singular_image":false,"_genesis_hide_footer_widgets":false,"_genesis_custom_body_class":"","_genesis_custom_post_class":"","_genesis_layout":"","footnotes":""},"class_list":{"0":"post-1430","1":"page","2":"type-page","3":"status-publish","5":"entry","6":"has-post-thumbnail","7":"gs-1","8":"gs-odd","9":"gs-even","10":"gs-featured-content-entry"},"_links":{"self":[{"href":"https:\/\/www.unioviedo.es\/promebi\/wp-json\/wp\/v2\/pages\/1430","targetHints":{"allow":["GET"]}}],"collection":[{"href":"https:\/\/www.unioviedo.es\/promebi\/wp-json\/wp\/v2\/pages"}],"about":[{"href":"https:\/\/www.unioviedo.es\/promebi\/wp-json\/wp\/v2\/types\/page"}],"author":[{"embeddable":true,"href":"https:\/\/www.unioviedo.es\/promebi\/wp-json\/wp\/v2\/users\/5"}],"replies":[{"embeddable":true,"href":"https:\/\/www.unioviedo.es\/promebi\/wp-json\/wp\/v2\/comments?post=1430"}],"version-history":[{"count":6,"href":"https:\/\/www.unioviedo.es\/promebi\/wp-json\/wp\/v2\/pages\/1430\/revisions"}],"predecessor-version":[{"id":1856,"href":"https:\/\/www.unioviedo.es\/promebi\/wp-json\/wp\/v2\/pages\/1430\/revisions\/1856"}],"up":[{"embeddable":true,"href":"https:\/\/www.unioviedo.es\/promebi\/wp-json\/wp\/v2\/pages\/1416"}],"wp:attachment":[{"href":"https:\/\/www.unioviedo.es\/promebi\/wp-json\/wp\/v2\/media?parent=1430"}],"curies":[{"name":"wp","href":"https:\/\/api.w.org\/{rel}","templated":true}]}}

<p><img loading="lazy" decoding="async" class="alignnone wp-image-789 size-full" src="http://www.unioviedo.es/promebi/wp-content/uploads/2016/01/promebi_tesis-doctorales.jpg" alt="Promebi - Tesis doctorales" width="1000" height="560" srcset="https://www.unioviedo.es/promebi/wp-content/uploads/2016/01/promebi_tesis-doctorales.jpg 1000w, https://www.unioviedo.es/promebi/wp-content/uploads/2016/01/promebi_tesis-doctorales-300x168.jpg 300w, https://www.unioviedo.es/promebi/wp-content/uploads/2016/01/promebi_tesis-doctorales-768x430.jpg 768w, https://www.unioviedo.es/promebi/wp-content/uploads/2016/01/promebi_tesis-doctorales-750x420.jpg 750w" sizes="auto, (max-width: 1000px) 100vw, 1000px" /></p>
<ul>
<li>Gabriel Cueto Pruneda: <strong><a href="https://www.educacion.gob.es/teseo/mostrarRef.do?ref=1473795">«Effects of job stability-fostering high-performance work practices on employee subjective well-being»</a>.</strong>
<ul>
<li>Directoras: María C. González Menéndez y Begoña Cueto</li>
<li>Fecha de lectura: 19 de julio de 2017</li>
<li>Nota: Sobresaliente Cum Laude</li>
</ul>
</li>
</ul>
<ul>
<li>Mona Aranea Guillén: <a href="https://www.educacion.gob.es/teseo/mostrarRef.do?ref=1413519"><strong>«European Employment Relations as Multi-level Power Arenas. Transnational Industrial Democracy at Arcelor Mittal and Allianz SE».</strong></a>
<ul>
<li>Directores: Holm-Detlev Köhler y Sergio González Begega</li>
<li>Fecha de lectura: 5 de mayo de 2017</li>
<li>Nota: Sobresaliente Cum Laude</li>
</ul>
</li>
</ul>
<ul>
<li>Ruckert, Yvonne: <strong>“The Global Unions in the system of global governance. The embedding of Trade Union political demands in the Breton Woods Organitations”.</strong>
<ul>
<li>Director: Holm-Detlev Köhler</li>
<li>Fecha de lectura: 15 de junio de 2015</li>
</ul>
</li>
</ul>
<ul>
<li>Aroa Tejero: <a href="https://www.educacion.gob.es/teseo/mostrarRef.do?ref=1126359"><strong>“Dinámica en la pobreza de ocupados”</strong></a>
<ul>
<li>Director: Rodolfo Gutiérrez Palacios</li>
<li>Fecha de lectura: 3 de diciembre de 2014</li>
<li>Nota: Sobresaliente Cum Laude</li>
</ul>
</li>
</ul>
<ul>
<li>Ángel Alonso Domínguez: <a href="https://www.educacion.gob.es/teseo/mostrarRef.do?ref=1040859"><strong>“Transiciones laborales de los trabajadores españoles: análisis de trayectorias a partir del concepto de flexiguridad”</strong></a>
<ul>
<li>Director:: Holm-Detlev Köhler</li>
<li>Fecha de lectura: 24 de junio de 2013</li>
</ul>
</li>
</ul>
<ul>
<li>Vanesa Rodríguez Álvarez: <a href="https://www.educacion.gob.es/teseo/mostrarRef.do?ref=900444"><strong>«Discapacidad y mercado de trabajo: tres análisis empíricos con la muestra continua de vidas laborales»</strong></a>
<ul>
<li>Directores: Begoña Cueto Iglesias y Miguel Ángel Malo Ocaña</li>
<li>Fecha: 17 de diciembre de 2010</li>
<li>Nota: Sobresaliente Cum Laude</li>
</ul>
</li>
</ul>
<ul>
<li>David Luque Balbona: <a href="https://www.educacion.gob.es/teseo/mostrarRef.do?ref=898560"><strong>“Las huelgas en España: intensidad, formas y determinantes”</strong></a>
<ul>
<li>Directores: Rodolfo Gutiérrez Palacios y Holm-Detlev Köhler</li>
<li>Fecha de lectura: 08 de noviembre de 2010</li>
<li>Nota: Sobresaliente Cum Laude</li>
</ul>
</li>
</ul>
<p>&nbsp;</p>

<p>Gabriel Cueto Pruneda: «Effects of job stability-fostering high-performance work practices on employee subjective well-being». Directoras: María C. González Menéndez y Begoña Cueto Fecha de lectura: 19 de julio de 2017 Nota: Sobresaliente Cum Laude Mona Aranea Guillén: «European Employment Relations as Multi-level Power Arenas. Transnational Industrial Democracy at Arcelor Mittal and Allianz SE». Directores: Holm-Detlev [&hellip;]</p>
