{"id":1671,"date":"2018-01-03T12:00:00","date_gmt":"2018-01-03T11:00:00","guid":{"rendered":"http:\/\/www.unioviedo.es\/promebi\/?page_id=1671"},"modified":"2024-10-15T13:23:51","modified_gmt":"2024-10-15T11:23:51","slug":"sigita-doblyte","status":"publish","type":"page","link":"https:\/\/www.unioviedo.es\/promebi\/equipo\/investigadores\/sigita-doblyte\/","title":{"rendered":"Sigita Doblyt\u0117"},"content":{"rendered":"<p><strong><a href=\"http:\/\/www.unioviedo.es\/promebi\/wp-content\/uploads\/2021\/10\/sigi.jpg\"><img loading=\"lazy\" decoding=\"async\" class=\"alignleft wp-image-2234 size-medium\" src=\"http:\/\/www.unioviedo.es\/promebi\/wp-content\/uploads\/2021\/10\/sigi-224x300.jpg\" alt=\"\" width=\"224\" height=\"300\" srcset=\"https:\/\/www.unioviedo.es\/promebi\/wp-content\/uploads\/2021\/10\/sigi-224x300.jpg 224w, https:\/\/www.unioviedo.es\/promebi\/wp-content\/uploads\/2021\/10\/sigi-765x1024.jpg 765w, https:\/\/www.unioviedo.es\/promebi\/wp-content\/uploads\/2021\/10\/sigi-768x1028.jpg 768w, https:\/\/www.unioviedo.es\/promebi\/wp-content\/uploads\/2021\/10\/sigi.jpg 956w\" sizes=\"auto, (max-width: 224px) 100vw, 224px\" \/><\/a><\/strong><\/p>\n<p><strong>Categor\u00eda:<\/strong> Profesora Ayudante Doctora<span class=\"org\"><br \/>\n<\/span><strong>Departamento:<\/strong> <span class=\"org\">Sociolog\u00eda<br \/>\n<\/span><strong>\u00c1rea:<\/strong> Sociolog\u00eda<span class=\"org\"><br \/>\n<strong>Despacho:<\/strong> Despacho n\u00ba1, Ala 3, Planta 2\u00aa, Departamento de Sociolog\u00eda, Facultad de Econom\u00eda y Empresa<br \/>\n<\/span><strong>Correo<\/strong>: <a href=\"mailto:doblytesigita@uniovi.es\">doblytesigita@uniovi.es<\/a><a href=\"mailto:sigita.doblyte@gmail.com\">\u00a0<\/a><\/p>\n<p><strong>M\u00e1s informaci\u00f3n en el siguiente enlace:\u00a0<\/strong>\u00a0<a href=\"https:\/\/www.researchgate.net\/profile\/Sigita_Doblyte2\">ResearchGate<\/a><a href=\"https:\/\/www.researchgate.net\/profile\/Sigita_Doblyte2\">, <\/a><a href=\"https:\/\/orcid.org\/%200000-0001-6338-9664\">ORCiD<\/a><a href=\"https:\/\/www.researchgate.net\/profile\/Sigita_Doblyte2\">, <\/a><a href=\"https:\/\/www.scopus.com\/authid\/detail.uri?authorId=57192305163\">Scopus<\/a><a href=\"https:\/\/www.researchgate.net\/profile\/Sigita_Doblyte2\">, <\/a><a href=\"https:\/\/www.webofscience.com\/wos\/author\/rid\/Z-2993-2019\">WoS ResearcherID<\/a><\/p>\n<hr \/>\n<h3>Research interests<\/h3>\n<ul>\n<li>Medical sociology<\/li>\n<li>Sociological theory<\/li>\n<li>Social policy<\/li>\n<li>Mental health<\/li>\n<li>Suicide<\/li>\n<li>Health inequalities<\/li>\n<\/ul>\n<h3>Short Bio<\/h3>\n<p>Sigita is an Assistant Professor of Sociology at the University of Oviedo. Her research delves into the interplay between institutions, culture, and individual agency, and how these dynamics shape social practices and processes such as the medicalisation of social suffering or suicide. Her academic journey includes research stays at the University of Iceland, NOVA University Lisbon, and the University of Edinburgh. Her PhD thesis, titled \u201cA matter of context: Cultural and institutional influences on healthcare seeking for mental distress in Lithuania and Spain\u201d and defended in September 2021, received recognition with the Extraordinary Doctoral Award and International Mention. She also holds Bachelor\u2019s (Vilnius University, Lithuania) and Master\u2019s (Vytautas Magnus University, Lithuania) degrees in Sociology, as well as Master\u2019s degree in Research and Advances in Preventive Medicine and Public Health (University of Granada, Spain).<\/p>\n<h3>Publicaciones<\/h3>\n<p><strong>Peer-reviewed journal articles (Web of Science, Scopus)<\/strong><\/p>\n<p>Doblyt\u0117, S. and Giosa, R. (forthcoming). Why people work past retirement age: The continuity of routines, future imaginaries, and practical evaluation. <em>Journal of Occupational Science.<\/em><\/p>\n<p>Doblyt\u0117, S. and Tejero, A. (2023). Class or individual <em>habitus<\/em>? Willingness to spend more on reconciliation policies in Europe. <em>International Journal of Sociology and Social Policy <\/em>43(5\/6): 436-453. <a href=\"https:\/\/doi.org\/10.1108\/IJSSP-04-2022-0089\">https:\/\/doi.org\/10.1108\/IJSSP-04-2022-0089<\/a><\/p>\n<p>Doblyt\u0117, S. (2022). Why (not) suicide: <em>Habitus<\/em> in hysteresis and the space of possibles. <em>European Journal of Social Theory <\/em>25(4): 614-631. <a href=\"https:\/\/doi.org\/10.1177\/13684310221101468\">https:\/\/doi.org\/10.1177\/13684310221101468<\/a><\/p>\n<p>Doblyt\u0117, S. (2022). \u201cThe almighty pill and the blessed healthcare provider\u201d: Medicalisation of mental distress from an Eliasian perspective. <em>Social Theory and Health 20<\/em>(4): 363-379. <a href=\"https:\/\/doi.org\/10.1057\/s41285-021-00165-1\">https:\/\/doi.org\/10.1057\/s41285-021-00165-1<\/a><\/p>\n<p>Doblyt\u0117, S. (2022). The vicious cycle of distrust: Access, quality, and efficiency within a post-communist mental health system. <em>Social Science and Medicine<\/em> 292: 114573. <a href=\"https:\/\/doi.org\/10.1016\/j.socscimed.2021.114573\">https:\/\/doi.org\/10.1016\/j.socscimed.2021.114573<\/a><\/p>\n<p>Doblyt\u0117, S. (2021). Power dynamics of the healthcare field: seeking mental care in Lithuania. <em>Journal of Baltic Studies <\/em>52(3): 357-372. <a href=\"https:\/\/doi.org\/10.1080\/01629778.2021.1934053\">https:\/\/doi.org\/10.1080\/01629778.2021.1934053<\/a><\/p>\n<p>Doblyt\u0117, S. and Tejero, A. (2021). What, where, and how: drivers of welfare attitudes toward work-family reconciliation policies in South European societies. <em>European Societies <\/em>23(1): 1-22. <a href=\"https:\/\/doi.org\/10.1080\/14616696.2020.1746821\">https:\/\/doi.org\/10.1080\/14616696.2020.1746821<\/a><\/p>\n<p>Doblyt\u0117, S. (2020). Shame in a post-socialist society: A qualitative study of healthcare seeking and utilisation in common mental disorders. <em>Sociology of Health and Illness<\/em> 42(8): 1858-1872. <a href=\"https:\/\/doi.org\/10.1111\/1467-9566.13170\">https:\/\/doi.org\/10.1111\/1467-9566.13170<\/a><\/p>\n<p>Doblyt\u0117, S. (2020). \u201cWomen are tired and men are in pain\u201d: Gendered <em>habitus<\/em> and mental healthcare utilization in Spain. <em>Journal of Gender Studies<\/em> 29(6): 694-705. <a href=\"https:\/\/doi.org\/10.1080\/09589236.2020.1780420\">https:\/\/doi.org\/10.1080\/09589236.2020.1780420<\/a><\/p>\n<p>Doblyt\u0117, S. (2020). Under- or overtreatment of mental distress? Practices, consequences, and resistance in the field of health care. <em>Qualitative Health Research<\/em> 30(10): 1503-1516. <a href=\"https:\/\/doi.org\/10.1177\/1049732320918531\">https:\/\/doi.org\/10.1177\/1049732320918531<\/a><\/p>\n<p>Doblyt\u0117, S. and Guill\u00e9n, A.M. (2020). Access compromised? The impact of healthcare reforms under austerity in Lithuania and Spain. <em>Social Policy and Society<\/em> 19(4): 521-537. <a href=\"https:\/\/doi.org\/10.1017\/S1474746420000019\">https:\/\/doi.org\/10.1017\/S1474746420000019<\/a><\/p>\n<p>Doblyt\u0117, S., Guti\u00e9rrez, R. and Pruneda, G. (2020). La protecci\u00f3n ocupacional de nuevos riesgos sociales: conciliaci\u00f3n y formaci\u00f3n continua. <em>Revista Espa\u00f1ola de Sociolog\u00eda<\/em> 29(2): 321-341. <a href=\"https:\/\/recyt.fecyt.es\/index.php\/res\/article\/view\/71586\">https:\/\/recyt.fecyt.es\/index.php\/res\/article\/view\/71586<\/a><\/p>\n<p>Doblyt\u0117, S. (2019). Bourdieu&#8217;s theory of fields: towards understanding help-seeking practices in mental distress. <em>Social Theory and Health<\/em> 17(3): 273-290. <a href=\"https:\/\/doi.org\/10.1057\/s41285-019-00105-0\">https:\/\/doi.org\/10.1057\/s41285-019-00105-0<\/a><\/p>\n<p>Doblyte, S. and Jim\u00e9nez-Mej\u00edas, E. (2017). Understanding help-seeking behavior in depression: A qualitative synthesis of patients\u2019 experiences. <em>Qualitative Health Research<\/em> 27(1): 100-113. <a href=\"https:\/\/doi.org\/10.1177\/1049732316681282\">https:\/\/doi.org\/10.1177\/1049732316681282<\/a><\/p>\n<p><strong>Book chapters <\/strong><\/p>\n<p>Guill\u00e9n, A.M., and Doblyt\u0117, S. (2024). Spain. In G. Giarelli and M. Saks (Eds.), <em>National health services of western Europe: Challenges, reforms and future perspectives <\/em>(pp. 148-168). Routledge.<\/p>\n<p>Doblyt\u0117, S. (2022). Seekers and providers: Medicalization of circumstantial sadness and fear. In M. Elliott (Ed.), <em>Research Handbook on Society and Mental Health <\/em>(pp. 20-33). Edward Elgar Publishing.<\/p>\n<p><strong>Editorials<\/strong><\/p>\n<p>Coordination of and introduction to a special issue of Panorama Social \u201c<em>La crisis de salud mental: M\u00e1s all\u00e1 de las estad\u00edsticas<\/em>\u201d. <em>Panorama Social<\/em> 38: 5-7.<\/p>\n<p><a href=\"https:\/\/www.funcas.es\/revista\/la-crisis-de-salud-mental-mas-alla-de-las-estadisticas\/\">https:\/\/www.funcas.es\/revista\/la-crisis-de-salud-mental-mas-alla-de-las-estadisticas\/<\/a><\/p>\n<p><strong>Scientific dissemination <\/strong><\/p>\n<p>Tejero, A. and Doblyt\u0117, S. (2023). La ventaja de trabajar: Salud mental, pobreza y empleo en Espa\u00f1a. <em>Panorama Social<\/em> 38: 111-129, <a href=\"https:\/\/www.funcas.es\/revista\/la-crisis-de-salud-mental-mas-alla-de-las-estadisticas\/\">https:\/\/www.funcas.es\/revista\/la-crisis-de-salud-mental-mas-alla-de-las-estadisticas\/<\/a><\/p>\n<p>Doblyt\u0117, S. (2023). The mental health crisis in Spain: Why sociology matters. <em>Global Dialogue<\/em> GD13.2: 38-39, <a href=\"http:\/\/globaldialogue.isa-sociology.org\/\">http:\/\/globaldialogue.isa-sociology.org\/<\/a><\/p>\n<p>Doblyt\u0117, S. and Tejero, A. (2020). Support for family policies in South Europe. <em>Global Dialogue GD10.1<\/em>: 32-33, <a href=\"http:\/\/globaldialogue.isa-sociology.org\/\">http:\/\/globaldialogue.isa-sociology.org\/<\/a><\/p>\n<p><span style=\"color: initial;\">d Tejero, A. (2021). What, where, and how: drivers of welfare attitudes toward work-family reconciliation policies in South European societies. <\/span><em style=\"color: initial;\">European Societies<\/em><em style=\"color: initial;\"> 23<\/em><span style=\"color: initial;\">(1): 1-22. DOI:\u00a0<\/span><a href=\"https:\/\/doi.org\/10.1080\/14616696.2020.1746821\">1080\/14616696.2020.1746821<\/a><\/p>\n<p>Doblyt\u0117, S. (2020). Shame in a post-socialist society: A qualitative study of healthcare seeking and utilisation in common mental disorders.\u00a0<em>Sociology of Health and Illness<\/em><em> 42<\/em>(8): 1858-1872. DOI:\u00a0<a href=\"https:\/\/doi.org\/10.1111\/1467-9566.13170\">1111\/1467-9566.13170<\/a><\/p>\n<div class=\"areasInteres\"><\/div>\n<div class=\"areasInteres\"><\/div>\n<div class=\"areasInteres\"><\/div>\n<div class=\"areasInteres\"><\/div>\n<div class=\"areasInteres\"><\/div>\n","protected":false},"excerpt":{"rendered":"<p>Categor\u00eda: Profesora Ayudante Doctora Departamento: Sociolog\u00eda \u00c1rea: Sociolog\u00eda Despacho: Despacho n\u00ba1, Ala 3, Planta 2\u00aa, Departamento de Sociolog\u00eda, Facultad de Econom\u00eda y Empresa Correo: doblytesigita@uniovi.es\u00a0 M\u00e1s informaci\u00f3n en el siguiente enlace:\u00a0\u00a0ResearchGate, ORCiD, Scopus, WoS ResearcherID Research interests Medical sociology Sociological theory Social policy Mental health Suicide Health inequalities Short Bio Sigita is an Assistant Professor [&hellip;]<\/p>\n","protected":false},"author":5,"featured_media":2234,"parent":88,"menu_order":0,"comment_status":"closed","ping_status":"closed","template":"","meta":{"_genesis_hide_title":false,"_genesis_hide_breadcrumbs":false,"_genesis_hide_singular_image":false,"_genesis_hide_footer_widgets":false,"_genesis_custom_body_class":"","_genesis_custom_post_class":"","_genesis_layout":"","footnotes":""},"class_list":{"0":"post-1671","1":"page","2":"type-page","3":"status-publish","4":"has-post-thumbnail","6":"entry","7":"gs-1","8":"gs-odd","9":"gs-even","10":"gs-featured-content-entry"},"_links":{"self":[{"href":"https:\/\/www.unioviedo.es\/promebi\/wp-json\/wp\/v2\/pages\/1671","targetHints":{"allow":["GET"]}}],"collection":[{"href":"https:\/\/www.unioviedo.es\/promebi\/wp-json\/wp\/v2\/pages"}],"about":[{"href":"https:\/\/www.unioviedo.es\/promebi\/wp-json\/wp\/v2\/types\/page"}],"author":[{"embeddable":true,"href":"https:\/\/www.unioviedo.es\/promebi\/wp-json\/wp\/v2\/users\/5"}],"replies":[{"embeddable":true,"href":"https:\/\/www.unioviedo.es\/promebi\/wp-json\/wp\/v2\/comments?post=1671"}],"version-history":[{"count":17,"href":"https:\/\/www.unioviedo.es\/promebi\/wp-json\/wp\/v2\/pages\/1671\/revisions"}],"predecessor-version":[{"id":2440,"href":"https:\/\/www.unioviedo.es\/promebi\/wp-json\/wp\/v2\/pages\/1671\/revisions\/2440"}],"up":[{"embeddable":true,"href":"https:\/\/www.unioviedo.es\/promebi\/wp-json\/wp\/v2\/pages\/88"}],"wp:featuredmedia":[{"embeddable":true,"href":"https:\/\/www.unioviedo.es\/promebi\/wp-json\/wp\/v2\/media\/2234"}],"wp:attachment":[{"href":"https:\/\/www.unioviedo.es\/promebi\/wp-json\/wp\/v2\/media?parent=1671"}],"curies":[{"name":"wp","href":"https:\/\/api.w.org\/{rel}","templated":true}]}}

Sigita Doblytė

<p><strong><a href="http://www.unioviedo.es/promebi/wp-content/uploads/2021/10/sigi.jpg"><img loading="lazy" decoding="async" class="alignleft wp-image-2234 size-medium" src="http://www.unioviedo.es/promebi/wp-content/uploads/2021/10/sigi-224x300.jpg" alt="" width="224" height="300" srcset="https://www.unioviedo.es/promebi/wp-content/uploads/2021/10/sigi-224x300.jpg 224w, https://www.unioviedo.es/promebi/wp-content/uploads/2021/10/sigi-765x1024.jpg 765w, https://www.unioviedo.es/promebi/wp-content/uploads/2021/10/sigi-768x1028.jpg 768w, https://www.unioviedo.es/promebi/wp-content/uploads/2021/10/sigi.jpg 956w" sizes="auto, (max-width: 224px) 100vw, 224px" /></a></strong></p>
<p><strong>Categoría:</strong> Profesora Ayudante Doctora<span class="org"><br />
</span><strong>Departamento:</strong> <span class="org">Sociología<br />
</span><strong>Área:</strong> Sociología<span class="org"><br />
<strong>Despacho:</strong> Despacho nº1, Ala 3, Planta 2ª, Departamento de Sociología, Facultad de Economía y Empresa<br />
</span><strong>Correo</strong>: <a href="mailto:doblytesigita@uniovi.es">doblytesigita@uniovi.es</a><a href="mailto:sigita.doblyte@gmail.com"> </a></p>
<p><strong>Más información en el siguiente enlace: </strong> <a href="https://www.researchgate.net/profile/Sigita_Doblyte2">ResearchGate</a><a href="https://www.researchgate.net/profile/Sigita_Doblyte2">, </a><a href="https://orcid.org/%200000-0001-6338-9664">ORCiD</a><a href="https://www.researchgate.net/profile/Sigita_Doblyte2">, </a><a href="https://www.scopus.com/authid/detail.uri?authorId=57192305163">Scopus</a><a href="https://www.researchgate.net/profile/Sigita_Doblyte2">, </a><a href="https://www.webofscience.com/wos/author/rid/Z-2993-2019">WoS ResearcherID</a></p>
<hr />
<h3>Research interests</h3>
<ul>
<li>Medical sociology</li>
<li>Sociological theory</li>
<li>Social policy</li>
<li>Mental health</li>
<li>Suicide</li>
<li>Health inequalities</li>
</ul>
<h3>Short Bio</h3>
<p>Sigita is an Assistant Professor of Sociology at the University of Oviedo. Her research delves into the interplay between institutions, culture, and individual agency, and how these dynamics shape social practices and processes such as the medicalisation of social suffering or suicide. Her academic journey includes research stays at the University of Iceland, NOVA University Lisbon, and the University of Edinburgh. Her PhD thesis, titled “A matter of context: Cultural and institutional influences on healthcare seeking for mental distress in Lithuania and Spain” and defended in September 2021, received recognition with the Extraordinary Doctoral Award and International Mention. She also holds Bachelor’s (Vilnius University, Lithuania) and Master’s (Vytautas Magnus University, Lithuania) degrees in Sociology, as well as Master’s degree in Research and Advances in Preventive Medicine and Public Health (University of Granada, Spain).</p>
<h3>Publicaciones</h3>
<p><strong>Peer-reviewed journal articles (Web of Science, Scopus)</strong></p>
<p>Doblytė, S. and Giosa, R. (forthcoming). Why people work past retirement age: The continuity of routines, future imaginaries, and practical evaluation. <em>Journal of Occupational Science.</em></p>
<p>Doblytė, S. and Tejero, A. (2023). Class or individual <em>habitus</em>? Willingness to spend more on reconciliation policies in Europe. <em>International Journal of Sociology and Social Policy </em>43(5/6): 436-453. <a href="https://doi.org/10.1108/IJSSP-04-2022-0089">https://doi.org/10.1108/IJSSP-04-2022-0089</a></p>
<p>Doblytė, S. (2022). Why (not) suicide: <em>Habitus</em> in hysteresis and the space of possibles. <em>European Journal of Social Theory </em>25(4): 614-631. <a href="https://doi.org/10.1177/13684310221101468">https://doi.org/10.1177/13684310221101468</a></p>
<p>Doblytė, S. (2022). “The almighty pill and the blessed healthcare provider”: Medicalisation of mental distress from an Eliasian perspective. <em>Social Theory and Health 20</em>(4): 363-379. <a href="https://doi.org/10.1057/s41285-021-00165-1">https://doi.org/10.1057/s41285-021-00165-1</a></p>
<p>Doblytė, S. (2022). The vicious cycle of distrust: Access, quality, and efficiency within a post-communist mental health system. <em>Social Science and Medicine</em> 292: 114573. <a href="https://doi.org/10.1016/j.socscimed.2021.114573">https://doi.org/10.1016/j.socscimed.2021.114573</a></p>
<p>Doblytė, S. (2021). Power dynamics of the healthcare field: seeking mental care in Lithuania. <em>Journal of Baltic Studies </em>52(3): 357-372. <a href="https://doi.org/10.1080/01629778.2021.1934053">https://doi.org/10.1080/01629778.2021.1934053</a></p>
<p>Doblytė, S. and Tejero, A. (2021). What, where, and how: drivers of welfare attitudes toward work-family reconciliation policies in South European societies. <em>European Societies </em>23(1): 1-22. <a href="https://doi.org/10.1080/14616696.2020.1746821">https://doi.org/10.1080/14616696.2020.1746821</a></p>
<p>Doblytė, S. (2020). Shame in a post-socialist society: A qualitative study of healthcare seeking and utilisation in common mental disorders. <em>Sociology of Health and Illness</em> 42(8): 1858-1872. <a href="https://doi.org/10.1111/1467-9566.13170">https://doi.org/10.1111/1467-9566.13170</a></p>
<p>Doblytė, S. (2020). “Women are tired and men are in pain”: Gendered <em>habitus</em> and mental healthcare utilization in Spain. <em>Journal of Gender Studies</em> 29(6): 694-705. <a href="https://doi.org/10.1080/09589236.2020.1780420">https://doi.org/10.1080/09589236.2020.1780420</a></p>
<p>Doblytė, S. (2020). Under- or overtreatment of mental distress? Practices, consequences, and resistance in the field of health care. <em>Qualitative Health Research</em> 30(10): 1503-1516. <a href="https://doi.org/10.1177/1049732320918531">https://doi.org/10.1177/1049732320918531</a></p>
<p>Doblytė, S. and Guillén, A.M. (2020). Access compromised? The impact of healthcare reforms under austerity in Lithuania and Spain. <em>Social Policy and Society</em> 19(4): 521-537. <a href="https://doi.org/10.1017/S1474746420000019">https://doi.org/10.1017/S1474746420000019</a></p>
<p>Doblytė, S., Gutiérrez, R. and Pruneda, G. (2020). La protección ocupacional de nuevos riesgos sociales: conciliación y formación continua. <em>Revista Española de Sociología</em> 29(2): 321-341. <a href="https://recyt.fecyt.es/index.php/res/article/view/71586">https://recyt.fecyt.es/index.php/res/article/view/71586</a></p>
<p>Doblytė, S. (2019). Bourdieu&#8217;s theory of fields: towards understanding help-seeking practices in mental distress. <em>Social Theory and Health</em> 17(3): 273-290. <a href="https://doi.org/10.1057/s41285-019-00105-0">https://doi.org/10.1057/s41285-019-00105-0</a></p>
<p>Doblyte, S. and Jiménez-Mejías, E. (2017). Understanding help-seeking behavior in depression: A qualitative synthesis of patients’ experiences. <em>Qualitative Health Research</em> 27(1): 100-113. <a href="https://doi.org/10.1177/1049732316681282">https://doi.org/10.1177/1049732316681282</a></p>
<p><strong>Book chapters </strong></p>
<p>Guillén, A.M., and Doblytė, S. (2024). Spain. In G. Giarelli and M. Saks (Eds.), <em>National health services of western Europe: Challenges, reforms and future perspectives </em>(pp. 148-168). Routledge.</p>
<p>Doblytė, S. (2022). Seekers and providers: Medicalization of circumstantial sadness and fear. In M. Elliott (Ed.), <em>Research Handbook on Society and Mental Health </em>(pp. 20-33). Edward Elgar Publishing.</p>
<p><strong>Editorials</strong></p>
<p>Coordination of and introduction to a special issue of Panorama Social “<em>La crisis de salud mental: Más allá de las estadísticas</em>”. <em>Panorama Social</em> 38: 5-7.</p>
<p><a href="https://www.funcas.es/revista/la-crisis-de-salud-mental-mas-alla-de-las-estadisticas/">https://www.funcas.es/revista/la-crisis-de-salud-mental-mas-alla-de-las-estadisticas/</a></p>
<p><strong>Scientific dissemination </strong></p>
<p>Tejero, A. and Doblytė, S. (2023). La ventaja de trabajar: Salud mental, pobreza y empleo en España. <em>Panorama Social</em> 38: 111-129, <a href="https://www.funcas.es/revista/la-crisis-de-salud-mental-mas-alla-de-las-estadisticas/">https://www.funcas.es/revista/la-crisis-de-salud-mental-mas-alla-de-las-estadisticas/</a></p>
<p>Doblytė, S. (2023). The mental health crisis in Spain: Why sociology matters. <em>Global Dialogue</em> GD13.2: 38-39, <a href="http://globaldialogue.isa-sociology.org/">http://globaldialogue.isa-sociology.org/</a></p>
<p>Doblytė, S. and Tejero, A. (2020). Support for family policies in South Europe. <em>Global Dialogue GD10.1</em>: 32-33, <a href="http://globaldialogue.isa-sociology.org/">http://globaldialogue.isa-sociology.org/</a></p>
<p><span style="color: initial;">d Tejero, A. (2021). What, where, and how: drivers of welfare attitudes toward work-family reconciliation policies in South European societies. </span><em style="color: initial;">European Societies</em><em style="color: initial;"> 23</em><span style="color: initial;">(1): 1-22. DOI: </span><a href="https://doi.org/10.1080/14616696.2020.1746821">1080/14616696.2020.1746821</a></p>
<p>Doblytė, S. (2020). Shame in a post-socialist society: A qualitative study of healthcare seeking and utilisation in common mental disorders. <em>Sociology of Health and Illness</em><em> 42</em>(8): 1858-1872. DOI: <a href="https://doi.org/10.1111/1467-9566.13170">1111/1467-9566.13170</a></p>
<div class="areasInteres"></div>
<div class="areasInteres"></div>
<div class="areasInteres"></div>
<div class="areasInteres"></div>
<div class="areasInteres"></div>

<p>Categoría: Profesora Ayudante Doctora Departamento: Sociología Área: Sociología Despacho: Despacho nº1, Ala 3, Planta 2ª, Departamento de Sociología, Facultad de Economía y Empresa Correo: doblytesigita@uniovi.es  Más información en el siguiente enlace:  ResearchGate, ORCiD, Scopus, WoS ResearcherID Research interests Medical sociology Sociological theory Social policy Mental health Suicide Health inequalities Short Bio Sigita is an Assistant Professor [&hellip;]</p>
