{"id":1972,"date":"2018-04-18T18:48:30","date_gmt":"2018-04-18T16:48:30","guid":{"rendered":"http:\/\/www.unioviedo.es\/promebi\/?page_id=1972"},"modified":"2018-04-18T18:48:30","modified_gmt":"2018-04-18T16:48:30","slug":"2010-2","status":"publish","type":"page","link":"https:\/\/www.unioviedo.es\/promebi\/publicaciones_\/capitulos-de-libros\/2010-2\/","title":{"rendered":"2010"},"content":{"rendered":"<ul>\n<li>ALONSO, J.A. y GUTI\u00c9RREZ, R. (2010). \u201cLengua e inmigraci\u00f3n: Espa\u00f1a y el espa\u00f1ol en las migraciones internacionales\u201d. En el libro: GARCIA DELGADO, J.L., ALONSO, J.A. y JIM\u00c9NEZ, J.C. (eds.):\u00a0<em>El espa\u00f1ol lengua global. La econom\u00eda<\/em>. Madrid, Instituto Cervantes, 75-112.<\/li>\n<li>GARC\u00cdA BLANCO, J. M., (2010), \u201cCaballeros bajo el estandarte del Profeta\u201d. En BERIAIN, J. y S\u00c1NCHEZ DE LA YNCERA, I. (eds.):\u00a0<em>Sagrado\/profano: nuevos desaf\u00edos al proyecto de la modernidad<\/em>, Madrid: CIS, 213-244.<\/li>\n<li>GONZ\u00c1LEZ MEN\u00c9NDEZ, M. C. (2010) \u201cLa Participaci\u00f3n Directa en el Sector Privado Asturiano: \u00bfConsecuencia de Procesos Productivos o Elecci\u00f3n Empresarial?\u201d. En: DD.AA.:\u00a0<em>La Investigaci\u00f3n y la Ense\u00f1anza de la Sociolog\u00eda del Trabajo: Un balance de la situaci\u00f3n en Espa\u00f1a<\/em>, Alzira: Germania, 169-181 :<a href=\"http:\/\/www.eurofound.europa.eu\/publications\/htmlfiles\/ef0112.htm\">ver publicaci\u00f3n<\/a><\/li>\n<li>GONZ\u00c1LEZ MEN\u00c9NDEZ, M. C. (2010) \u201cThe role of Industrial Relations and Human Resource Management in Direct Participation practice in Spain\u201d. En: GARIBALDO, F. y TELLJOHANN, V. (coord.):\u00a0<em>The Ambivalent Character of Participation. New Tendencies in Worker Participation in Europe<\/em>. Frankfurt: Peter Lang, 171-190 :<a href=\"http:\/\/trs.sagepub.com\/content\/12\/3\/407.full.pdf\">ver publicaci\u00f3n<\/a><\/li>\n<li>GUILL\u00c9N, A. M. y GUTI\u00c9RREZ, R. (2010): (publicado en castellano y en ingl\u00e9s) \u201cComentarios sobre los aspectos social y de empleo de la Estrategia UE-2020\u201d: En VVAA:\u00a0<em>El empleo y la dimensi\u00f3n social en la estrategia UE-2020<\/em>. Madrid: Ministerio de Trabajo e Inmigraci\u00f3n, pp. 103-108.<\/li>\n<li>GUILL\u00c9N, A.M. (2010): \u201cDefrosting the Spanish Welfare State: The Weight of Conservative Components\u201d. En: PALIER, P. (ed.):\u00a0<em>A Long Good-Bye to Bismarck: The Politics of Welfare Reforms in Continental Welfare States<\/em>. Amsterdam: Amsterdam University Press.<\/li>\n<li>K\u00d6HLER, HD (2010): \u201c\u00cdspanya\u2019da toplu s\u00f6zlesme sistema\u201d. En: HEKIMLER, A. (ed.):\u00a0<em>Avrupa Birligi \u00dcyesi \u00dclkelerde ve T\u00fcrkiye\u2019de Toplu S\u00f6zlesme Sistemleri<\/em>, Istanbul: Legal, 2010, pp. 197-218 (ISBN: 978-605-4354-10-8)<\/li>\n<li>K\u00d6HLER, HD y GONZ\u00c1LEZ BEGEGA, S (2010): \u201cFirm level structures for workers\u2019 representation in the European Union: A comparison between three transnational companies\u201d. En: STRUCK, O. (ed.):\u00a0<em>Industrial relations and social standards in an internationalized economy<\/em>, M\u00fcnchen and Mering: Rainer Hampp Verlag, 2010, pp. 47-73 (ISBN: 978-3-86618-600-2; DOI: 10.1688\/978366187009)<\/li>\n<li>LUQUE, D. (2010): \u201cLa forma de las huelgas en Europa: 1980-2006\u201d, en DD.AA.:\u00a0<em>La investigaci\u00f3n y la ense\u00f1anza de la sociolog\u00eda del trabajo: un balance de la situaci\u00f3n en Espa\u00f1a<\/em>, Alzari (Valencia): Germania, pp. 183-200<\/li>\n<li>MATO D\u00cdAZ, F. J. y GUTI\u00c9RREZ, R. (2010): \u201cLogros laborales de los inmigrantes econ\u00f3micos en Espa\u00f1a: el papel de la lengua espa\u00f1ola\u201d. En: ALONSO, J. y GUTI\u00c9RREZ, R. (dirs.):\u00a0<em>Emigraci\u00f3n y lengua: el papel del espa\u00f1ol en las migraciones internacionales<\/em>. Ed. Ariel, pp. 99-158.<\/li>\n<li>MIYAR, M. y F. J. MATO D\u00cdAZ, (2010): \u201cLas habilidades ling\u00fc\u00edsticas en espa\u00f1ol de los inmigrantes\u201d. En: ALONSO, J. y GUTI\u00c9RREZ, R. (dirs.):\u00a0<em>Emigraci\u00f3n y lengua: el papel del espa\u00f1ol en las migraciones internacionales<\/em>. Ed. Ariel, pp. 65-98.<\/li>\n<li>SANTOS VIJANDE, L. Y GONZ\u00c1LEZ MEN\u00c9NDEZ, M. (2010) \u201cAnexo. Resultados Encuesta para Personal Docente e Investigador\u201d. En: Equipo Investigador del Proyecto GENIUNIOVI (coord.):\u00a0<em>Estudio diagn\u00f3stico de la situaci\u00f3n de g\u00e9nero e igualdad en la Universidad de Oviedo<\/em>. Oviedo: FUO, 477-525.<\/li>\n<li>SANTOS VIJANDE, L. Y GONZ\u00c1LEZ MEN\u00c9NDEZ, M. (2010) \u201cEncuesta An\u00f3nima y An\u00e1lisis de Percepciones\u201d. En: Equipo Investigador del Proyecto GENIUNIOVI (coord.):\u00a0<em>Estudio diagn\u00f3stico de g\u00e9nero e igualdad en la Universidad de Oviedo<\/em>. Oviedo: FUO, 45-164.<\/li>\n<\/ul>\n","protected":false},"excerpt":{"rendered":"<p>ALONSO, J.A. y GUTI\u00c9RREZ, R. (2010). \u201cLengua e inmigraci\u00f3n: Espa\u00f1a y el espa\u00f1ol en las migraciones internacionales\u201d. En el libro: GARCIA DELGADO, J.L., ALONSO, J.A. y JIM\u00c9NEZ, J.C. (eds.):\u00a0El espa\u00f1ol lengua global. La econom\u00eda. Madrid, Instituto Cervantes, 75-112. GARC\u00cdA BLANCO, J. M., (2010), \u201cCaballeros bajo el estandarte del Profeta\u201d. En BERIAIN, J. y S\u00c1NCHEZ DE [&hellip;]<\/p>\n","protected":false},"author":5,"featured_media":0,"parent":1426,"menu_order":0,"comment_status":"closed","ping_status":"closed","template":"","meta":{"_genesis_hide_title":false,"_genesis_hide_breadcrumbs":false,"_genesis_hide_singular_image":false,"_genesis_hide_footer_widgets":false,"_genesis_custom_body_class":"","_genesis_custom_post_class":"","_genesis_layout":"","footnotes":""},"class_list":{"0":"post-1972","1":"page","2":"type-page","3":"status-publish","5":"entry","6":"gs-1","7":"gs-odd","8":"gs-even","9":"gs-featured-content-entry"},"_links":{"self":[{"href":"https:\/\/www.unioviedo.es\/promebi\/wp-json\/wp\/v2\/pages\/1972","targetHints":{"allow":["GET"]}}],"collection":[{"href":"https:\/\/www.unioviedo.es\/promebi\/wp-json\/wp\/v2\/pages"}],"about":[{"href":"https:\/\/www.unioviedo.es\/promebi\/wp-json\/wp\/v2\/types\/page"}],"author":[{"embeddable":true,"href":"https:\/\/www.unioviedo.es\/promebi\/wp-json\/wp\/v2\/users\/5"}],"replies":[{"embeddable":true,"href":"https:\/\/www.unioviedo.es\/promebi\/wp-json\/wp\/v2\/comments?post=1972"}],"version-history":[{"count":1,"href":"https:\/\/www.unioviedo.es\/promebi\/wp-json\/wp\/v2\/pages\/1972\/revisions"}],"predecessor-version":[{"id":1973,"href":"https:\/\/www.unioviedo.es\/promebi\/wp-json\/wp\/v2\/pages\/1972\/revisions\/1973"}],"up":[{"embeddable":true,"href":"https:\/\/www.unioviedo.es\/promebi\/wp-json\/wp\/v2\/pages\/1426"}],"wp:attachment":[{"href":"https:\/\/www.unioviedo.es\/promebi\/wp-json\/wp\/v2\/media?parent=1972"}],"curies":[{"name":"wp","href":"https:\/\/api.w.org\/{rel}","templated":true}]}}

<ul>
<li>ALONSO, J.A. y GUTIÉRREZ, R. (2010). “Lengua e inmigración: España y el español en las migraciones internacionales”. En el libro: GARCIA DELGADO, J.L., ALONSO, J.A. y JIMÉNEZ, J.C. (eds.): <em>El español lengua global. La economía</em>. Madrid, Instituto Cervantes, 75-112.</li>
<li>GARCÍA BLANCO, J. M., (2010), “Caballeros bajo el estandarte del Profeta”. En BERIAIN, J. y SÁNCHEZ DE LA YNCERA, I. (eds.): <em>Sagrado/profano: nuevos desafíos al proyecto de la modernidad</em>, Madrid: CIS, 213-244.</li>
<li>GONZÁLEZ MENÉNDEZ, M. C. (2010) “La Participación Directa en el Sector Privado Asturiano: ¿Consecuencia de Procesos Productivos o Elección Empresarial?”. En: DD.AA.: <em>La Investigación y la Enseñanza de la Sociología del Trabajo: Un balance de la situación en España</em>, Alzira: Germania, 169-181 :<a href="http://www.eurofound.europa.eu/publications/htmlfiles/ef0112.htm">ver publicación</a></li>
<li>GONZÁLEZ MENÉNDEZ, M. C. (2010) “The role of Industrial Relations and Human Resource Management in Direct Participation practice in Spain”. En: GARIBALDO, F. y TELLJOHANN, V. (coord.): <em>The Ambivalent Character of Participation. New Tendencies in Worker Participation in Europe</em>. Frankfurt: Peter Lang, 171-190 :<a href="http://trs.sagepub.com/content/12/3/407.full.pdf">ver publicación</a></li>
<li>GUILLÉN, A. M. y GUTIÉRREZ, R. (2010): (publicado en castellano y en inglés) “Comentarios sobre los aspectos social y de empleo de la Estrategia UE-2020”: En VVAA: <em>El empleo y la dimensión social en la estrategia UE-2020</em>. Madrid: Ministerio de Trabajo e Inmigración, pp. 103-108.</li>
<li>GUILLÉN, A.M. (2010): “Defrosting the Spanish Welfare State: The Weight of Conservative Components”. En: PALIER, P. (ed.): <em>A Long Good-Bye to Bismarck: The Politics of Welfare Reforms in Continental Welfare States</em>. Amsterdam: Amsterdam University Press.</li>
<li>KÖHLER, HD (2010): “Íspanya’da toplu sözlesme sistema”. En: HEKIMLER, A. (ed.): <em>Avrupa Birligi Üyesi Ülkelerde ve Türkiye’de Toplu Sözlesme Sistemleri</em>, Istanbul: Legal, 2010, pp. 197-218 (ISBN: 978-605-4354-10-8)</li>
<li>KÖHLER, HD y GONZÁLEZ BEGEGA, S (2010): “Firm level structures for workers’ representation in the European Union: A comparison between three transnational companies”. En: STRUCK, O. (ed.): <em>Industrial relations and social standards in an internationalized economy</em>, München and Mering: Rainer Hampp Verlag, 2010, pp. 47-73 (ISBN: 978-3-86618-600-2; DOI: 10.1688/978366187009)</li>
<li>LUQUE, D. (2010): “La forma de las huelgas en Europa: 1980-2006”, en DD.AA.: <em>La investigación y la enseñanza de la sociología del trabajo: un balance de la situación en España</em>, Alzari (Valencia): Germania, pp. 183-200</li>
<li>MATO DÍAZ, F. J. y GUTIÉRREZ, R. (2010): “Logros laborales de los inmigrantes económicos en España: el papel de la lengua española”. En: ALONSO, J. y GUTIÉRREZ, R. (dirs.): <em>Emigración y lengua: el papel del español en las migraciones internacionales</em>. Ed. Ariel, pp. 99-158.</li>
<li>MIYAR, M. y F. J. MATO DÍAZ, (2010): “Las habilidades lingüísticas en español de los inmigrantes”. En: ALONSO, J. y GUTIÉRREZ, R. (dirs.): <em>Emigración y lengua: el papel del español en las migraciones internacionales</em>. Ed. Ariel, pp. 65-98.</li>
<li>SANTOS VIJANDE, L. Y GONZÁLEZ MENÉNDEZ, M. (2010) “Anexo. Resultados Encuesta para Personal Docente e Investigador”. En: Equipo Investigador del Proyecto GENIUNIOVI (coord.): <em>Estudio diagnóstico de la situación de género e igualdad en la Universidad de Oviedo</em>. Oviedo: FUO, 477-525.</li>
<li>SANTOS VIJANDE, L. Y GONZÁLEZ MENÉNDEZ, M. (2010) “Encuesta Anónima y Análisis de Percepciones”. En: Equipo Investigador del Proyecto GENIUNIOVI (coord.): <em>Estudio diagnóstico de género e igualdad en la Universidad de Oviedo</em>. Oviedo: FUO, 45-164.</li>
</ul>

<p>ALONSO, J.A. y GUTIÉRREZ, R. (2010). “Lengua e inmigración: España y el español en las migraciones internacionales”. En el libro: GARCIA DELGADO, J.L., ALONSO, J.A. y JIMÉNEZ, J.C. (eds.): El español lengua global. La economía. Madrid, Instituto Cervantes, 75-112. GARCÍA BLANCO, J. M., (2010), “Caballeros bajo el estandarte del Profeta”. En BERIAIN, J. y SÁNCHEZ DE [&hellip;]</p>
