{"id":1974,"date":"2018-04-18T18:49:14","date_gmt":"2018-04-18T16:49:14","guid":{"rendered":"http:\/\/www.unioviedo.es\/promebi\/?page_id=1974"},"modified":"2018-04-18T18:49:25","modified_gmt":"2018-04-18T16:49:25","slug":"2011-2","status":"publish","type":"page","link":"https:\/\/www.unioviedo.es\/promebi\/publicaciones_\/capitulos-de-libros\/2011-2\/","title":{"rendered":"2011"},"content":{"rendered":"<ul>\n<li>ALMOND, P. y GONZ\u00c1LEZ MEN\u00c9NDEZ, M. C. (2011) \u201cGesti\u00f3n de los Recursos Humanos Comparada\u201d. En : GONZ\u00c1LEZ MEN\u00c9NDEZ, M., GUTI\u00c9RREZ PALACIOS, R. y MART\u00cdNEZ LUCIO, M. (coord.):\u00a0<em>Gesti\u00f3n de Recursos Humanos. Contexto y Pol\u00edticas<\/em>. Pamplona: Thomson-C\u00edvitas.<\/li>\n<li>CABIEDES, L. y GUILL\u00c9N, A.M. (2011): \u201cIl dibattito sulla convergenza o divergenza dei sistemi sanitari europei: dll\u2019ipotesi del Continuum a quella di una geometr\u00eda non euclidea\u201d. En: Vicarelli, G. (ed.):\u00a0<em>Regolazione e governance nei sistema sanitari europei<\/em>. Bolonia: Il Mulino.<\/li>\n<li>GARC\u00cdA ESPEJO, I. y GUTI\u00c9RREZ, R. (2011). \u201cSpain: Persisting Inequalities in a Growing Employment Context\u201d. En: FRASER, N., GUTI\u00c9RREZ, R. and PE\u00d1A-CASAS, R., (eds.):\u00a0<em>Working Poverty in Europe<\/em>. Basingstoke-UK, Palgrave-Macmillan, 133-154.<\/li>\n<li>GONZ\u00c1LEZ MEN\u00c9NDEZ, M. C. (2011) \u201cLa Participaci\u00f3n de los trabajadores en la empresa como instrumento de gesti\u00f3n de los RRHH\u201d. En: GONZ\u00c1LEZ MEN\u00c9NDEZ, M., GUTI\u00c9RREZ PALACIOS, R. y MART\u00cdNEZ LUCIO, M. (coord.):\u00a0<em>Gesti\u00f3n de Recursos Humanos. Contexto y Pol\u00edticas<\/em>. Pamplona: Thomson-C\u00edvitas, 173-192.<\/li>\n<li>GONZ\u00c1LEZ MEN\u00c9NDEZ, M. C. (2011): \u201cGesti\u00f3n de los RRHH como funci\u00f3n y como campo cient\u00edfico\u201d. En: GONZ\u00c1LEZ MEN\u00c9NDEZ, M., GUTI\u00c9RREZ PALACIOS, R. y MART\u00cdNEZ LUCIO, M. (coord.):\u00a0<em>Gesti\u00f3n de Recursos Humanos. Contexto y Pol\u00edticas<\/em>. Pamplona: Thomson-C\u00edvitas, 53-71<\/li>\n<li>GUTI\u00c9RREZ PALACIOS, R. y GONZ\u00c1LEZ MEN\u00c9NDEZ, M. C. (2011): \u201cLa calidad del empleo\u201d. : GONZ\u00c1LEZ MEN\u00c9NDEZ, M., GUTI\u00c9RREZ PALACIOS, R. y MART\u00cdNEZ LUCIO, M. (coord.):\u00a0<em>Gesti\u00f3n de Recursos Humanos. Contexto y Pol\u00edticas<\/em>. Pamplona: Thomson-C\u00edvitas, 387-406.<\/li>\n<li>GUTI\u00c9RREZ, R., IBA\u00d1EZ, M. and TEJERO, A. (2011).\u201dMobility and Persistence of In-Work Poverty\u201d. En: FRASER., N, GUTI\u00c9RREZ, R. and PE\u00d1A-CASAS, R. (eds.):\u00a0<em>Working Poverty in Europe<\/em>\u00a0.Basingstoke-UK, Palgrave-Macmillan, 175-201.<\/li>\n<li>K\u00d6HLER, H.D. and GONZ\u00c1LEZ BEGEGA, S. (2011): \u201cFirm level structures for workers\u2019 representation in the European Union. A comparison between three transnational companies\u201d. En: STUCK, O. (ed.):\u00a0<em>Industrial relations and social standards in an internationalized economy<\/em>, M\u00fcnchen: Rainer Hampp Verlag: p. 47-74.<\/li>\n<li>K\u00d6HLER, H.D. and GONZ\u00c1LEZ BEGEGA, S. (2011): \u201cThe European Works Council as a Multidimensional Contested Terrain\u201d. En: BAGLIONI, M. y BRANDL, B. (eds.):\u00a0<em>Changing Labour Relations. Between Path Dependency and Global Trends<\/em>, London: PIE Peter Lang.<\/li>\n<li>K\u00d6HLER, HD y CALLEJA JIM\u00c9NEZ, J.P. (2011): \u201cSpaniens Arbeitsbeziehungen am Beginn des 21. Jahrhunderts\u201d. En: HEKIMLER, A y RING, G. (eds.):\u00a0<em>Tarifrecht in Europa<\/em>, Baden-Baden: Nomos 2011, pp. 314-337 (ISBN: 978-3-8329-6812-0)<\/li>\n<li>K\u00d6HLER, HD y GONZ\u00c1LEZ BEGEGA, S (2011): \u201cThe European Works Council as a Multidimensional Contested Terrain: The case of ArcelorMittal\u201d. En: BAGLIONI, M. y BRANDL, B. (eds.):\u00a0<em>Changing Labour Relations. Between Path Dependency and Global Trends<\/em>, Frankfurt\/M.: Peter Lang 2011, pp. 143-169 (ISBN: 978-3-631-61623-9)<\/li>\n<li>MATO D\u00cdAZ, F. J. (2011): \u201cSpain: a dual unemployment protection system in a dualist labour market (1990-2010)\u201d. En: J. CLASEN y D. CLEGG (dirs.):\u00a0<em>Regulating the risk of unemployment: National adaptations to post-industrial labour markets in Europe<\/em>. Oxford University Press, en prensa.<\/li>\n<\/ul>\n","protected":false},"excerpt":{"rendered":"<p>ALMOND, P. y GONZ\u00c1LEZ MEN\u00c9NDEZ, M. C. (2011) \u201cGesti\u00f3n de los Recursos Humanos Comparada\u201d. En : GONZ\u00c1LEZ MEN\u00c9NDEZ, M., GUTI\u00c9RREZ PALACIOS, R. y MART\u00cdNEZ LUCIO, M. (coord.):\u00a0Gesti\u00f3n de Recursos Humanos. Contexto y Pol\u00edticas. Pamplona: Thomson-C\u00edvitas. CABIEDES, L. y GUILL\u00c9N, A.M. (2011): \u201cIl dibattito sulla convergenza o divergenza dei sistemi sanitari europei: dll\u2019ipotesi del Continuum a [&hellip;]<\/p>\n","protected":false},"author":5,"featured_media":0,"parent":1426,"menu_order":0,"comment_status":"closed","ping_status":"closed","template":"","meta":{"_genesis_hide_title":false,"_genesis_hide_breadcrumbs":false,"_genesis_hide_singular_image":false,"_genesis_hide_footer_widgets":false,"_genesis_custom_body_class":"","_genesis_custom_post_class":"","_genesis_layout":"","footnotes":""},"class_list":{"0":"post-1974","1":"page","2":"type-page","3":"status-publish","5":"entry","6":"gs-1","7":"gs-odd","8":"gs-even","9":"gs-featured-content-entry"},"_links":{"self":[{"href":"https:\/\/www.unioviedo.es\/promebi\/wp-json\/wp\/v2\/pages\/1974","targetHints":{"allow":["GET"]}}],"collection":[{"href":"https:\/\/www.unioviedo.es\/promebi\/wp-json\/wp\/v2\/pages"}],"about":[{"href":"https:\/\/www.unioviedo.es\/promebi\/wp-json\/wp\/v2\/types\/page"}],"author":[{"embeddable":true,"href":"https:\/\/www.unioviedo.es\/promebi\/wp-json\/wp\/v2\/users\/5"}],"replies":[{"embeddable":true,"href":"https:\/\/www.unioviedo.es\/promebi\/wp-json\/wp\/v2\/comments?post=1974"}],"version-history":[{"count":2,"href":"https:\/\/www.unioviedo.es\/promebi\/wp-json\/wp\/v2\/pages\/1974\/revisions"}],"predecessor-version":[{"id":1976,"href":"https:\/\/www.unioviedo.es\/promebi\/wp-json\/wp\/v2\/pages\/1974\/revisions\/1976"}],"up":[{"embeddable":true,"href":"https:\/\/www.unioviedo.es\/promebi\/wp-json\/wp\/v2\/pages\/1426"}],"wp:attachment":[{"href":"https:\/\/www.unioviedo.es\/promebi\/wp-json\/wp\/v2\/media?parent=1974"}],"curies":[{"name":"wp","href":"https:\/\/api.w.org\/{rel}","templated":true}]}}

<ul>
<li>ALMOND, P. y GONZÁLEZ MENÉNDEZ, M. C. (2011) “Gestión de los Recursos Humanos Comparada”. En : GONZÁLEZ MENÉNDEZ, M., GUTIÉRREZ PALACIOS, R. y MARTÍNEZ LUCIO, M. (coord.): <em>Gestión de Recursos Humanos. Contexto y Políticas</em>. Pamplona: Thomson-Cívitas.</li>
<li>CABIEDES, L. y GUILLÉN, A.M. (2011): “Il dibattito sulla convergenza o divergenza dei sistemi sanitari europei: dll’ipotesi del Continuum a quella di una geometría non euclidea”. En: Vicarelli, G. (ed.): <em>Regolazione e governance nei sistema sanitari europei</em>. Bolonia: Il Mulino.</li>
<li>GARCÍA ESPEJO, I. y GUTIÉRREZ, R. (2011). “Spain: Persisting Inequalities in a Growing Employment Context”. En: FRASER, N., GUTIÉRREZ, R. and PEÑA-CASAS, R., (eds.): <em>Working Poverty in Europe</em>. Basingstoke-UK, Palgrave-Macmillan, 133-154.</li>
<li>GONZÁLEZ MENÉNDEZ, M. C. (2011) “La Participación de los trabajadores en la empresa como instrumento de gestión de los RRHH”. En: GONZÁLEZ MENÉNDEZ, M., GUTIÉRREZ PALACIOS, R. y MARTÍNEZ LUCIO, M. (coord.): <em>Gestión de Recursos Humanos. Contexto y Políticas</em>. Pamplona: Thomson-Cívitas, 173-192.</li>
<li>GONZÁLEZ MENÉNDEZ, M. C. (2011): “Gestión de los RRHH como función y como campo científico”. En: GONZÁLEZ MENÉNDEZ, M., GUTIÉRREZ PALACIOS, R. y MARTÍNEZ LUCIO, M. (coord.): <em>Gestión de Recursos Humanos. Contexto y Políticas</em>. Pamplona: Thomson-Cívitas, 53-71</li>
<li>GUTIÉRREZ PALACIOS, R. y GONZÁLEZ MENÉNDEZ, M. C. (2011): “La calidad del empleo”. : GONZÁLEZ MENÉNDEZ, M., GUTIÉRREZ PALACIOS, R. y MARTÍNEZ LUCIO, M. (coord.): <em>Gestión de Recursos Humanos. Contexto y Políticas</em>. Pamplona: Thomson-Cívitas, 387-406.</li>
<li>GUTIÉRREZ, R., IBAÑEZ, M. and TEJERO, A. (2011).”Mobility and Persistence of In-Work Poverty”. En: FRASER., N, GUTIÉRREZ, R. and PEÑA-CASAS, R. (eds.): <em>Working Poverty in Europe</em> .Basingstoke-UK, Palgrave-Macmillan, 175-201.</li>
<li>KÖHLER, H.D. and GONZÁLEZ BEGEGA, S. (2011): “Firm level structures for workers’ representation in the European Union. A comparison between three transnational companies”. En: STUCK, O. (ed.): <em>Industrial relations and social standards in an internationalized economy</em>, München: Rainer Hampp Verlag: p. 47-74.</li>
<li>KÖHLER, H.D. and GONZÁLEZ BEGEGA, S. (2011): “The European Works Council as a Multidimensional Contested Terrain”. En: BAGLIONI, M. y BRANDL, B. (eds.): <em>Changing Labour Relations. Between Path Dependency and Global Trends</em>, London: PIE Peter Lang.</li>
<li>KÖHLER, HD y CALLEJA JIMÉNEZ, J.P. (2011): “Spaniens Arbeitsbeziehungen am Beginn des 21. Jahrhunderts”. En: HEKIMLER, A y RING, G. (eds.): <em>Tarifrecht in Europa</em>, Baden-Baden: Nomos 2011, pp. 314-337 (ISBN: 978-3-8329-6812-0)</li>
<li>KÖHLER, HD y GONZÁLEZ BEGEGA, S (2011): “The European Works Council as a Multidimensional Contested Terrain: The case of ArcelorMittal”. En: BAGLIONI, M. y BRANDL, B. (eds.): <em>Changing Labour Relations. Between Path Dependency and Global Trends</em>, Frankfurt/M.: Peter Lang 2011, pp. 143-169 (ISBN: 978-3-631-61623-9)</li>
<li>MATO DÍAZ, F. J. (2011): “Spain: a dual unemployment protection system in a dualist labour market (1990-2010)”. En: J. CLASEN y D. CLEGG (dirs.): <em>Regulating the risk of unemployment: National adaptations to post-industrial labour markets in Europe</em>. Oxford University Press, en prensa.</li>
</ul>

<p>ALMOND, P. y GONZÁLEZ MENÉNDEZ, M. C. (2011) “Gestión de los Recursos Humanos Comparada”. En : GONZÁLEZ MENÉNDEZ, M., GUTIÉRREZ PALACIOS, R. y MARTÍNEZ LUCIO, M. (coord.): Gestión de Recursos Humanos. Contexto y Políticas. Pamplona: Thomson-Cívitas. CABIEDES, L. y GUILLÉN, A.M. (2011): “Il dibattito sulla convergenza o divergenza dei sistemi sanitari europei: dll’ipotesi del Continuum a [&hellip;]</p>
