{"id":1977,"date":"2018-04-18T18:50:12","date_gmt":"2018-04-18T16:50:12","guid":{"rendered":"http:\/\/www.unioviedo.es\/promebi\/?page_id=1977"},"modified":"2018-04-18T18:50:12","modified_gmt":"2018-04-18T16:50:12","slug":"2012-2","status":"publish","type":"page","link":"https:\/\/www.unioviedo.es\/promebi\/publicaciones_\/capitulos-de-libros\/2012-2\/","title":{"rendered":"2012"},"content":{"rendered":"<ul>\n<li>FAGAN, C. Y GONZ\u00c1LEZ MEN\u00c9NDEZ, M. C. (2012) \u201cConclusions\u201d. En: FAGAN, C., GONZ\u00c1LEZ MEN\u00c9NDEZ, M.C. y GOMEZ, S. (coords.):\u00a0<em>Women on Corporate Boards and in Top Management: European Trends and Policy<\/em>. Chippenham: Palgrave-MacMillan, 245-258<\/li>\n<li>GARC\u00cdA BLANCO, J. M., (2012), \u201cLa contingente modernidad y sus ficciones\u201d. En: ROCHE, J. A. (ed.):\u00a0<em>La sociolog\u00eda como una de las bellas artes. La influencia de la literatura y de las artes en el pensamiento sociol\u00f3gico<\/em>, Barcelona: Anthropos, 37-60.<\/li>\n<li>GONZ\u00c1LEZ BEGEGA, S. y K\u00d6HLER, H.D. (2012), \u201c\u00bfFuegos de artificio? La representaci\u00f3n de intereses laborales en consejos de administraci\u00f3n a trav\u00e9s de la Sociedad Europea (SE)\u201d. En: VVAA. (coords.):\u00a0<em>Trabajo, econom\u00eda y sociedad<\/em>, Madrid: Fundaci\u00f3n Primero de Mayo.<\/li>\n<li>GONZ\u00c1LEZ MEN\u00c9NDEZ, M. C., FAGAN, C., Y G\u00d3MEZ, S. (2012): \u201cIntroduction\u201d. En: FAGAN, C., GONZ\u00c1LEZ MEN\u00c9NDEZ, M.C. y GOMEZ, S. (coords.):\u00a0<em>Women on Corporate Boards and in Top Management: European Trends and Policy<\/em>. Chippenham: Palgrave-MacMillan, 1-17.<\/li>\n<li>GONZ\u00c1LEZ MEN\u00c9NDEZ, M.C. Y MART\u00cdNEZ GONZ\u00c1LEZ, L. (2012) \u201cSpain on the Norwegian pathway: Towards a gender-balanced presence of women on corporate boards\u201d. En: FAGAN, C., GONZ\u00c1LEZ MEN\u00c9NDEZ, M.C. y GOMEZ, S. (coords.):\u00a0<em>Women on Corporate Boards and in Top Management: European Trends and Policy<\/em>. Chippenham: Palgrave-MacMillan, 169-197<\/li>\n<li>GONZ\u00c1LEZ MEN\u00c9NDEZ, M.C. Y MART\u00cdNEZ GONZ\u00c1LEZ, L. (2012) \u201cThe Women on Boards in Europe Project: Aims, Methodology and Limitations\u201d, En: FAGAN, C., GONZ\u00c1LEZ MEN\u00c9NDEZ, M.C. y GOMEZ, S. (coords.):\u00a0<em>Women on Corporate Boards and in Top Management: European Trends and Policy<\/em>. Chippenham: Palgrave-MacMillan, 43-69.<\/li>\n<li>GONZ\u00c1LEZ, M. C. y ALMOND, P. (2012): \u201cFlexible Working Practices\u201d. En: BREWSTER, C. y MAYRHOFER, W. (coord.):\u00a0<em>Handbook of Research on Comparative Human Resource Management<\/em>. Cheltenham: Edward Elgar, 322-344.<\/li>\n<li>GUILL\u00c9N, A.M. y PAVOLINI, E. (2012) \u201cYoung adults, Poverty and the Role of Social Policies\u201d, en KNIJN, T. (ed.):\u00a0<em>Work, Family Poli<\/em><em>cies and Transitions to Adulthood in Europe<\/em>. Basingstoke: Palgrave Macmillan, pp. 155-179.<\/li>\n<li>GUILL\u00c9N, A.M.; PAVOLINI, E.; LUQUE, D. y ANAUT S. (2012): \u201cEl paper de les pol\u00edtiques socials per pal\u00b7liar les necessitats generades per la crisi\u201d. En: LAPARRA, M. y P\u00c9REZ ERANSUS, B. (coord.):\u00a0<em>Crisi i fractura social a Europa- Causes i efectes a Espanya. Col\u00b7lecci\u00f3 d\u2019Estudis Socials N\u00fam. 35<\/em>. Barcelona: Obra Social \u201cla Caixa\u201d, pp. 135-169.<\/li>\n<li>GUILL\u00c9N, A.M.; PAVOLINI, E.; LUQUE, D. y ANAUT, S. (2012): \u201cEl papel de las pol\u00edticas sociales para paliar las necesidades generadas por la crisis\u201d. En LAPARRA, M. y P\u00c9REZ ERANSUS, B. (coord.):\u00a0<em>Crisis y fractura social en Europa. Causas y efectos en Espa\u00f1a.<\/em>\u00a0Colecci\u00f3n Estudios Sociales N\u00fam. 35. Barcelona: Fundaci\u00f3n \u201cla Caixa\u201d, pp. 139-175: ver publicaci\u00f3n :<a href=\"http:\/\/multimedia.lacaixa.es\/lacaixa\/ondemand\/obrasocial\/pdf\/estudiossociales\/vol35_es.pdf\">ver publicaci\u00f3n<\/a><\/li>\n<li>GUILL\u00c9N, A.M.; PAVOLINI, E.; LUQUE, D. y ANAUT, S. (2012): \u201cThe role of social policies in resolving needs generated by the crisis\u201d. En: LAPARRA, M. y P\u00c9REZ ERANSUS, B. (eds.):\u00a0<em>Crisis and Social Fracture in Europe.\u00a0<\/em><em>Causes and Effects in Spain<\/em><u>.<\/u>\u00a0Barcelona: \u201cla Caixa\u201d, cap. 5, pp. 132-166. Colecci\u00f3n Estudios n\u00ba 35.<\/li>\n<li>GUILL\u00c9N, A.M.; PAVOLINI, E.; LUQUE, D. y ANAUT, S. (2012): \u201cThe role of social policies in resolving needs generated by the crisis\u201d. En: LAPARRA, M. and P\u00c9REZ ERANSUS, B. (coords.):\u00a0<em>Crisis and Social Fracture in Europe. Causes and Effects in Spain<\/em>. Barcelona: Welfare Proyect Foundation \u201cla Caixa\u201d, pp. 132-166.<\/li>\n<li>K\u00d6HLER, HD (2012): \u201cKohle und Stahl als strukturierender Konflikt der Sozialregion Asturien\/Nordspanien\u201d. En WESTERMANN, A. (ed.):\u00a0<em>Montanregion als Sozialregion<\/em>, Husum: Matthiesen Verlag, pp. 91-123 (ISBN: 978-3-7868-5303-9)<\/li>\n<li>K\u00d6HLER, HD (2012): \u201cRheinischer und mediterraner Kapitalismus in der Krise: deutsche und spanische Wirtschaftskulturen im Vergleich\u201d. En: MECKE, J, JUNKERJ\u00dcRGEN, R. y POEPPEL, H. (eds.):\u00a0<em>Deutsche und Spanier \u2013 ein Kulturvergleich<\/em>, Darmstadt: Wissenschaftliche Buchgesellschaft 2012, pp. 240-255 (ISBN: 978-3-8389-0267-8)<\/li>\n<li>LUQUE BALBONA, D. (2012): \u201cLas huelgas en Espa\u00f1a, 1976-2011\u201d. En VV.AA.\u00a0<em>I Congreso Trabajo, econom\u00eda y sociedad<\/em>, Madrid: Fundaci\u00f3n Primero de Mayo [eBook].<\/li>\n<li>LUQUE, D. y NU\u00d1O J. (2012): \u201cLa industria c\u00e1rnica nore\u00f1ense en torno a la d\u00e9cada de los 60: un panorama parcial\u201d, en VV.AA.:\u00a0<em>C\u00f3mo hemos cambiado\u2026 (Nore\u00f1a, a\u00f1os 60 y 70)<\/em>, Nore\u00f1a (Asturias): Asociaci\u00f3n Contigo, pp. 51-79<\/li>\n<\/ul>\n","protected":false},"excerpt":{"rendered":"<p>FAGAN, C. Y GONZ\u00c1LEZ MEN\u00c9NDEZ, M. C. (2012) \u201cConclusions\u201d. En: FAGAN, C., GONZ\u00c1LEZ MEN\u00c9NDEZ, M.C. y GOMEZ, S. (coords.):\u00a0Women on Corporate Boards and in Top Management: European Trends and Policy. Chippenham: Palgrave-MacMillan, 245-258 GARC\u00cdA BLANCO, J. M., (2012), \u201cLa contingente modernidad y sus ficciones\u201d. En: ROCHE, J. A. (ed.):\u00a0La sociolog\u00eda como una de las bellas [&hellip;]<\/p>\n","protected":false},"author":5,"featured_media":0,"parent":1426,"menu_order":0,"comment_status":"closed","ping_status":"closed","template":"","meta":{"_genesis_hide_title":false,"_genesis_hide_breadcrumbs":false,"_genesis_hide_singular_image":false,"_genesis_hide_footer_widgets":false,"_genesis_custom_body_class":"","_genesis_custom_post_class":"","_genesis_layout":"","footnotes":""},"class_list":{"0":"post-1977","1":"page","2":"type-page","3":"status-publish","5":"entry","6":"gs-1","7":"gs-odd","8":"gs-even","9":"gs-featured-content-entry"},"_links":{"self":[{"href":"https:\/\/www.unioviedo.es\/promebi\/wp-json\/wp\/v2\/pages\/1977","targetHints":{"allow":["GET"]}}],"collection":[{"href":"https:\/\/www.unioviedo.es\/promebi\/wp-json\/wp\/v2\/pages"}],"about":[{"href":"https:\/\/www.unioviedo.es\/promebi\/wp-json\/wp\/v2\/types\/page"}],"author":[{"embeddable":true,"href":"https:\/\/www.unioviedo.es\/promebi\/wp-json\/wp\/v2\/users\/5"}],"replies":[{"embeddable":true,"href":"https:\/\/www.unioviedo.es\/promebi\/wp-json\/wp\/v2\/comments?post=1977"}],"version-history":[{"count":1,"href":"https:\/\/www.unioviedo.es\/promebi\/wp-json\/wp\/v2\/pages\/1977\/revisions"}],"predecessor-version":[{"id":1978,"href":"https:\/\/www.unioviedo.es\/promebi\/wp-json\/wp\/v2\/pages\/1977\/revisions\/1978"}],"up":[{"embeddable":true,"href":"https:\/\/www.unioviedo.es\/promebi\/wp-json\/wp\/v2\/pages\/1426"}],"wp:attachment":[{"href":"https:\/\/www.unioviedo.es\/promebi\/wp-json\/wp\/v2\/media?parent=1977"}],"curies":[{"name":"wp","href":"https:\/\/api.w.org\/{rel}","templated":true}]}}

<ul>
<li>FAGAN, C. Y GONZÁLEZ MENÉNDEZ, M. C. (2012) “Conclusions”. En: FAGAN, C., GONZÁLEZ MENÉNDEZ, M.C. y GOMEZ, S. (coords.): <em>Women on Corporate Boards and in Top Management: European Trends and Policy</em>. Chippenham: Palgrave-MacMillan, 245-258</li>
<li>GARCÍA BLANCO, J. M., (2012), “La contingente modernidad y sus ficciones”. En: ROCHE, J. A. (ed.): <em>La sociología como una de las bellas artes. La influencia de la literatura y de las artes en el pensamiento sociológico</em>, Barcelona: Anthropos, 37-60.</li>
<li>GONZÁLEZ BEGEGA, S. y KÖHLER, H.D. (2012), “¿Fuegos de artificio? La representación de intereses laborales en consejos de administración a través de la Sociedad Europea (SE)”. En: VVAA. (coords.): <em>Trabajo, economía y sociedad</em>, Madrid: Fundación Primero de Mayo.</li>
<li>GONZÁLEZ MENÉNDEZ, M. C., FAGAN, C., Y GÓMEZ, S. (2012): “Introduction”. En: FAGAN, C., GONZÁLEZ MENÉNDEZ, M.C. y GOMEZ, S. (coords.): <em>Women on Corporate Boards and in Top Management: European Trends and Policy</em>. Chippenham: Palgrave-MacMillan, 1-17.</li>
<li>GONZÁLEZ MENÉNDEZ, M.C. Y MARTÍNEZ GONZÁLEZ, L. (2012) “Spain on the Norwegian pathway: Towards a gender-balanced presence of women on corporate boards”. En: FAGAN, C., GONZÁLEZ MENÉNDEZ, M.C. y GOMEZ, S. (coords.): <em>Women on Corporate Boards and in Top Management: European Trends and Policy</em>. Chippenham: Palgrave-MacMillan, 169-197</li>
<li>GONZÁLEZ MENÉNDEZ, M.C. Y MARTÍNEZ GONZÁLEZ, L. (2012) “The Women on Boards in Europe Project: Aims, Methodology and Limitations”, En: FAGAN, C., GONZÁLEZ MENÉNDEZ, M.C. y GOMEZ, S. (coords.): <em>Women on Corporate Boards and in Top Management: European Trends and Policy</em>. Chippenham: Palgrave-MacMillan, 43-69.</li>
<li>GONZÁLEZ, M. C. y ALMOND, P. (2012): “Flexible Working Practices”. En: BREWSTER, C. y MAYRHOFER, W. (coord.): <em>Handbook of Research on Comparative Human Resource Management</em>. Cheltenham: Edward Elgar, 322-344.</li>
<li>GUILLÉN, A.M. y PAVOLINI, E. (2012) “Young adults, Poverty and the Role of Social Policies”, en KNIJN, T. (ed.): <em>Work, Family Poli</em><em>cies and Transitions to Adulthood in Europe</em>. Basingstoke: Palgrave Macmillan, pp. 155-179.</li>
<li>GUILLÉN, A.M.; PAVOLINI, E.; LUQUE, D. y ANAUT S. (2012): “El paper de les polítiques socials per pal·liar les necessitats generades per la crisi”. En: LAPARRA, M. y PÉREZ ERANSUS, B. (coord.): <em>Crisi i fractura social a Europa- Causes i efectes a Espanya. Col·lecció d’Estudis Socials Núm. 35</em>. Barcelona: Obra Social “la Caixa”, pp. 135-169.</li>
<li>GUILLÉN, A.M.; PAVOLINI, E.; LUQUE, D. y ANAUT, S. (2012): “El papel de las políticas sociales para paliar las necesidades generadas por la crisis”. En LAPARRA, M. y PÉREZ ERANSUS, B. (coord.): <em>Crisis y fractura social en Europa. Causas y efectos en España.</em> Colección Estudios Sociales Núm. 35. Barcelona: Fundación “la Caixa”, pp. 139-175: ver publicación :<a href="http://multimedia.lacaixa.es/lacaixa/ondemand/obrasocial/pdf/estudiossociales/vol35_es.pdf">ver publicación</a></li>
<li>GUILLÉN, A.M.; PAVOLINI, E.; LUQUE, D. y ANAUT, S. (2012): “The role of social policies in resolving needs generated by the crisis”. En: LAPARRA, M. y PÉREZ ERANSUS, B. (eds.): <em>Crisis and Social Fracture in Europe. </em><em>Causes and Effects in Spain</em><u>.</u> Barcelona: “la Caixa”, cap. 5, pp. 132-166. Colección Estudios nº 35.</li>
<li>GUILLÉN, A.M.; PAVOLINI, E.; LUQUE, D. y ANAUT, S. (2012): “The role of social policies in resolving needs generated by the crisis”. En: LAPARRA, M. and PÉREZ ERANSUS, B. (coords.): <em>Crisis and Social Fracture in Europe. Causes and Effects in Spain</em>. Barcelona: Welfare Proyect Foundation “la Caixa”, pp. 132-166.</li>
<li>KÖHLER, HD (2012): “Kohle und Stahl als strukturierender Konflikt der Sozialregion Asturien/Nordspanien”. En WESTERMANN, A. (ed.): <em>Montanregion als Sozialregion</em>, Husum: Matthiesen Verlag, pp. 91-123 (ISBN: 978-3-7868-5303-9)</li>
<li>KÖHLER, HD (2012): “Rheinischer und mediterraner Kapitalismus in der Krise: deutsche und spanische Wirtschaftskulturen im Vergleich”. En: MECKE, J, JUNKERJÜRGEN, R. y POEPPEL, H. (eds.): <em>Deutsche und Spanier – ein Kulturvergleich</em>, Darmstadt: Wissenschaftliche Buchgesellschaft 2012, pp. 240-255 (ISBN: 978-3-8389-0267-8)</li>
<li>LUQUE BALBONA, D. (2012): “Las huelgas en España, 1976-2011”. En VV.AA. <em>I Congreso Trabajo, economía y sociedad</em>, Madrid: Fundación Primero de Mayo [eBook].</li>
<li>LUQUE, D. y NUÑO J. (2012): “La industria cárnica noreñense en torno a la década de los 60: un panorama parcial”, en VV.AA.: <em>Cómo hemos cambiado… (Noreña, años 60 y 70)</em>, Noreña (Asturias): Asociación Contigo, pp. 51-79</li>
</ul>

<p>FAGAN, C. Y GONZÁLEZ MENÉNDEZ, M. C. (2012) “Conclusions”. En: FAGAN, C., GONZÁLEZ MENÉNDEZ, M.C. y GOMEZ, S. (coords.): Women on Corporate Boards and in Top Management: European Trends and Policy. Chippenham: Palgrave-MacMillan, 245-258 GARCÍA BLANCO, J. M., (2012), “La contingente modernidad y sus ficciones”. En: ROCHE, J. A. (ed.): La sociología como una de las bellas [&hellip;]</p>
