{"id":1981,"date":"2018-04-18T18:51:25","date_gmt":"2018-04-18T16:51:25","guid":{"rendered":"http:\/\/www.unioviedo.es\/promebi\/?page_id=1981"},"modified":"2018-04-18T18:51:25","modified_gmt":"2018-04-18T16:51:25","slug":"2014-2","status":"publish","type":"page","link":"https:\/\/www.unioviedo.es\/promebi\/publicaciones_\/capitulos-de-libros\/2014-2\/","title":{"rendered":"2014"},"content":{"rendered":"<ul>\n<li>ALMOND, P. y GONZ\u00c1LEZ MEN\u00c9NDEZ, M. (2014): \u201cThe changing nature of HRM, organizational change and globalization\u201d, en: MART\u00cdNEZ LUCIO, M. (ed.):\u00a0<em>International Human Resource Management. An Employment Relations Perspective<\/em>. London: Sage. Ch. 2, pp. 37-56. . ISBN: 9780857029751 (hardcover) 9780857029768 (paperback) http:\/\/www.uk.sagepub.com\/booksProdDesc.nav?prodId=Book236025<\/li>\n<li>ALMOND, P., FERNER, A., GONZALEZ MENENDEZ, M., LAVELLE, J., GUNNIGLE, P., LUQUE BALBONA, D., y MONAGHAN, S. (2014): \u201cMultinational Corporations, Sub-national Governance and Human Resources: A Cross-national Comparison for Europe\u201d, en: RICHET, X., DELTEIL, V. and DIEUAIDE, P. (eds.):\u00a0<em>Strategies of Multinational Corporations and Social Regulations. European and Asian Perspectives<\/em>. Springer. pp.107-121. ISBN: 978-3-642-41368-1 (Print) 978-3-642-41369-8 (Online)\u00a0<a href=\"http:\/\/link.springer.com\/chapter\/10.1007%2F978-3-642-41369-8_7\">http:\/\/link.springer.com\/chapter\/10.1007%2F978-3-642-41369-8_7#<\/a><\/li>\n<li>ALMOND, P.; A. FERNER, M. GONZALEZ MENENDEZ; J. LAVELLE, D. LUQUE BALBONA and S. MONAGHAN (2014): \u201cMultinational Corporations, Sub-national Governance and Human Resources: A Cross-national Comparison for Europe\u201d. En RICHET, , DELTEIL, V. y DIEUAIDE, P. (eds.):\u00a0<em>Strategies of Multinational Corporations and Social Regulations. European and Asian Perspectives<\/em>. Springer, 107-124.<\/li>\n<li>ALONSO DOM\u00cdNGUEZ, A., GARC\u00cdA ESPEJO, I. y GUTI\u00c9RREZ PALACIOS, R. (2014): \u201cPrincipado de Asturias\u201d, en OLAZARAN RODR\u00cdGUEZ, M. y BRUNET ICART, I. (coords.):\u00a0<em>Entorno regional y Formaci\u00f3n profesional. Los casos de Arag\u00f3n, Asturias, Catalu\u00f1a, Madrid, Navarra y el Pa\u00eds Vasco<\/em>, Tarragona: Publicacions URV ; Servicio Editorial UPV\/EHU. Pp. 55-86.<\/li>\n<li>CUETO, B. Y RODR\u00cdGUEZ, V. (2014). \u201cSheltered employment centres and labour market integration of people with disabilities: A quasi-experimental evaluation using Spanish data\u201d. Cap\u00edtulo de Disadvantaged Workers. AIEL Series in Labour Economics. Springer. Pr\u00f3xima publicaci\u00f3n.<\/li>\n<li>GONZ\u00c1LEZ MEN\u00c9NDEZ M. y MART\u00cdNEZ LUCIO, M. (2014): \u201cVoice across Borders: Comparing and Explaining the Dynamics of Participation in a Context of Change\u201d. En: WILKINSON, A., DONAGHEY, J., DUNDON, T. y FREEMAN, R.B. (eds.):\u00a0<em>Handbook Of Research On Employee Voice<\/em>, Edward Elgar. April. Ch 23. ISBN: 9780857939265 (Hardback) 9780857939272 (ebook)\u00a0<a href=\"http:\/\/www.e-elgar.co.uk\/bookentry_main.lasso?id=14670\">http:\/\/www.e-elgar.co.uk\/bookentry_main.lasso?id=14670<\/a><\/li>\n<li>GUILL\u00c9N, A. M. y LUQUE, D. (2014). \u201cEvolving social policy languages in Spain: what did democracy and EU membership change?\u201d. En: B\u00c9LAND, D. y PETERSEN, K. (eds.):\u00a0<em>Analysing Social Policy Concepts and Language. Comparative and transnational perspectives<\/em><em>.<\/em>\u00a0Bristol: Policy Press, 263-276.<\/li>\n<li>GUILL\u00c9N, A.M. y LUQUE, D. (2014): \u201cEvolving social policy languages in Spain: what did democracy and EU membership change?\u201d. En: B\u00c9LAND D. y PETERSEN, K. (eds.):\u00a0<em>Analysing Social Policy Concepts and Language: Comparative and transnational perspectives<\/em>. Great Britain, Bristol: Policy Press. Pp. 263-276<\/li>\n<li>K\u00d6HLER, H-D y CALLEJA JIM\u00c9NEZ, J.P. (2014): \u201cLogros y derrotas sindicales como motor del progreso social en Alemania\u201d pp. 17-37 en BABIANO, J. (coord.) (2014):\u00a0<em>Trabajo y ciudadan\u00eda en la Europa Contempor\u00e1nea<\/em>. Fundaci\u00f3n 1\u00ba de Mayo.<\/li>\n<\/ul>\n","protected":false},"excerpt":{"rendered":"<p>ALMOND, P. y GONZ\u00c1LEZ MEN\u00c9NDEZ, M. (2014): \u201cThe changing nature of HRM, organizational change and globalization\u201d, en: MART\u00cdNEZ LUCIO, M. (ed.):\u00a0International Human Resource Management. An Employment Relations Perspective. London: Sage. Ch. 2, pp. 37-56. . ISBN: 9780857029751 (hardcover) 9780857029768 (paperback) http:\/\/www.uk.sagepub.com\/booksProdDesc.nav?prodId=Book236025 ALMOND, P., FERNER, A., GONZALEZ MENENDEZ, M., LAVELLE, J., GUNNIGLE, P., LUQUE BALBONA, D., [&hellip;]<\/p>\n","protected":false},"author":5,"featured_media":0,"parent":1426,"menu_order":0,"comment_status":"closed","ping_status":"closed","template":"","meta":{"_genesis_hide_title":false,"_genesis_hide_breadcrumbs":false,"_genesis_hide_singular_image":false,"_genesis_hide_footer_widgets":false,"_genesis_custom_body_class":"","_genesis_custom_post_class":"","_genesis_layout":"","footnotes":""},"class_list":{"0":"post-1981","1":"page","2":"type-page","3":"status-publish","5":"entry","6":"gs-1","7":"gs-odd","8":"gs-even","9":"gs-featured-content-entry"},"_links":{"self":[{"href":"https:\/\/www.unioviedo.es\/promebi\/wp-json\/wp\/v2\/pages\/1981","targetHints":{"allow":["GET"]}}],"collection":[{"href":"https:\/\/www.unioviedo.es\/promebi\/wp-json\/wp\/v2\/pages"}],"about":[{"href":"https:\/\/www.unioviedo.es\/promebi\/wp-json\/wp\/v2\/types\/page"}],"author":[{"embeddable":true,"href":"https:\/\/www.unioviedo.es\/promebi\/wp-json\/wp\/v2\/users\/5"}],"replies":[{"embeddable":true,"href":"https:\/\/www.unioviedo.es\/promebi\/wp-json\/wp\/v2\/comments?post=1981"}],"version-history":[{"count":1,"href":"https:\/\/www.unioviedo.es\/promebi\/wp-json\/wp\/v2\/pages\/1981\/revisions"}],"predecessor-version":[{"id":1982,"href":"https:\/\/www.unioviedo.es\/promebi\/wp-json\/wp\/v2\/pages\/1981\/revisions\/1982"}],"up":[{"embeddable":true,"href":"https:\/\/www.unioviedo.es\/promebi\/wp-json\/wp\/v2\/pages\/1426"}],"wp:attachment":[{"href":"https:\/\/www.unioviedo.es\/promebi\/wp-json\/wp\/v2\/media?parent=1981"}],"curies":[{"name":"wp","href":"https:\/\/api.w.org\/{rel}","templated":true}]}}

<ul>
<li>ALMOND, P. y GONZÁLEZ MENÉNDEZ, M. (2014): “The changing nature of HRM, organizational change and globalization”, en: MARTÍNEZ LUCIO, M. (ed.): <em>International Human Resource Management. An Employment Relations Perspective</em>. London: Sage. Ch. 2, pp. 37-56. . ISBN: 9780857029751 (hardcover) 9780857029768 (paperback) http://www.uk.sagepub.com/booksProdDesc.nav?prodId=Book236025</li>
<li>ALMOND, P., FERNER, A., GONZALEZ MENENDEZ, M., LAVELLE, J., GUNNIGLE, P., LUQUE BALBONA, D., y MONAGHAN, S. (2014): “Multinational Corporations, Sub-national Governance and Human Resources: A Cross-national Comparison for Europe”, en: RICHET, X., DELTEIL, V. and DIEUAIDE, P. (eds.): <em>Strategies of Multinational Corporations and Social Regulations. European and Asian Perspectives</em>. Springer. pp.107-121. ISBN: 978-3-642-41368-1 (Print) 978-3-642-41369-8 (Online) <a href="http://link.springer.com/chapter/10.1007%2F978-3-642-41369-8_7">http://link.springer.com/chapter/10.1007%2F978-3-642-41369-8_7#</a></li>
<li>ALMOND, P.; A. FERNER, M. GONZALEZ MENENDEZ; J. LAVELLE, D. LUQUE BALBONA and S. MONAGHAN (2014): “Multinational Corporations, Sub-national Governance and Human Resources: A Cross-national Comparison for Europe”. En RICHET, , DELTEIL, V. y DIEUAIDE, P. (eds.): <em>Strategies of Multinational Corporations and Social Regulations. European and Asian Perspectives</em>. Springer, 107-124.</li>
<li>ALONSO DOMÍNGUEZ, A., GARCÍA ESPEJO, I. y GUTIÉRREZ PALACIOS, R. (2014): “Principado de Asturias”, en OLAZARAN RODRÍGUEZ, M. y BRUNET ICART, I. (coords.): <em>Entorno regional y Formación profesional. Los casos de Aragón, Asturias, Cataluña, Madrid, Navarra y el País Vasco</em>, Tarragona: Publicacions URV ; Servicio Editorial UPV/EHU. Pp. 55-86.</li>
<li>CUETO, B. Y RODRÍGUEZ, V. (2014). “Sheltered employment centres and labour market integration of people with disabilities: A quasi-experimental evaluation using Spanish data”. Capítulo de Disadvantaged Workers. AIEL Series in Labour Economics. Springer. Próxima publicación.</li>
<li>GONZÁLEZ MENÉNDEZ M. y MARTÍNEZ LUCIO, M. (2014): “Voice across Borders: Comparing and Explaining the Dynamics of Participation in a Context of Change”. En: WILKINSON, A., DONAGHEY, J., DUNDON, T. y FREEMAN, R.B. (eds.): <em>Handbook Of Research On Employee Voice</em>, Edward Elgar. April. Ch 23. ISBN: 9780857939265 (Hardback) 9780857939272 (ebook) <a href="http://www.e-elgar.co.uk/bookentry_main.lasso?id=14670">http://www.e-elgar.co.uk/bookentry_main.lasso?id=14670</a></li>
<li>GUILLÉN, A. M. y LUQUE, D. (2014). “Evolving social policy languages in Spain: what did democracy and EU membership change?”. En: BÉLAND, D. y PETERSEN, K. (eds.): <em>Analysing Social Policy Concepts and Language. Comparative and transnational perspectives</em><em>.</em> Bristol: Policy Press, 263-276.</li>
<li>GUILLÉN, A.M. y LUQUE, D. (2014): “Evolving social policy languages in Spain: what did democracy and EU membership change?”. En: BÉLAND D. y PETERSEN, K. (eds.): <em>Analysing Social Policy Concepts and Language: Comparative and transnational perspectives</em>. Great Britain, Bristol: Policy Press. Pp. 263-276</li>
<li>KÖHLER, H-D y CALLEJA JIMÉNEZ, J.P. (2014): “Logros y derrotas sindicales como motor del progreso social en Alemania” pp. 17-37 en BABIANO, J. (coord.) (2014): <em>Trabajo y ciudadanía en la Europa Contemporánea</em>. Fundación 1º de Mayo.</li>
</ul>

<p>ALMOND, P. y GONZÁLEZ MENÉNDEZ, M. (2014): “The changing nature of HRM, organizational change and globalization”, en: MARTÍNEZ LUCIO, M. (ed.): International Human Resource Management. An Employment Relations Perspective. London: Sage. Ch. 2, pp. 37-56. . ISBN: 9780857029751 (hardcover) 9780857029768 (paperback) http://www.uk.sagepub.com/booksProdDesc.nav?prodId=Book236025 ALMOND, P., FERNER, A., GONZALEZ MENENDEZ, M., LAVELLE, J., GUNNIGLE, P., LUQUE BALBONA, D., [&hellip;]</p>
