{"id":1983,"date":"2018-04-18T18:51:56","date_gmt":"2018-04-18T16:51:56","guid":{"rendered":"http:\/\/www.unioviedo.es\/promebi\/?page_id=1983"},"modified":"2018-04-18T18:51:56","modified_gmt":"2018-04-18T16:51:56","slug":"2015-2","status":"publish","type":"page","link":"https:\/\/www.unioviedo.es\/promebi\/publicaciones_\/capitulos-de-libros\/2015-2\/","title":{"rendered":"2015"},"content":{"rendered":"<ul>\n<li>ALMOND, P. y GONZ\u00c1LEZ MEN\u00c9NDEZ, M. C. \u201cGeography and international HRM\u201d, en COLLINGS, D.G., WOOD, G.T. y CALIGIURI, P.M (eds.)\u00a0<em>The Routledge Companion to International Human Resource Management<\/em>, Nueva York: Routledge Companions, Ch. 5, 72-85<\/li>\n<li>ALONSO DOM\u00cdNGUEZ, A., GARC\u00cdA ESPEJO, I. y GUTI\u00c9RREZ PALACIOS, R. (2015) \u201cAsturias\u201d, en OLAZARAN, M. y ALBIZU, E. (coords.):\u00a0<em>Formaci\u00f3n profesional, empresa e innovaci\u00f3n en Espa\u00f1a<\/em>\u00a0[en l\u00ednea], pags. 43-79. Omnia Science Publisher. ISBN: 978-84-944229-5-9. http:\/\/dx.doi.org\/10.3926\/oms.276<\/li>\n<li>GONZ\u00c1LEZ BEGEGA, S. y LUQUE BALBONA, D. (2015): \u201cPactos Sociales y reforma de las pol\u00edticas de bienestar en Espa\u00f1a\u201d, en\u00a0<em>Informe Situaci\u00f3n Social en Espa\u00f1a 2015<\/em>, Madrid: Centro de Investigaciones Sociol\u00f3gicas, pp. 1071-1080.<\/li>\n<li>GONZ\u00c1LEZ MEN\u00c9NDEZ, M. C. \u201cLa gesti\u00f3n de los Recursos Humanos\u201d, en TORRES ALBERO, C. (ed.),\u00a0<em>Espa\u00f1a 2015. Situaci\u00f3n Social<\/em>, Madrid: Centro de Investigaciones Sociol\u00f3gicas, 842 \u2013 851.<\/li>\n<li>GUILL\u00c9N, A.M. (coord.) (2015): \u201cPol\u00edtica social (cap. 10)\u201d. En: TORRES, C. (ed.):\u00a0<em>Situaci\u00f3n Social. Espa\u00f1a 2015<\/em>. Madrid: Centro de Investigaciones Sociol\u00f3gicas.<\/li>\n<li>K\u00d6HLER, H-D. (2015): \u201cWandlungen im Deutschlandbild der Spanier von der Wiedervereinigung bis zur Wirtschaftskrise\u201d, en BILDUNG, P. (ed.),\u00a0<em>Deutschland Archiv<\/em>, Bonn, pp. 103-111. ISBN: 978-3-8389-0554-0.<\/li>\n<li>K\u00d6HLER, H-D. y CALLEJA, J.P. (2015): \u201cThe Automobile Demand in Spain\u201d, en JETIN, B. (ed.):\u00a0<em>Global Automobile Demand. Major Trends in Mature Economies<\/em>, Vol. 1, Houndsmills: Palgrave Macmillan, pp. 127-150<\/li>\n<li>MOREIRA, A., ALONSO-DOM\u00cdNGUEZ, A., ANTUNES, C., KARAMESSINI, M., RAITANO, M. y GLATZER, M. (2015) \u201cAusterity-Driven Labour Market Reforms in Southern Europe: Eroding the Security of Labour Market Insiders\u201d, en GUILLEN, A.M. y PAVOLINI, E. (eds.):\u00a0<em>Welfare States Under Strain in Southern Europe: Comparing Policy and Governance Changes in Greece, Italy and Spain<\/em>, p\u00e1gs. 202-225.\u00a0<em>European Journal of Social Security<\/em>, 17 (2) June 2015. ISSN: 1388-2627.<\/li>\n<\/ul>\n","protected":false},"excerpt":{"rendered":"<p>ALMOND, P. y GONZ\u00c1LEZ MEN\u00c9NDEZ, M. C. \u201cGeography and international HRM\u201d, en COLLINGS, D.G., WOOD, G.T. y CALIGIURI, P.M (eds.)\u00a0The Routledge Companion to International Human Resource Management, Nueva York: Routledge Companions, Ch. 5, 72-85 ALONSO DOM\u00cdNGUEZ, A., GARC\u00cdA ESPEJO, I. y GUTI\u00c9RREZ PALACIOS, R. (2015) \u201cAsturias\u201d, en OLAZARAN, M. y ALBIZU, E. (coords.):\u00a0Formaci\u00f3n profesional, empresa [&hellip;]<\/p>\n","protected":false},"author":5,"featured_media":0,"parent":1426,"menu_order":0,"comment_status":"closed","ping_status":"closed","template":"","meta":{"_genesis_hide_title":false,"_genesis_hide_breadcrumbs":false,"_genesis_hide_singular_image":false,"_genesis_hide_footer_widgets":false,"_genesis_custom_body_class":"","_genesis_custom_post_class":"","_genesis_layout":"","footnotes":""},"class_list":{"0":"post-1983","1":"page","2":"type-page","3":"status-publish","5":"entry","6":"gs-1","7":"gs-odd","8":"gs-even","9":"gs-featured-content-entry"},"_links":{"self":[{"href":"https:\/\/www.unioviedo.es\/promebi\/wp-json\/wp\/v2\/pages\/1983","targetHints":{"allow":["GET"]}}],"collection":[{"href":"https:\/\/www.unioviedo.es\/promebi\/wp-json\/wp\/v2\/pages"}],"about":[{"href":"https:\/\/www.unioviedo.es\/promebi\/wp-json\/wp\/v2\/types\/page"}],"author":[{"embeddable":true,"href":"https:\/\/www.unioviedo.es\/promebi\/wp-json\/wp\/v2\/users\/5"}],"replies":[{"embeddable":true,"href":"https:\/\/www.unioviedo.es\/promebi\/wp-json\/wp\/v2\/comments?post=1983"}],"version-history":[{"count":1,"href":"https:\/\/www.unioviedo.es\/promebi\/wp-json\/wp\/v2\/pages\/1983\/revisions"}],"predecessor-version":[{"id":1984,"href":"https:\/\/www.unioviedo.es\/promebi\/wp-json\/wp\/v2\/pages\/1983\/revisions\/1984"}],"up":[{"embeddable":true,"href":"https:\/\/www.unioviedo.es\/promebi\/wp-json\/wp\/v2\/pages\/1426"}],"wp:attachment":[{"href":"https:\/\/www.unioviedo.es\/promebi\/wp-json\/wp\/v2\/media?parent=1983"}],"curies":[{"name":"wp","href":"https:\/\/api.w.org\/{rel}","templated":true}]}}

<ul>
<li>ALMOND, P. y GONZÁLEZ MENÉNDEZ, M. C. “Geography and international HRM”, en COLLINGS, D.G., WOOD, G.T. y CALIGIURI, P.M (eds.) <em>The Routledge Companion to International Human Resource Management</em>, Nueva York: Routledge Companions, Ch. 5, 72-85</li>
<li>ALONSO DOMÍNGUEZ, A., GARCÍA ESPEJO, I. y GUTIÉRREZ PALACIOS, R. (2015) “Asturias”, en OLAZARAN, M. y ALBIZU, E. (coords.): <em>Formación profesional, empresa e innovación en España</em> [en línea], pags. 43-79. Omnia Science Publisher. ISBN: 978-84-944229-5-9. http://dx.doi.org/10.3926/oms.276</li>
<li>GONZÁLEZ BEGEGA, S. y LUQUE BALBONA, D. (2015): “Pactos Sociales y reforma de las políticas de bienestar en España”, en <em>Informe Situación Social en España 2015</em>, Madrid: Centro de Investigaciones Sociológicas, pp. 1071-1080.</li>
<li>GONZÁLEZ MENÉNDEZ, M. C. “La gestión de los Recursos Humanos”, en TORRES ALBERO, C. (ed.), <em>España 2015. Situación Social</em>, Madrid: Centro de Investigaciones Sociológicas, 842 – 851.</li>
<li>GUILLÉN, A.M. (coord.) (2015): “Política social (cap. 10)”. En: TORRES, C. (ed.): <em>Situación Social. España 2015</em>. Madrid: Centro de Investigaciones Sociológicas.</li>
<li>KÖHLER, H-D. (2015): “Wandlungen im Deutschlandbild der Spanier von der Wiedervereinigung bis zur Wirtschaftskrise”, en BILDUNG, P. (ed.), <em>Deutschland Archiv</em>, Bonn, pp. 103-111. ISBN: 978-3-8389-0554-0.</li>
<li>KÖHLER, H-D. y CALLEJA, J.P. (2015): “The Automobile Demand in Spain”, en JETIN, B. (ed.): <em>Global Automobile Demand. Major Trends in Mature Economies</em>, Vol. 1, Houndsmills: Palgrave Macmillan, pp. 127-150</li>
<li>MOREIRA, A., ALONSO-DOMÍNGUEZ, A., ANTUNES, C., KARAMESSINI, M., RAITANO, M. y GLATZER, M. (2015) “Austerity-Driven Labour Market Reforms in Southern Europe: Eroding the Security of Labour Market Insiders”, en GUILLEN, A.M. y PAVOLINI, E. (eds.): <em>Welfare States Under Strain in Southern Europe: Comparing Policy and Governance Changes in Greece, Italy and Spain</em>, págs. 202-225. <em>European Journal of Social Security</em>, 17 (2) June 2015. ISSN: 1388-2627.</li>
</ul>

<p>ALMOND, P. y GONZÁLEZ MENÉNDEZ, M. C. “Geography and international HRM”, en COLLINGS, D.G., WOOD, G.T. y CALIGIURI, P.M (eds.) The Routledge Companion to International Human Resource Management, Nueva York: Routledge Companions, Ch. 5, 72-85 ALONSO DOMÍNGUEZ, A., GARCÍA ESPEJO, I. y GUTIÉRREZ PALACIOS, R. (2015) “Asturias”, en OLAZARAN, M. y ALBIZU, E. (coords.): Formación profesional, empresa [&hellip;]</p>
