{"id":1985,"date":"2018-04-18T18:52:50","date_gmt":"2018-04-18T16:52:50","guid":{"rendered":"http:\/\/www.unioviedo.es\/promebi\/?page_id=1985"},"modified":"2018-04-18T18:52:50","modified_gmt":"2018-04-18T16:52:50","slug":"2016-2","status":"publish","type":"page","link":"https:\/\/www.unioviedo.es\/promebi\/publicaciones_\/capitulos-de-libros\/2016-2\/","title":{"rendered":"2016"},"content":{"rendered":"<ul>\n<li>GONZ\u00c1LEZ MEN\u00c9NDEZ, M. (2016): \u201cGlass Ceiling\u201d, en WILKINSON, A. y JOHNSTONE, S. (eds.), <em>Encyclopedia of Human Resources Management<\/em>, Cheltenham (United Kingdom): Edward Elgar Publishing, pp. 160-161.<\/li>\n<li>GUILL\u00c9N, ANA M.; GONZ\u00c1LEZ BEGEGA, S. y LUQUE BALBONA, D. (2016): \u201cEl Modelo Social Europeo: Evoluci\u00f3n y Retos\u201d. En: DEL PINO, E. y RUBIP M.J. (dirs.): <em>Los Estados de Bienestar en la Encrucijada. Pol\u00edticas Sociales en Perspectiva Comparada<\/em>, 2\u00aa edici\u00f3n ampliada, Madrid: Tecnos. Pp. 180-199. ISBN 978-84-309-6855-8<\/li>\n<li>GUILL\u00c9N RODR\u00cdGUEZ, A.M. &amp; GONZ\u00c1LEZ BEGEGA, S. (2016): \u201cSpain: Welfare State\u201d. En: DUBNIK, M. J. y BEARFIELD, D. (eds).: <em>Encyclopedia of Public Administration and Public Policy<\/em>, third edition. Nueva York: Taylor and Francis. Pp. 3095-400. ISBN 1-4200-5275-6.<\/li>\n<li>K\u00d6HLER, H.D. y GONZ\u00c1LEZ BEGEGA, S. (2016), \u2018Tenneco-Gij\u00f3n. A case of local worker resistance against a global player\u2019. In: V. PULIGNANO, H.D. K\u00d6HLER and P. STEWART (eds.),\u00a0<em>Employee Relations in an Era of Change. <\/em><em>Multi-level Challenges and Responses in Europe<\/em>, Brussels: ETUI, 17-36.<\/li>\n<li>GUILL\u00c9N RODR\u00cdGUEZ, A.M. and GONZ\u00c1LEZ BEGEGA, S. (2016), \u2018Spain. Welfare State\u2019. En: M.J. DUBNIK and D. BEARFIELD (eds.),\u00a0<em>Encyclopedia of Public Administration and Public Policy (EPAP)<\/em>, 3rd edition, New York: Taylor and Francis, 3095-4000.<\/li>\n<\/ul>\n","protected":false},"excerpt":{"rendered":"<p>GONZ\u00c1LEZ MEN\u00c9NDEZ, M. (2016): \u201cGlass Ceiling\u201d, en WILKINSON, A. y JOHNSTONE, S. (eds.), Encyclopedia of Human Resources Management, Cheltenham (United Kingdom): Edward Elgar Publishing, pp. 160-161. GUILL\u00c9N, ANA M.; GONZ\u00c1LEZ BEGEGA, S. y LUQUE BALBONA, D. (2016): \u201cEl Modelo Social Europeo: Evoluci\u00f3n y Retos\u201d. En: DEL PINO, E. y RUBIP M.J. (dirs.): Los Estados de [&hellip;]<\/p>\n","protected":false},"author":5,"featured_media":0,"parent":1426,"menu_order":0,"comment_status":"closed","ping_status":"closed","template":"","meta":{"_genesis_hide_title":false,"_genesis_hide_breadcrumbs":false,"_genesis_hide_singular_image":false,"_genesis_hide_footer_widgets":false,"_genesis_custom_body_class":"","_genesis_custom_post_class":"","_genesis_layout":"","footnotes":""},"class_list":{"0":"post-1985","1":"page","2":"type-page","3":"status-publish","5":"entry","6":"gs-1","7":"gs-odd","8":"gs-even","9":"gs-featured-content-entry"},"_links":{"self":[{"href":"https:\/\/www.unioviedo.es\/promebi\/wp-json\/wp\/v2\/pages\/1985","targetHints":{"allow":["GET"]}}],"collection":[{"href":"https:\/\/www.unioviedo.es\/promebi\/wp-json\/wp\/v2\/pages"}],"about":[{"href":"https:\/\/www.unioviedo.es\/promebi\/wp-json\/wp\/v2\/types\/page"}],"author":[{"embeddable":true,"href":"https:\/\/www.unioviedo.es\/promebi\/wp-json\/wp\/v2\/users\/5"}],"replies":[{"embeddable":true,"href":"https:\/\/www.unioviedo.es\/promebi\/wp-json\/wp\/v2\/comments?post=1985"}],"version-history":[{"count":1,"href":"https:\/\/www.unioviedo.es\/promebi\/wp-json\/wp\/v2\/pages\/1985\/revisions"}],"predecessor-version":[{"id":1986,"href":"https:\/\/www.unioviedo.es\/promebi\/wp-json\/wp\/v2\/pages\/1985\/revisions\/1986"}],"up":[{"embeddable":true,"href":"https:\/\/www.unioviedo.es\/promebi\/wp-json\/wp\/v2\/pages\/1426"}],"wp:attachment":[{"href":"https:\/\/www.unioviedo.es\/promebi\/wp-json\/wp\/v2\/media?parent=1985"}],"curies":[{"name":"wp","href":"https:\/\/api.w.org\/{rel}","templated":true}]}}