{"id":1987,"date":"2018-04-18T18:54:07","date_gmt":"2018-04-18T16:54:07","guid":{"rendered":"http:\/\/www.unioviedo.es\/promebi\/?page_id=1987"},"modified":"2018-04-18T18:54:07","modified_gmt":"2018-04-18T16:54:07","slug":"2017-2","status":"publish","type":"page","link":"https:\/\/www.unioviedo.es\/promebi\/publicaciones_\/capitulos-de-libros\/2017-2\/","title":{"rendered":"2017"},"content":{"rendered":"<ul>\n<li>GUILL\u00c9N, A.M. &amp; PAVOLINI, E. (2017) \u201cSpain and Italy: Regaining the Confidence and Legitimacy to Advance Social Policy\u201d, en Peter Taylor-Goby et al. ed. After Austerity: Welfare State Transformation in Europe after the Great Recession. Oxford: Oxford University Press, pp. 136-154.<\/li>\n<li>GARRIDO, L.; GUTI\u00c9RREZ, R. &amp; GUILL\u00c9N, A.M. (2017) \u201cBiographical dualism. Youth employment and poverty patterns in Spain\u201d, en Maria Petmesidou et al. ed. Child Poverty, Youth (Un)employment and Social Inclusion. Sttutgart: ibidem-Verlag, pp. 122-156.<\/li>\n<li>K\u00d6HLER, H-D. y CALLEJA JIM\u00c9NEZ, J.P. (2017) \u201cSpain: a peripheral economy and a vulnerable trade union movement\u201d en Lehndorff, Steffen; Dribbusch, Heiner y Schulten, Thornsten (eds.) Rough waters European trade unions in a time of crises. pp. 61 \u2013 82. European Trade Union Institute.<\/li>\n<li>GONZ\u00c1LEZ BEGEGA, S. and DEL PINO, E. (2017), \u2018 Social policy in Spain under Austerity. Assessing EU leverage for structural adjustment and welfare reform\u2019. In: J. RAMOS and E. DEL CAMPO (eds.),\u00a0<em>Austerity and the implementation of the E2020 Strategy in Spain<\/em>, Brussels, Peter Lang, 279-302.<\/li>\n<li>CUETO, B. y RODR\u00cdGUEZ, V. (2017): Los factores de vulnerabilidad para el empleo. En Fern\u00e1ndez Villaz\u00f3n, L. A. y Moreno Gen\u00e9, J. (Dir) Crisis de empleo, integraci\u00f3n y vulnerabilidad social, pp. 29-46. Navarra: Aranzadi.<\/li>\n<\/ul>\n","protected":false},"excerpt":{"rendered":"<p>GUILL\u00c9N, A.M. &amp; PAVOLINI, E. (2017) \u201cSpain and Italy: Regaining the Confidence and Legitimacy to Advance Social Policy\u201d, en Peter Taylor-Goby et al. ed. After Austerity: Welfare State Transformation in Europe after the Great Recession. Oxford: Oxford University Press, pp. 136-154. GARRIDO, L.; GUTI\u00c9RREZ, R. &amp; GUILL\u00c9N, A.M. (2017) \u201cBiographical dualism. Youth employment and poverty [&hellip;]<\/p>\n","protected":false},"author":5,"featured_media":0,"parent":1426,"menu_order":0,"comment_status":"closed","ping_status":"closed","template":"","meta":{"_genesis_hide_title":false,"_genesis_hide_breadcrumbs":false,"_genesis_hide_singular_image":false,"_genesis_hide_footer_widgets":false,"_genesis_custom_body_class":"","_genesis_custom_post_class":"","_genesis_layout":"","footnotes":""},"class_list":{"0":"post-1987","1":"page","2":"type-page","3":"status-publish","5":"entry","6":"gs-1","7":"gs-odd","8":"gs-even","9":"gs-featured-content-entry"},"_links":{"self":[{"href":"https:\/\/www.unioviedo.es\/promebi\/wp-json\/wp\/v2\/pages\/1987","targetHints":{"allow":["GET"]}}],"collection":[{"href":"https:\/\/www.unioviedo.es\/promebi\/wp-json\/wp\/v2\/pages"}],"about":[{"href":"https:\/\/www.unioviedo.es\/promebi\/wp-json\/wp\/v2\/types\/page"}],"author":[{"embeddable":true,"href":"https:\/\/www.unioviedo.es\/promebi\/wp-json\/wp\/v2\/users\/5"}],"replies":[{"embeddable":true,"href":"https:\/\/www.unioviedo.es\/promebi\/wp-json\/wp\/v2\/comments?post=1987"}],"version-history":[{"count":1,"href":"https:\/\/www.unioviedo.es\/promebi\/wp-json\/wp\/v2\/pages\/1987\/revisions"}],"predecessor-version":[{"id":1988,"href":"https:\/\/www.unioviedo.es\/promebi\/wp-json\/wp\/v2\/pages\/1987\/revisions\/1988"}],"up":[{"embeddable":true,"href":"https:\/\/www.unioviedo.es\/promebi\/wp-json\/wp\/v2\/pages\/1426"}],"wp:attachment":[{"href":"https:\/\/www.unioviedo.es\/promebi\/wp-json\/wp\/v2\/media?parent=1987"}],"curies":[{"name":"wp","href":"https:\/\/api.w.org\/{rel}","templated":true}]}}

<ul>
<li>GUILLÉN, A.M. &amp; PAVOLINI, E. (2017) “Spain and Italy: Regaining the Confidence and Legitimacy to Advance Social Policy”, en Peter Taylor-Goby et al. ed. After Austerity: Welfare State Transformation in Europe after the Great Recession. Oxford: Oxford University Press, pp. 136-154.</li>
<li>GARRIDO, L.; GUTIÉRREZ, R. &amp; GUILLÉN, A.M. (2017) “Biographical dualism. Youth employment and poverty patterns in Spain”, en Maria Petmesidou et al. ed. Child Poverty, Youth (Un)employment and Social Inclusion. Sttutgart: ibidem-Verlag, pp. 122-156.</li>
<li>KÖHLER, H-D. y CALLEJA JIMÉNEZ, J.P. (2017) “Spain: a peripheral economy and a vulnerable trade union movement” en Lehndorff, Steffen; Dribbusch, Heiner y Schulten, Thornsten (eds.) Rough waters European trade unions in a time of crises. pp. 61 – 82. European Trade Union Institute.</li>
<li>GONZÁLEZ BEGEGA, S. and DEL PINO, E. (2017), ‘ Social policy in Spain under Austerity. Assessing EU leverage for structural adjustment and welfare reform’. In: J. RAMOS and E. DEL CAMPO (eds.), <em>Austerity and the implementation of the E2020 Strategy in Spain</em>, Brussels, Peter Lang, 279-302.</li>
<li>CUETO, B. y RODRÍGUEZ, V. (2017): Los factores de vulnerabilidad para el empleo. En Fernández Villazón, L. A. y Moreno Gené, J. (Dir) Crisis de empleo, integración y vulnerabilidad social, pp. 29-46. Navarra: Aranzadi.</li>
</ul>

<p>GUILLÉN, A.M. &amp; PAVOLINI, E. (2017) “Spain and Italy: Regaining the Confidence and Legitimacy to Advance Social Policy”, en Peter Taylor-Goby et al. ed. After Austerity: Welfare State Transformation in Europe after the Great Recession. Oxford: Oxford University Press, pp. 136-154. GARRIDO, L.; GUTIÉRREZ, R. &amp; GUILLÉN, A.M. (2017) “Biographical dualism. Youth employment and poverty [&hellip;]</p>
