{"id":2277,"date":"2018-01-01T11:59:00","date_gmt":"2018-01-01T10:59:00","guid":{"rendered":"https:\/\/www.unioviedo.es\/promebi\/?page_id=2277"},"modified":"2026-04-15T13:44:12","modified_gmt":"2026-04-15T11:44:12","slug":"david-luque-balbona-2","status":"publish","type":"page","link":"https:\/\/www.unioviedo.es\/promebi\/equipo\/investigadores\/david-luque-balbona-2\/","title":{"rendered":"David Luque Balbona (Director)"},"content":{"rendered":"<p><img loading=\"lazy\" decoding=\"async\" class=\"alignleft wp-image-1074 size-medium\" src=\"http:\/\/www.unioviedo.es\/promebi\/wp-content\/uploads\/2016\/01\/David-Luque-Balbona-e1478022448506-300x270.jpg\" alt=\"David Luque Balbona\" width=\"300\" height=\"270\" srcset=\"https:\/\/www.unioviedo.es\/promebi\/wp-content\/uploads\/2016\/01\/David-Luque-Balbona-e1478022448506-300x270.jpg 300w, https:\/\/www.unioviedo.es\/promebi\/wp-content\/uploads\/2016\/01\/David-Luque-Balbona-e1478022448506-1024x922.jpg 1024w, https:\/\/www.unioviedo.es\/promebi\/wp-content\/uploads\/2016\/01\/David-Luque-Balbona-e1478022448506-768x692.jpg 768w, https:\/\/www.unioviedo.es\/promebi\/wp-content\/uploads\/2016\/01\/David-Luque-Balbona-e1478022448506.jpg 1316w\" sizes=\"auto, (max-width: 300px) 100vw, 300px\" \/><\/p>\n<p><strong style=\"font-family: -apple-system, BlinkMacSystemFont, 'Segoe UI', Roboto, Oxygen-Sans, Ubuntu, Cantarell, 'Helvetica Neue', sans-serif; font-size: 16px;\">Categor\u00eda: <\/strong>Profesor Titular de Universidad<strong style=\"font-family: -apple-system, BlinkMacSystemFont, 'Segoe UI', Roboto, Oxygen-Sans, Ubuntu, Cantarell, 'Helvetica Neue', sans-serif; font-size: 16px;\"><br \/>\nDepartamento: <\/strong>Sociolog\u00eda<strong style=\"font-family: -apple-system, BlinkMacSystemFont, 'Segoe UI', Roboto, Oxygen-Sans, Ubuntu, Cantarell, 'Helvetica Neue', sans-serif; font-size: 16px;\"><br \/>\n\u00c1rea: <\/strong>Sociolog\u00eda<strong style=\"font-family: -apple-system, BlinkMacSystemFont, 'Segoe UI', Roboto, Oxygen-Sans, Ubuntu, Cantarell, 'Helvetica Neue', sans-serif; font-size: 16px;\"><br \/>\nDespacho: <\/strong>n\u00ba 17 Ala 1<strong style=\"font-family: -apple-system, BlinkMacSystemFont, 'Segoe UI', Roboto, Oxygen-Sans, Ubuntu, Cantarell, 'Helvetica Neue', sans-serif; font-size: 16px;\"><br \/>\nTel\u00e9fono: <\/strong>985104950<strong style=\"font-family: -apple-system, BlinkMacSystemFont, 'Segoe UI', Roboto, Oxygen-Sans, Ubuntu, Cantarell, 'Helvetica Neue', sans-serif; font-size: 16px;\"><br \/>\nCorreo: <a href=\"mailto:luquedavid@uniovi.es\">luquedavid@uniovi.es<\/a><br \/>\nM\u00e1s informaci\u00f3n en los siguientes enlaces: <\/strong><a style=\"font-family: -apple-system, BlinkMacSystemFont, 'Segoe UI', Roboto, Oxygen-Sans, Ubuntu, Cantarell, 'Helvetica Neue', sans-serif; font-size: 16px;\" href=\"http:\/\/@luquedaviduni\">Twitter<\/a><span style=\"font-family: -apple-system, BlinkMacSystemFont, 'Segoe UI', Roboto, Oxygen-Sans, Ubuntu, Cantarell, 'Helvetica Neue', sans-serif; font-size: 16px;\">,\u00a0<\/span><a style=\"font-family: -apple-system, BlinkMacSystemFont, 'Segoe UI', Roboto, Oxygen-Sans, Ubuntu, Cantarell, 'Helvetica Neue', sans-serif; font-size: 16px;\" href=\"https:\/\/uniovi.academia.edu\/DavidLuqueBalbona\">Academia.edu<\/a><span style=\"font-family: -apple-system, BlinkMacSystemFont, 'Segoe UI', Roboto, Oxygen-Sans, Ubuntu, Cantarell, 'Helvetica Neue', sans-serif; font-size: 16px;\">,\u00a0<\/span><a style=\"font-family: -apple-system, BlinkMacSystemFont, 'Segoe UI', Roboto, Oxygen-Sans, Ubuntu, Cantarell, 'Helvetica Neue', sans-serif; font-size: 16px;\" href=\"https:\/\/www.researchgate.net\/profile\/David_Luque_Balbona\">ResearchGate<\/a><span style=\"font-family: -apple-system, BlinkMacSystemFont, 'Segoe UI', Roboto, Oxygen-Sans, Ubuntu, Cantarell, 'Helvetica Neue', sans-serif; font-size: 16px;\">,\u00a0<\/span><a style=\"font-family: -apple-system, BlinkMacSystemFont, 'Segoe UI', Roboto, Oxygen-Sans, Ubuntu, Cantarell, 'Helvetica Neue', sans-serif; font-size: 16px;\" href=\"http:\/\/scholar.google.es\/citations?user=V3WcnSkAAAAJ&amp;hl=es&amp;authuser=1\">Google Acad\u00e9mico<\/a><span style=\"font-family: -apple-system, BlinkMacSystemFont, 'Segoe UI', Roboto, Oxygen-Sans, Ubuntu, Cantarell, 'Helvetica Neue', sans-serif; font-size: 16px;\">\u00a0<\/span><\/p>\n<p><span style=\"color: #ffffff;\">.<\/span><\/p>\n<dl>\n<dd>\n<h3>\u00c1reas de inter\u00e9s:<\/h3>\n<ul>\n<li>Sociolog\u00eda del Trabajo<\/li>\n<li>Relaciones Laborales<\/li>\n<\/ul>\n<div class=\"publicaciones\">\n<h3>PERFIL INVESTIGADOR<\/h3>\n<p><a href=\"_wp_link_placeholder\" data-wplink-edit=\"true\">https:\/\/portalinvestigacion.uniovi.es\/investigadores\/219190\/detalle<\/a><\/p>\n<\/div>\n<div class=\"areasInteres\"><\/div>\n<\/dd>\n<\/dl>\n<pre class=\"wp-block-code\"><code><\/code><\/pre>\n","protected":false},"excerpt":{"rendered":"<p>Categor\u00eda: Profesor Titular de Universidad Departamento: Sociolog\u00eda \u00c1rea: Sociolog\u00eda Despacho: n\u00ba 17 Ala 1 Tel\u00e9fono: 985104950 Correo: luquedavid@uniovi.es M\u00e1s informaci\u00f3n en los siguientes enlaces: Twitter,\u00a0Academia.edu,\u00a0ResearchGate,\u00a0Google Acad\u00e9mico\u00a0 . \u00c1reas de inter\u00e9s: Sociolog\u00eda del Trabajo Relaciones Laborales PERFIL INVESTIGADOR https:\/\/portalinvestigacion.uniovi.es\/investigadores\/219190\/detalle<\/p>\n","protected":false},"author":5,"featured_media":1513,"parent":88,"menu_order":0,"comment_status":"closed","ping_status":"closed","template":"","meta":{"_genesis_hide_title":false,"_genesis_hide_breadcrumbs":false,"_genesis_hide_singular_image":false,"_genesis_hide_footer_widgets":false,"_genesis_custom_body_class":"","_genesis_custom_post_class":"","_genesis_layout":"","footnotes":""},"class_list":{"0":"post-2277","1":"page","2":"type-page","3":"status-publish","4":"has-post-thumbnail","6":"entry","7":"gs-1","8":"gs-odd","9":"gs-even","10":"gs-featured-content-entry"},"_links":{"self":[{"href":"https:\/\/www.unioviedo.es\/promebi\/wp-json\/wp\/v2\/pages\/2277","targetHints":{"allow":["GET"]}}],"collection":[{"href":"https:\/\/www.unioviedo.es\/promebi\/wp-json\/wp\/v2\/pages"}],"about":[{"href":"https:\/\/www.unioviedo.es\/promebi\/wp-json\/wp\/v2\/types\/page"}],"author":[{"embeddable":true,"href":"https:\/\/www.unioviedo.es\/promebi\/wp-json\/wp\/v2\/users\/5"}],"replies":[{"embeddable":true,"href":"https:\/\/www.unioviedo.es\/promebi\/wp-json\/wp\/v2\/comments?post=2277"}],"version-history":[{"count":7,"href":"https:\/\/www.unioviedo.es\/promebi\/wp-json\/wp\/v2\/pages\/2277\/revisions"}],"predecessor-version":[{"id":2682,"href":"https:\/\/www.unioviedo.es\/promebi\/wp-json\/wp\/v2\/pages\/2277\/revisions\/2682"}],"up":[{"embeddable":true,"href":"https:\/\/www.unioviedo.es\/promebi\/wp-json\/wp\/v2\/pages\/88"}],"wp:featuredmedia":[{"embeddable":true,"href":"https:\/\/www.unioviedo.es\/promebi\/wp-json\/wp\/v2\/media\/1513"}],"wp:attachment":[{"href":"https:\/\/www.unioviedo.es\/promebi\/wp-json\/wp\/v2\/media?parent=2277"}],"curies":[{"name":"wp","href":"https:\/\/api.w.org\/{rel}","templated":true}]}}