{"id":673,"date":"2018-01-05T12:00:27","date_gmt":"2018-01-05T11:00:27","guid":{"rendered":"http:\/\/156.35.33.98\/promebi\/?page_id=673"},"modified":"2018-03-12T09:01:51","modified_gmt":"2018-03-12T08:01:51","slug":"garcia-blanco-jose-maria","status":"publish","type":"page","link":"https:\/\/www.unioviedo.es\/promebi\/equipo\/investigadores\/garcia-blanco-jose-maria\/","title":{"rendered":"Jos\u00e9 Mar\u00eda Garc\u00eda Blanco"},"content":{"rendered":"<p><img loading=\"lazy\" decoding=\"async\" class=\"alignleft wp-image-1073 size-medium\" src=\"http:\/\/www.unioviedo.es\/promebi\/wp-content\/uploads\/2016\/01\/Chema-e1478020899329-300x271.jpg\" alt=\"Jos\u00e9 Mar\u00eda Garc\u00eda Blanco\" width=\"300\" height=\"271\" srcset=\"https:\/\/www.unioviedo.es\/promebi\/wp-content\/uploads\/2016\/01\/Chema-e1478020899329-300x271.jpg 300w, https:\/\/www.unioviedo.es\/promebi\/wp-content\/uploads\/2016\/01\/Chema-e1478020899329-768x693.jpg 768w, https:\/\/www.unioviedo.es\/promebi\/wp-content\/uploads\/2016\/01\/Chema-e1478020899329-1024x924.jpg 1024w, https:\/\/www.unioviedo.es\/promebi\/wp-content\/uploads\/2016\/01\/Chema-e1478020899329.jpg 1143w\" sizes=\"auto, (max-width: 300px) 100vw, 300px\" \/><\/p>\n<p><strong>Categor\u00eda:\u00a0<\/strong>Catedr\u00e1tico de Universidad<br \/>\n<strong>Departamento:\u00a0<\/strong>SOCIOLOG\u00cdA<br \/>\n<strong>\u00c1rea:\u00a0<\/strong>SOCIOLOG\u00cdA<span class=\"org\"><br \/>\n<\/span><strong>Tel\u00e9fono:<\/strong> 985 10 3738, extensi\u00f3n 2196 (Gij\u00f3n)<span class=\"org\"><br \/>\n<\/span><span class=\"org\"><strong>Despacho:<\/strong> n\u00b0 5, Ala 3<br \/>\n<\/span><strong>Correo<\/strong>: <a href=\"mailto:jblanco@uniovi.es\">jblanco@uniovi.es<br \/>\n<\/a><strong>Ficha personal:<\/strong> <a title=\"ver ficha\" href=\"http:\/\/directo.uniovi.es\/catalogo\/DetalleProfesor.asp?idprofesor=28082\">ver ficha<\/a><\/p>\n<h4><\/h4>\n<p>&nbsp;<\/p>\n<p>&nbsp;<\/p>\n<h3>\u00a0\u00c1reas de inter\u00e9s:<\/h3>\n<div class=\"areasInteres\">\n<ul>\n<li>Teor\u00eda Sociol\u00f3gica<\/li>\n<li>Desarrollo socio-econ\u00f3mico<\/li>\n<\/ul>\n<h3>Publicaciones:<\/h3>\n<ul>\n<li>GARC\u00cdA BLANCO, J. M., (2012), \u00abLa contingente modernidad y sus ficciones\u00bb, en J. A. Roche (ed.), La sociolog\u00eda como una de las bellas artes. La influencia de la literatura y de las artes en el pensamiento sociol\u00f3gico, Barcelona: Anthropos, 37-60.<\/li>\n<li>GARC\u00cdA BLANCO, J. M., (2012), \u00abLa exclusi\u00f3n social en la teor\u00eda social de Niklas Luhmann\u00bb, S\u00e9culo XXI, 2 (1): 43-71<\/li>\n<li>GARC\u00cdA BLANCO, J. M., (2011), \u00abDel derecho y su violencia\u00bb, Pol\u00edtica y Sociedad, 48 (3): 447-462.<\/li>\n<li>GARC\u00cdA BLANCO, J. M., (2010), \u00abCaballeros bajo el estandarte del Profeta\u00bb, en BERIAIN, J. y S\u00c1NCHEZ DE LA YNCERA, I. (eds.), Sagrado\/profano: nuevos desaf\u00edos al proyecto de la modernidad, Madrid: CIS, 213-244.<\/li>\n<li>GARC\u00cdA BLANCO, J. M., (2009), \u00abPoder pol\u00edtico, violencia y terror en la modernidad globalizada\u00bb, Anthropos, 222: 62-83.<\/li>\n<li>FAZIO, M. E. y GARC\u00cdA BLANCO, J. M., (2008), \u00abPercepciones, imaginario y apropiaci\u00f3n social de la ciencia y la tecnolog\u00eda: comparaciones entre Espa\u00f1a, la Uni\u00f3n Europea y EE UU\u00bb, en<\/li>\n<li>L\u00d3PEZ CEREZO, J. A. y G\u00d3MEZ GONZ\u00c1LEZ, J. (eds.), Apropiaci\u00f3n social de la ciencia, Madrid: Biblioteca Nueva y OEI: 19-61.<\/li>\n<li>GARC\u00cdA BLANCO, J. M., 2008, \u00abHumanismo, sociedad y sociolog\u00eda. Una perspectiva sist\u00e9mica\u00bb, Pol\u00edtica y Sociedad, 45 (3): 21-28.<\/li>\n<li>GARC\u00cdA BLANCO, J. M., (2007), \u00abViolencia, acci\u00f3n y comunicaci\u00f3n\u00bb, Papers, 84: 157-166.<\/li>\n<\/ul>\n<\/div>\n","protected":false},"excerpt":{"rendered":"<p>Categor\u00eda:\u00a0Catedr\u00e1tico de Universidad Departamento:\u00a0SOCIOLOG\u00cdA \u00c1rea:\u00a0SOCIOLOG\u00cdA Tel\u00e9fono: 985 10 3738, extensi\u00f3n 2196 (Gij\u00f3n) Despacho: n\u00b0 5, Ala 3 Correo: jblanco@uniovi.es Ficha personal: ver ficha &nbsp; &nbsp; \u00a0\u00c1reas de inter\u00e9s: Teor\u00eda Sociol\u00f3gica Desarrollo socio-econ\u00f3mico Publicaciones: GARC\u00cdA BLANCO, J. M., (2012), \u00abLa contingente modernidad y sus ficciones\u00bb, en J. A. Roche (ed.), La sociolog\u00eda como una de las [&hellip;]<\/p>\n","protected":false},"author":1,"featured_media":1073,"parent":88,"menu_order":0,"comment_status":"closed","ping_status":"closed","template":"","meta":{"_genesis_hide_title":false,"_genesis_hide_breadcrumbs":false,"_genesis_hide_singular_image":false,"_genesis_hide_footer_widgets":false,"_genesis_custom_body_class":"","_genesis_custom_post_class":"","_genesis_layout":"","footnotes":""},"class_list":{"0":"post-673","1":"page","2":"type-page","3":"status-publish","4":"has-post-thumbnail","6":"entry","7":"gs-1","8":"gs-odd","9":"gs-even","10":"gs-featured-content-entry"},"_links":{"self":[{"href":"https:\/\/www.unioviedo.es\/promebi\/wp-json\/wp\/v2\/pages\/673","targetHints":{"allow":["GET"]}}],"collection":[{"href":"https:\/\/www.unioviedo.es\/promebi\/wp-json\/wp\/v2\/pages"}],"about":[{"href":"https:\/\/www.unioviedo.es\/promebi\/wp-json\/wp\/v2\/types\/page"}],"author":[{"embeddable":true,"href":"https:\/\/www.unioviedo.es\/promebi\/wp-json\/wp\/v2\/users\/1"}],"replies":[{"embeddable":true,"href":"https:\/\/www.unioviedo.es\/promebi\/wp-json\/wp\/v2\/comments?post=673"}],"version-history":[{"count":11,"href":"https:\/\/www.unioviedo.es\/promebi\/wp-json\/wp\/v2\/pages\/673\/revisions"}],"predecessor-version":[{"id":1601,"href":"https:\/\/www.unioviedo.es\/promebi\/wp-json\/wp\/v2\/pages\/673\/revisions\/1601"}],"up":[{"embeddable":true,"href":"https:\/\/www.unioviedo.es\/promebi\/wp-json\/wp\/v2\/pages\/88"}],"wp:featuredmedia":[{"embeddable":true,"href":"https:\/\/www.unioviedo.es\/promebi\/wp-json\/wp\/v2\/media\/1073"}],"wp:attachment":[{"href":"https:\/\/www.unioviedo.es\/promebi\/wp-json\/wp\/v2\/media?parent=673"}],"curies":[{"name":"wp","href":"https:\/\/api.w.org\/{rel}","templated":true}]}}