{"id":701,"date":"2018-01-12T12:00:42","date_gmt":"2018-01-12T11:00:42","guid":{"rendered":"http:\/\/156.35.33.98\/promebi\/?page_id=701"},"modified":"2025-01-09T15:38:10","modified_gmt":"2025-01-09T14:38:10","slug":"rodriguez-alvarez-vanesa","status":"publish","type":"page","link":"https:\/\/www.unioviedo.es\/promebi\/equipo\/investigadores\/rodriguez-alvarez-vanesa\/","title":{"rendered":"Vanesa Rodr\u00edguez \u00c1lvarez"},"content":{"rendered":"<p><img loading=\"lazy\" decoding=\"async\" class=\"alignleft wp-image-1080 size-medium\" src=\"http:\/\/www.unioviedo.es\/promebi\/wp-content\/uploads\/2016\/01\/Vanesa-Rodriguez-Alvarez-e1478022949811-300x270.jpg\" alt=\"Vanesa Rodriguez Alvarez\" width=\"300\" height=\"270\" srcset=\"https:\/\/www.unioviedo.es\/promebi\/wp-content\/uploads\/2016\/01\/Vanesa-Rodriguez-Alvarez-e1478022949811-300x270.jpg 300w, https:\/\/www.unioviedo.es\/promebi\/wp-content\/uploads\/2016\/01\/Vanesa-Rodriguez-Alvarez-e1478022949811-768x690.jpg 768w, https:\/\/www.unioviedo.es\/promebi\/wp-content\/uploads\/2016\/01\/Vanesa-Rodriguez-Alvarez-e1478022949811-1024x920.jpg 1024w, https:\/\/www.unioviedo.es\/promebi\/wp-content\/uploads\/2016\/01\/Vanesa-Rodriguez-Alvarez-e1478022949811.jpg 1331w\" sizes=\"auto, (max-width: 300px) 100vw, 300px\" \/><\/p>\n<p><strong>Categor\u00eda:<\/strong> Profesora Titular de Universidad<span class=\"org\"><br \/>\n<\/span><strong>Departamento:<\/strong> SOCIOLOG\u00cdA<span class=\"org\"><br \/>\n<\/span><span class=\"org\"><strong>\u00c1rea:<\/strong> SOCIOLOG\u00cdA<br \/>\n<\/span><strong>Correo<\/strong>: <a class=\"email\" href=\"mailto:rodriguezvanesa@uniovi.es\">rodriguezvanesa@uniovi.es<\/a><br \/>\n<strong>Despacho: <\/strong>n\u00ba 2, Ala 3<\/p>\n<div class=\"publicaciones\">\n<p><strong>M\u00e1s informaci\u00f3n en los siguientes enlaces:<\/strong><\/p>\n<p><a href=\"https:\/\/scholar.google.es\/citations?hl=es&amp;user=XwLfAzEAAAAJ\">Researchgate<\/a>,\u00a0<a href=\"https:\/\/scholar.google.es\/citations?hl=es&amp;user=XwLfAzEAAAAJ\">Google acad\u00e9mico<\/a><\/p>\n<\/div>\n<h4><\/h4>\n<h4><\/h4>\n<h3>\u00c1reas de inter\u00e9s:<\/h3>\n<ul>\n<li>Mercado de trabajo<\/li>\n<li>Pol\u00edticas P\u00fablicas<\/li>\n<\/ul>\n<h3>Short Bio<\/h3>\n<p>Vanesa Rodr\u00edguez is Professor at the Department of Sociology in the Faculty of Economics and Business at the University of Oviedo. Her main research interests are employment policies, labour market segmentation, employment protection legislation, employment of people with disabilities, and the impact of labour market performance on poverty and social exclusion. He has published different academic articles among others in the International Journal of Manpower; WORK: A Journal of Prevention, Assessment, and Rehabilitation; Journal of Vocational Rehabilitation and a chapter on Disadvantaged Workers: Empirical Evidence and Labour Policies.<\/p>\n<div class=\"publicaciones\">\n<h4>Publicaciones:<\/h4>\n<ul>\n<li>RODR\u00cdGUEZ, V. (2018): Caracterizaci\u00f3n del empleo de las personas con discapacidad a partir de la MCVL. En: <i>El empleo de las personas con discapacidad: oportunidades y desaf\u00edos<\/i>. Madrid: Dykinson. Pr\u00f3xima publicaci\u00f3n<\/li>\n<li>RODR\u00cdGUEZ, V. (2017): \u201cEl empleo de las personas con discapacidad en Espa\u00f1a: quo venis, quo vadis\u201d.\u00a0<em>Panorama Social<\/em>, n\u00ba 26, pp. 41-56<\/li>\n<li>CUETO, B; RODR\u00cdGUEZ, V y SU\u00c1REZ, P (2017): \u201c\u00bfInfluye la pobreza en la juventud en la pobreza en la etapa adulta? Un an\u00e1lisis para Espa\u00f1a\u201d.<em>REIS, Revista Espa\u00f1ola de Investigaciones Sociol\u00f3gicas<\/em>, n\u00ba 160, pp. 39-60<\/li>\n<li>CUETO, B. y RODR\u00cdGUEZ, V. (2017): Los factores de vulnerabilidad para el empleo. En Fern\u00e1ndez Villaz\u00f3n, L. A. y Moreno Gen\u00e9, J. (Dir) Crisis de empleo, integraci\u00f3n y vulnerabilidad social, pp. 29-46. Navarra: Aranzadi.<\/li>\n<li>CUETO, B. y RODR\u00cdGUEZ, V. (2016): \u00abIs sheltered employment more stable than ordinary employment?\u00bb <em>WORK: A Journal of Prevention, Assessment &amp; Rehabilitation,\u00a0<\/em>vol. 55(1), pp. 51-61.<\/li>\n<li>RODR\u00cdGUEZ \u00c1LVAREZ, V y RUBIERA MOROLL\u00d3N, F. (2016): \u00abPanorama de las buenas pr\u00e1cticas y pol\u00edticas adoptadas en la Uni\u00f3n Europea frente al envejecimiento\u00bb, <em>Investigaciones Regionales<\/em>, n\u00fam. 34, pp. 131-179.<\/li>\n<li>GUTIERREZ, R y RODR\u00cdGUEZ, V. (2016): \u00abJ\u00f3venes y emprendendores. Las preferencias por el autoempleo de los j\u00f3venes en Espa\u00f1a\u00bb. <em>Revista del Ministerio de Empleo y Seguridad Social,<\/em> N\u00famero 121, serie Econom\u00eda y Sociolog\u00eda, pp. 37-64.<\/li>\n<li>RODR\u00cdGUEZ, V. (2015): \u00abEvoluci\u00f3n de la normativa sobre jubilaci\u00f3n en Espa\u00f1a\u00bb, <em>Revista del Ministerio de Empleo y Seguridad Social<\/em>, N\u00fam. 119, pp. 131-156.<\/li>\n<li>CUETO, B. y RODR\u00cdGUEZ, V. (2015): \u00abDeterminants of immigrant self-employment in Spain\u00bb, <em>International Journal of Manpower<\/em>, Vol. 36(6), pp. 895-911.<\/li>\n<li>MALO, M.A. Y RODR\u00cdGUEZ, V. (2015): \u00abLas personas con discapacidad en el mercado de trabajo espa\u00f1ol: Problemas y desaf\u00edos pendientes\u00bb, <em>Temas para el debate<\/em> N\u00ba. 248, pp. 33-35<\/li>\n<li>RODR\u00cdGUEZ, V. Y CUETO, B. (2014). Security versus instability in special work centers in Spain. <em>Journal of Vocational Rehabilitation<\/em>, Vol. 41(3), pp. 249-259.<\/li>\n<li>GONZ\u00c1LEZ BEGEGA S. Y RODR\u00cdGUEZ \u00c1LVAREZ, V. (2014). La Sociedad An\u00f3nima Europea (SE). Una evaluaci\u00f3n desde la perspectiva de la implicaci\u00f3n de trabajadores. <em>Revista del Ministerio de Empleo y Seguridad Social<\/em>, N\u00fam. 111, pp. 77-102.<\/li>\n<li>RODR\u00cdGUEZ, V., PRUNEDA, G., Y CUETO, B. (2014). Actitudes de la ciudadan\u00eda hacia los servicios p\u00fablicos. Valoraci\u00f3n y satisfacci\u00f3n en el periodo 2009-2011. <em>Pol\u00edtica y Sociedad<\/em>, Vol. 51(2), pp. 595-618.<\/li>\n<li>CUETO, B. Y RODR\u00cdGUEZ, V. (2014). \u00abSheltered employment centres and labour market integration of people with disabilities: A quasi-experimental evaluation using Spanish data\u00bb. Cap\u00edtulo de <em>Disadvantaged Workers. AIEL Series in Labour Economics<\/em>. Springer. Pr\u00f3xima publicaci\u00f3n.<\/li>\n<li>RODR\u00cdGUEZ, V., CUETO, B.y MALO, M.A. (2013).<em> Centros especiales de empleo. Trayectorias laborales de las personas con discapacidad<\/em>. Saarbr\u00fccken, Editorial Publicia.<\/li>\n<li>RODR\u00cdGUEZ, V. y CUETO, B. (2013). El trabajo de las personas con discapacidad ante la crisis. <em>Revista Internacional de Organizaciones<\/em>, N\u00fam. 11, pp. 61-86.<\/li>\n<li>CUETO, B. Y RODR\u00cdGUEZ, V. (2013): \u00abLa antig\u00fcedad de los indefinidos despedidos en Espa\u00f1a: \u00bfHay un antes y un despu\u00e9s de la reforma laboral de 2010\u00bb. <em>Cuadernos de Econom\u00eda<\/em>. Vol. 36 (102), pp. 117-127<\/li>\n<li>RODR\u00cdGUEZ, V. (2013): \u00abFuentes de informaci\u00f3n sobre discapacidad y empleo en Espa\u00f1a\u00bb.<em> Revista Espa\u00f1ola de Discapacidad<\/em>, N\u00fam. 1, pp. 73-95<\/li>\n<li>RODR\u00cdGUEZ, V. (2013): \u00abDiscapacidad y mercado de trabajo\u00bb. <em>Cuadernos de Informaci\u00f3n Econ\u00f3mica<\/em>, N\u00fam. 232, pp. 87-92.<\/li>\n<li>RODR\u00cdGUEZ, V. (2012): <em>Discapacidad y mercado de trabajo tres an\u00e1lisis emp\u00edricos con la muestra continua de vidas laborales<\/em>. Madrid, Colecci\u00f3n Estudios de la Fundaci\u00f3n, FUNCAS.<\/li>\n<li>RODR\u00cdGUEZ, V. (2012): \u00abLas pol\u00edticas de empleo orientadas a personas con discapacidad: \u00bfEvoluci\u00f3n o retroceso?\u00bb <em>Revista del Ministerio de Empleo y Seguridad Social<\/em>, N\u00fam. 101, pp. 77-96.<\/li>\n<li>RODR\u00cdGUEZ, V., MALO, M.A. y CUETO, B. (2012): \u00abDiferencias salariales por discapacidad y Centros Especiales de Empleo\u00bb <em>Cuadernos de Econom\u00eda<\/em>, Vol. 35, N\u00fam. 98, pp. 100-116.<\/li>\n<li>RODR\u00cdGUEZ, V. (2012): \u00abEl empleo de las personas con discapacidad en la gran recesi\u00f3n: \u00bfSon los Centros Especiales de Empleo una excepci\u00f3n?\u00bb <em>Estudios de Econom\u00eda Aplicada<\/em>, Vol. 30, N\u00fam. 1, pp. 237-259.<\/li>\n<li>CUETO, B., MALO, M.A. y RODR\u00cdGUEZ, V. (2012): \u00abLa brecha de participaci\u00f3n laboral de las personas con discapacidad en Espa\u00f1a. Un an\u00e1lisis con la EDAD-2008\u00bb. <em>Cuadernos de Mercado de Trabajo,<\/em> N\u00fam. 8, pp. 26-33<\/li>\n<li>RODR\u00cdGUEZ, V. (2011): \u00abEvoluci\u00f3n sobre normativa sobre incapacidad para el trabajo en el ordenamiento jur\u00eddico espa\u00f1ol\u00bb <em>Revista del Ministerio de Trabajo e Inmigraci\u00f3n<\/em>, N\u00fam. 94, pp. 173-197<\/li>\n<li>MALO, M.A., CUETO, B. y RODR\u00cdGUEZ, V. (2011): \u00abCompatibilidad entre pensiones contributivas por incapacidad y empleo: el caso espa\u00f1ol.\u00bb <em>Cuadernos de Relaciones Laborales<\/em>, Vol. 29, N\u00fam. 1, pp. 125-153.<\/li>\n<\/ul>\n<\/div>\n<div class=\"areasInteres\"><\/div>\n","protected":false},"excerpt":{"rendered":"<p>Categor\u00eda: Profesora Titular de Universidad Departamento: SOCIOLOG\u00cdA \u00c1rea: SOCIOLOG\u00cdA Correo: rodriguezvanesa@uniovi.es Despacho: n\u00ba 2, Ala 3 M\u00e1s informaci\u00f3n en los siguientes enlaces: Researchgate,\u00a0Google acad\u00e9mico \u00c1reas de inter\u00e9s: Mercado de trabajo Pol\u00edticas P\u00fablicas Short Bio Vanesa Rodr\u00edguez is Professor at the Department of Sociology in the Faculty of Economics and Business at the University of Oviedo. [&hellip;]<\/p>\n","protected":false},"author":1,"featured_media":1080,"parent":88,"menu_order":0,"comment_status":"closed","ping_status":"closed","template":"","meta":{"_genesis_hide_title":false,"_genesis_hide_breadcrumbs":false,"_genesis_hide_singular_image":false,"_genesis_hide_footer_widgets":false,"_genesis_custom_body_class":"","_genesis_custom_post_class":"","_genesis_layout":"","footnotes":""},"class_list":{"0":"post-701","1":"page","2":"type-page","3":"status-publish","4":"has-post-thumbnail","6":"entry","7":"gs-1","8":"gs-odd","9":"gs-even","10":"gs-featured-content-entry"},"_links":{"self":[{"href":"https:\/\/www.unioviedo.es\/promebi\/wp-json\/wp\/v2\/pages\/701","targetHints":{"allow":["GET"]}}],"collection":[{"href":"https:\/\/www.unioviedo.es\/promebi\/wp-json\/wp\/v2\/pages"}],"about":[{"href":"https:\/\/www.unioviedo.es\/promebi\/wp-json\/wp\/v2\/types\/page"}],"author":[{"embeddable":true,"href":"https:\/\/www.unioviedo.es\/promebi\/wp-json\/wp\/v2\/users\/1"}],"replies":[{"embeddable":true,"href":"https:\/\/www.unioviedo.es\/promebi\/wp-json\/wp\/v2\/comments?post=701"}],"version-history":[{"count":15,"href":"https:\/\/www.unioviedo.es\/promebi\/wp-json\/wp\/v2\/pages\/701\/revisions"}],"predecessor-version":[{"id":2483,"href":"https:\/\/www.unioviedo.es\/promebi\/wp-json\/wp\/v2\/pages\/701\/revisions\/2483"}],"up":[{"embeddable":true,"href":"https:\/\/www.unioviedo.es\/promebi\/wp-json\/wp\/v2\/pages\/88"}],"wp:featuredmedia":[{"embeddable":true,"href":"https:\/\/www.unioviedo.es\/promebi\/wp-json\/wp\/v2\/media\/1080"}],"wp:attachment":[{"href":"https:\/\/www.unioviedo.es\/promebi\/wp-json\/wp\/v2\/media?parent=701"}],"curies":[{"name":"wp","href":"https:\/\/api.w.org\/{rel}","templated":true}]}}

Vanesa Rodríguez Álvarez

<p><img loading="lazy" decoding="async" class="alignleft wp-image-1080 size-medium" src="http://www.unioviedo.es/promebi/wp-content/uploads/2016/01/Vanesa-Rodriguez-Alvarez-e1478022949811-300x270.jpg" alt="Vanesa Rodriguez Alvarez" width="300" height="270" srcset="https://www.unioviedo.es/promebi/wp-content/uploads/2016/01/Vanesa-Rodriguez-Alvarez-e1478022949811-300x270.jpg 300w, https://www.unioviedo.es/promebi/wp-content/uploads/2016/01/Vanesa-Rodriguez-Alvarez-e1478022949811-768x690.jpg 768w, https://www.unioviedo.es/promebi/wp-content/uploads/2016/01/Vanesa-Rodriguez-Alvarez-e1478022949811-1024x920.jpg 1024w, https://www.unioviedo.es/promebi/wp-content/uploads/2016/01/Vanesa-Rodriguez-Alvarez-e1478022949811.jpg 1331w" sizes="auto, (max-width: 300px) 100vw, 300px" /></p>
<p><strong>Categoría:</strong> Profesora Titular de Universidad<span class="org"><br />
</span><strong>Departamento:</strong> SOCIOLOGÍA<span class="org"><br />
</span><span class="org"><strong>Área:</strong> SOCIOLOGÍA<br />
</span><strong>Correo</strong>: <a class="email" href="mailto:rodriguezvanesa@uniovi.es">rodriguezvanesa@uniovi.es</a><br />
<strong>Despacho: </strong>nº 2, Ala 3</p>
<div class="publicaciones">
<p><strong>Más información en los siguientes enlaces:</strong></p>
<p><a href="https://scholar.google.es/citations?hl=es&amp;user=XwLfAzEAAAAJ">Researchgate</a>, <a href="https://scholar.google.es/citations?hl=es&amp;user=XwLfAzEAAAAJ">Google académico</a></p>
</div>
<h4></h4>
<h4></h4>
<h3>Áreas de interés:</h3>
<ul>
<li>Mercado de trabajo</li>
<li>Políticas Públicas</li>
</ul>
<h3>Short Bio</h3>
<p>Vanesa Rodríguez is Professor at the Department of Sociology in the Faculty of Economics and Business at the University of Oviedo. Her main research interests are employment policies, labour market segmentation, employment protection legislation, employment of people with disabilities, and the impact of labour market performance on poverty and social exclusion. He has published different academic articles among others in the International Journal of Manpower; WORK: A Journal of Prevention, Assessment, and Rehabilitation; Journal of Vocational Rehabilitation and a chapter on Disadvantaged Workers: Empirical Evidence and Labour Policies.</p>
<div class="publicaciones">
<h4>Publicaciones:</h4>
<ul>
<li>RODRÍGUEZ, V. (2018): Caracterización del empleo de las personas con discapacidad a partir de la MCVL. En: <i>El empleo de las personas con discapacidad: oportunidades y desafíos</i>. Madrid: Dykinson. Próxima publicación</li>
<li>RODRÍGUEZ, V. (2017): “El empleo de las personas con discapacidad en España: quo venis, quo vadis”. <em>Panorama Social</em>, nº 26, pp. 41-56</li>
<li>CUETO, B; RODRÍGUEZ, V y SUÁREZ, P (2017): “¿Influye la pobreza en la juventud en la pobreza en la etapa adulta? Un análisis para España”.<em>REIS, Revista Española de Investigaciones Sociológicas</em>, nº 160, pp. 39-60</li>
<li>CUETO, B. y RODRÍGUEZ, V. (2017): Los factores de vulnerabilidad para el empleo. En Fernández Villazón, L. A. y Moreno Gené, J. (Dir) Crisis de empleo, integración y vulnerabilidad social, pp. 29-46. Navarra: Aranzadi.</li>
<li>CUETO, B. y RODRÍGUEZ, V. (2016): «Is sheltered employment more stable than ordinary employment?» <em>WORK: A Journal of Prevention, Assessment &amp; Rehabilitation, </em>vol. 55(1), pp. 51-61.</li>
<li>RODRÍGUEZ ÁLVAREZ, V y RUBIERA MOROLLÓN, F. (2016): «Panorama de las buenas prácticas y políticas adoptadas en la Unión Europea frente al envejecimiento», <em>Investigaciones Regionales</em>, núm. 34, pp. 131-179.</li>
<li>GUTIERREZ, R y RODRÍGUEZ, V. (2016): «Jóvenes y emprendendores. Las preferencias por el autoempleo de los jóvenes en España». <em>Revista del Ministerio de Empleo y Seguridad Social,</em> Número 121, serie Economía y Sociología, pp. 37-64.</li>
<li>RODRÍGUEZ, V. (2015): «Evolución de la normativa sobre jubilación en España», <em>Revista del Ministerio de Empleo y Seguridad Social</em>, Núm. 119, pp. 131-156.</li>
<li>CUETO, B. y RODRÍGUEZ, V. (2015): «Determinants of immigrant self-employment in Spain», <em>International Journal of Manpower</em>, Vol. 36(6), pp. 895-911.</li>
<li>MALO, M.A. Y RODRÍGUEZ, V. (2015): «Las personas con discapacidad en el mercado de trabajo español: Problemas y desafíos pendientes», <em>Temas para el debate</em> Nº. 248, pp. 33-35</li>
<li>RODRÍGUEZ, V. Y CUETO, B. (2014). Security versus instability in special work centers in Spain. <em>Journal of Vocational Rehabilitation</em>, Vol. 41(3), pp. 249-259.</li>
<li>GONZÁLEZ BEGEGA S. Y RODRÍGUEZ ÁLVAREZ, V. (2014). La Sociedad Anónima Europea (SE). Una evaluación desde la perspectiva de la implicación de trabajadores. <em>Revista del Ministerio de Empleo y Seguridad Social</em>, Núm. 111, pp. 77-102.</li>
<li>RODRÍGUEZ, V., PRUNEDA, G., Y CUETO, B. (2014). Actitudes de la ciudadanía hacia los servicios públicos. Valoración y satisfacción en el periodo 2009-2011. <em>Política y Sociedad</em>, Vol. 51(2), pp. 595-618.</li>
<li>CUETO, B. Y RODRÍGUEZ, V. (2014). «Sheltered employment centres and labour market integration of people with disabilities: A quasi-experimental evaluation using Spanish data». Capítulo de <em>Disadvantaged Workers. AIEL Series in Labour Economics</em>. Springer. Próxima publicación.</li>
<li>RODRÍGUEZ, V., CUETO, B.y MALO, M.A. (2013).<em> Centros especiales de empleo. Trayectorias laborales de las personas con discapacidad</em>. Saarbrücken, Editorial Publicia.</li>
<li>RODRÍGUEZ, V. y CUETO, B. (2013). El trabajo de las personas con discapacidad ante la crisis. <em>Revista Internacional de Organizaciones</em>, Núm. 11, pp. 61-86.</li>
<li>CUETO, B. Y RODRÍGUEZ, V. (2013): «La antigüedad de los indefinidos despedidos en España: ¿Hay un antes y un después de la reforma laboral de 2010». <em>Cuadernos de Economía</em>. Vol. 36 (102), pp. 117-127</li>
<li>RODRÍGUEZ, V. (2013): «Fuentes de información sobre discapacidad y empleo en España».<em> Revista Española de Discapacidad</em>, Núm. 1, pp. 73-95</li>
<li>RODRÍGUEZ, V. (2013): «Discapacidad y mercado de trabajo». <em>Cuadernos de Información Económica</em>, Núm. 232, pp. 87-92.</li>
<li>RODRÍGUEZ, V. (2012): <em>Discapacidad y mercado de trabajo tres análisis empíricos con la muestra continua de vidas laborales</em>. Madrid, Colección Estudios de la Fundación, FUNCAS.</li>
<li>RODRÍGUEZ, V. (2012): «Las políticas de empleo orientadas a personas con discapacidad: ¿Evolución o retroceso?» <em>Revista del Ministerio de Empleo y Seguridad Social</em>, Núm. 101, pp. 77-96.</li>
<li>RODRÍGUEZ, V., MALO, M.A. y CUETO, B. (2012): «Diferencias salariales por discapacidad y Centros Especiales de Empleo» <em>Cuadernos de Economía</em>, Vol. 35, Núm. 98, pp. 100-116.</li>
<li>RODRÍGUEZ, V. (2012): «El empleo de las personas con discapacidad en la gran recesión: ¿Son los Centros Especiales de Empleo una excepción?» <em>Estudios de Economía Aplicada</em>, Vol. 30, Núm. 1, pp. 237-259.</li>
<li>CUETO, B., MALO, M.A. y RODRÍGUEZ, V. (2012): «La brecha de participación laboral de las personas con discapacidad en España. Un análisis con la EDAD-2008». <em>Cuadernos de Mercado de Trabajo,</em> Núm. 8, pp. 26-33</li>
<li>RODRÍGUEZ, V. (2011): «Evolución sobre normativa sobre incapacidad para el trabajo en el ordenamiento jurídico español» <em>Revista del Ministerio de Trabajo e Inmigración</em>, Núm. 94, pp. 173-197</li>
<li>MALO, M.A., CUETO, B. y RODRÍGUEZ, V. (2011): «Compatibilidad entre pensiones contributivas por incapacidad y empleo: el caso español.» <em>Cuadernos de Relaciones Laborales</em>, Vol. 29, Núm. 1, pp. 125-153.</li>
</ul>
</div>
<div class="areasInteres"></div>

<p>Categoría: Profesora Titular de Universidad Departamento: SOCIOLOGÍA Área: SOCIOLOGÍA Correo: rodriguezvanesa@uniovi.es Despacho: nº 2, Ala 3 Más información en los siguientes enlaces: Researchgate, Google académico Áreas de interés: Mercado de trabajo Políticas Públicas Short Bio Vanesa Rodríguez is Professor at the Department of Sociology in the Faculty of Economics and Business at the University of Oviedo. [&hellip;]</p>
