{"id":794,"date":"2016-01-08T21:10:07","date_gmt":"2016-01-08T20:10:07","guid":{"rendered":"     http:\/\/156.35.33.98\/promebi\/?page_id=794"},"modified":"2016-01-08T21:10:07","modified_gmt":"2016-01-08T20:10:07","slug":"aviso-legal","status":"publish","type":"page","link":"https:\/\/www.unioviedo.es\/promebi\/aviso-legal\/","title":{"rendered":"Aviso Legal"},"content":{"rendered":"<p>\u00a9 Universidad de Oviedo, 2014. Todos los derechos reservados.<\/p>\n<p>Esta web y la informaci\u00f3n contenida en ella est\u00e1n sujetas a los derechos de autor y no pueden ser difundidos, modificados o copiados, ni total ni parcialmente, sin previa autorizaci\u00f3n por escrito de la Universidad de Oviedo. Las im\u00e1genes incluidas en la web no podr\u00e1n utilizarse si no se cuenta con la aprobaci\u00f3n previa por escrito de la Universidad de Oviedo.<\/p>\n<p>La Universidad de Oviedo no asume ninguna responsabilidad relacionada con el contenido de las p\u00e1ginas a las que se pueda acceder desde esta web.<\/p>\n<p>Para m\u00e1s informaci\u00f3n dir\u00edjase a:<\/p>\n<p><span class=\"contenidoDestacado\">Centro de Innovaci\u00f3n de la Universidad de Oviedo<\/span><\/p>\n<dl class=\"datosContacto\">\n<dt class=\"situacion\">Direcci\u00f3n:<br \/>\nCampus de Mieres C\/ Gonzalo Guti\u00e9rrez Quir\u00f3s, s\/n 33600 Mieres<br \/>\n<a title=\"llamar al n\u00famero\" href=\"tel:985 458 091\">985 458 091<br \/>\n<\/a>Fax: 985 45 80 81<br \/>\n<a title=\"Enviar correo\" href=\"mailto:c1nn@innova.uniovi.es\">c1nn@innova.uniovi.es<\/a><\/dt>\n<\/dl>\n","protected":false},"excerpt":{"rendered":"<p>\u00a9 Universidad de Oviedo, 2014. Todos los derechos reservados. Esta web y la informaci\u00f3n contenida en ella est\u00e1n sujetas a los derechos de autor y no pueden ser difundidos, modificados o copiados, ni total ni parcialmente, sin previa autorizaci\u00f3n por escrito de la Universidad de Oviedo. Las im\u00e1genes incluidas en la web no podr\u00e1n utilizarse [&hellip;]<\/p>\n","protected":false},"author":1,"featured_media":0,"parent":0,"menu_order":0,"comment_status":"closed","ping_status":"closed","template":"","meta":{"_genesis_hide_title":false,"_genesis_hide_breadcrumbs":false,"_genesis_hide_singular_image":false,"_genesis_hide_footer_widgets":false,"_genesis_custom_body_class":"","_genesis_custom_post_class":"","_genesis_layout":"","footnotes":""},"class_list":{"0":"post-794","1":"page","2":"type-page","3":"status-publish","5":"entry","6":"gs-1","7":"gs-odd","8":"gs-even","9":"gs-featured-content-entry"},"_links":{"self":[{"href":"https:\/\/www.unioviedo.es\/promebi\/wp-json\/wp\/v2\/pages\/794","targetHints":{"allow":["GET"]}}],"collection":[{"href":"https:\/\/www.unioviedo.es\/promebi\/wp-json\/wp\/v2\/pages"}],"about":[{"href":"https:\/\/www.unioviedo.es\/promebi\/wp-json\/wp\/v2\/types\/page"}],"author":[{"embeddable":true,"href":"https:\/\/www.unioviedo.es\/promebi\/wp-json\/wp\/v2\/users\/1"}],"replies":[{"embeddable":true,"href":"https:\/\/www.unioviedo.es\/promebi\/wp-json\/wp\/v2\/comments?post=794"}],"version-history":[{"count":1,"href":"https:\/\/www.unioviedo.es\/promebi\/wp-json\/wp\/v2\/pages\/794\/revisions"}],"predecessor-version":[{"id":795,"href":"https:\/\/www.unioviedo.es\/promebi\/wp-json\/wp\/v2\/pages\/794\/revisions\/795"}],"wp:attachment":[{"href":"https:\/\/www.unioviedo.es\/promebi\/wp-json\/wp\/v2\/media?parent=794"}],"curies":[{"name":"wp","href":"https:\/\/api.w.org\/{rel}","templated":true}]}}