{"id":1115,"date":"2026-01-28T11:11:48","date_gmt":"2026-01-28T10:11:48","guid":{"rendered":"https:\/\/www.unioviedo.es\/publicaciones_grec\/?page_id=1115"},"modified":"2026-01-28T11:11:48","modified_gmt":"2026-01-28T10:11:48","slug":"coleccion-el-quijote-y-sus-interpretaciones-19","status":"publish","type":"page","link":"https:\/\/www.unioviedo.es\/publicaciones_grec\/index.php\/coleccion-el-quijote-y-sus-interpretaciones-19\/","title":{"rendered":"Colecci\u00f3n \u00abEl Quijote y sus interpretaciones\u00bb. 19"},"content":{"rendered":"\n<p style=\"font-size:31px\"><strong>Vidas de papel. Personajes principales, an\u00f3nimos y colectivos en el <em>Quijote <\/em>y el <em>Persiles <\/em><\/strong><\/p>\n\n\n\n<p><\/p>\n\n\n\n<p style=\"font-size:22px\"><strong>Jos\u00e9 Manuel Mart\u00edn Mor\u00e1n<\/strong><\/p>\n\n\n\n<p>Publicado en 2025<\/p>\n\n\n\n<hr class=\"wp-block-separator has-css-opacity\"\/>\n\n\n\n<figure class=\"wp-block-gallery alignleft has-nested-images columns-default is-cropped wp-block-gallery-1 is-layout-flex wp-block-gallery-is-layout-flex\">\n<figure class=\"wp-block-image size-large\"><img loading=\"lazy\" decoding=\"async\" width=\"619\" height=\"930\" data-id=\"1116\" src=\"https:\/\/www.unioviedo.es\/publicaciones_grec\/wp-content\/uploads\/2026\/01\/Vidas-de-papel.png\" alt=\"\" class=\"wp-image-1116\" srcset=\"https:\/\/www.unioviedo.es\/publicaciones_grec\/wp-content\/uploads\/2026\/01\/Vidas-de-papel.png 619w, https:\/\/www.unioviedo.es\/publicaciones_grec\/wp-content\/uploads\/2026\/01\/Vidas-de-papel-200x300.png 200w\" sizes=\"auto, (max-width: 619px) 100vw, 619px\" \/><\/figure>\n<\/figure>\n\n\n\n<p>Los diez cap\u00edtulos de este libro proponen sendos asedios al <em>Quijote<\/em> y al <em>Persiles<\/em> desde perspectivas aparentemente marginales, como el tema del doble, las ilustraciones del personaje de Dulcinea en los dos \u00faltimos siglos o las funciones de los personajes menos relevantes, los an\u00f3nimos o los colectivos.<\/p>\n\n\n\n<p>Los personajes del tercer nivel, los an\u00f3nimos y los colectivos, m\u00e1s all\u00e1 de su dimensi\u00f3n puramente utilitaria en el relato, le devuelven una dimensi\u00f3n social que posibilita la confrontaci\u00f3n de los protagonistas con la alteridad, en un di\u00e1logo que los obligar\u00e1 a \u00abhacerse cargo\u00bb del punto de vista ajeno sobre el mundo. La comparaci\u00f3n con el mismo rango de personajes en el <em>Quijote <\/em>de <strong>Avellaneda<\/strong>, quienes no poseen esa capacidad dial\u00f3gica de los cervantinos, proyecta nueva luz sobre la concepci\u00f3n de la novela por parte de <strong>Cervantes<\/strong>.<\/p>\n\n\n\n<p>La disposici\u00f3n a \u00abhacerse cargo\u00bb de la perspectiva ajena est\u00e1 en la base de la construcci\u00f3n de los personajes de don Quijote y Sancho. Tres cap\u00edtulos de este libro tratan de ahondar en el asunto: los dedicados al proceso de autoconstrucci\u00f3n de don Quijote, a su relaci\u00f3n con los dobles que otros personajes le van proponiendo y a la autorregulaci\u00f3n del sistema binario compuesto por Sancho y \u00e9l mismo en respuesta a los est\u00edmulos externos. En fin, las sendas apartadas por las que transita este libro podr\u00edan conducir al lector hasta el coraz\u00f3n mismo de las dos obras maestras cervantinas o, al menos, eso es lo que pretende su autor.<\/p>\n\n\n\n<hr class=\"wp-block-separator has-css-opacity\"\/>\n\n\n\n<p style=\"font-size:22px\"><strong>Se puede encontrar el libro en pdf en el siguiente enlace del <a href=\"https:\/\/hdl.handle.net\/10651\/81105\" target=\"_blank\" rel=\"noreferrer noopener\">RUO<\/a><\/strong>.<\/p>\n\n\n\n<p><\/p>\n","protected":false},"excerpt":{"rendered":"<p>Vidas de papel. Personajes principales, an\u00f3nimos y colectivos en el Quijote y el Persiles Jos\u00e9 Manuel Mart\u00edn Mor\u00e1n Publicado en 2025 Los diez cap\u00edtulos de este libro proponen sendos asedios al Quijote y al Persiles desde perspectivas aparentemente marginales, como el tema del doble, las ilustraciones del personaje de Dulcinea en los dos \u00faltimos siglos &hellip; <\/p>\n<p class=\"link-more\"><a href=\"https:\/\/www.unioviedo.es\/publicaciones_grec\/index.php\/coleccion-el-quijote-y-sus-interpretaciones-19\/\" class=\"more-link\">Continuar leyendo<span class=\"screen-reader-text\"> \u00abColecci\u00f3n \u00abEl Quijote y sus interpretaciones\u00bb. 19&#8243;<\/span><\/a><\/p>\n","protected":false},"author":1,"featured_media":0,"parent":0,"menu_order":0,"comment_status":"closed","ping_status":"closed","template":"","meta":{"footnotes":""},"class_list":["post-1115","page","type-page","status-publish","hentry"],"_links":{"self":[{"href":"https:\/\/www.unioviedo.es\/publicaciones_grec\/index.php\/wp-json\/wp\/v2\/pages\/1115","targetHints":{"allow":["GET"]}}],"collection":[{"href":"https:\/\/www.unioviedo.es\/publicaciones_grec\/index.php\/wp-json\/wp\/v2\/pages"}],"about":[{"href":"https:\/\/www.unioviedo.es\/publicaciones_grec\/index.php\/wp-json\/wp\/v2\/types\/page"}],"author":[{"embeddable":true,"href":"https:\/\/www.unioviedo.es\/publicaciones_grec\/index.php\/wp-json\/wp\/v2\/users\/1"}],"replies":[{"embeddable":true,"href":"https:\/\/www.unioviedo.es\/publicaciones_grec\/index.php\/wp-json\/wp\/v2\/comments?post=1115"}],"version-history":[{"count":5,"href":"https:\/\/www.unioviedo.es\/publicaciones_grec\/index.php\/wp-json\/wp\/v2\/pages\/1115\/revisions"}],"predecessor-version":[{"id":1121,"href":"https:\/\/www.unioviedo.es\/publicaciones_grec\/index.php\/wp-json\/wp\/v2\/pages\/1115\/revisions\/1121"}],"wp:attachment":[{"href":"https:\/\/www.unioviedo.es\/publicaciones_grec\/index.php\/wp-json\/wp\/v2\/media?parent=1115"}],"curies":[{"name":"wp","href":"https:\/\/api.w.org\/{rel}","templated":true}]}}

Colección «El Quijote y sus interpretaciones». 19

<p style="font-size:31px"><strong>Vidas de papel. Personajes principales, anónimos y colectivos en el <em>Quijote </em>y el <em>Persiles </em></strong></p>



<p></p>



<p style="font-size:22px"><strong>José Manuel Martín Morán</strong></p>



<p>Publicado en 2025</p>



<hr class="wp-block-separator has-css-opacity"/>



<figure class="wp-block-gallery alignleft has-nested-images columns-default is-cropped wp-block-gallery-1 is-layout-flex wp-block-gallery-is-layout-flex">
<figure class="wp-block-image size-large"><img loading="lazy" decoding="async" width="619" height="930" data-id="1116" src="https://www.unioviedo.es/publicaciones_grec/wp-content/uploads/2026/01/Vidas-de-papel.png" alt="" class="wp-image-1116" srcset="https://www.unioviedo.es/publicaciones_grec/wp-content/uploads/2026/01/Vidas-de-papel.png 619w, https://www.unioviedo.es/publicaciones_grec/wp-content/uploads/2026/01/Vidas-de-papel-200x300.png 200w" sizes="auto, (max-width: 619px) 100vw, 619px" /></figure>
</figure>



<p>Los diez capítulos de este libro proponen sendos asedios al <em>Quijote</em> y al <em>Persiles</em> desde perspectivas aparentemente marginales, como el tema del doble, las ilustraciones del personaje de Dulcinea en los dos últimos siglos o las funciones de los personajes menos relevantes, los anónimos o los colectivos.</p>



<p>Los personajes del tercer nivel, los anónimos y los colectivos, más allá de su dimensión puramente utilitaria en el relato, le devuelven una dimensión social que posibilita la confrontación de los protagonistas con la alteridad, en un diálogo que los obligará a «hacerse cargo» del punto de vista ajeno sobre el mundo. La comparación con el mismo rango de personajes en el <em>Quijote </em>de <strong>Avellaneda</strong>, quienes no poseen esa capacidad dialógica de los cervantinos, proyecta nueva luz sobre la concepción de la novela por parte de <strong>Cervantes</strong>.</p>



<p>La disposición a «hacerse cargo» de la perspectiva ajena está en la base de la construcción de los personajes de don Quijote y Sancho. Tres capítulos de este libro tratan de ahondar en el asunto: los dedicados al proceso de autoconstrucción de don Quijote, a su relación con los dobles que otros personajes le van proponiendo y a la autorregulación del sistema binario compuesto por Sancho y él mismo en respuesta a los estímulos externos. En fin, las sendas apartadas por las que transita este libro podrían conducir al lector hasta el corazón mismo de las dos obras maestras cervantinas o, al menos, eso es lo que pretende su autor.</p>



<hr class="wp-block-separator has-css-opacity"/>



<p style="font-size:22px"><strong>Se puede encontrar el libro en pdf en el siguiente enlace del <a href="https://hdl.handle.net/10651/81105" target="_blank" rel="noreferrer noopener">RUO</a></strong>.</p>



<p></p>

<p>Vidas de papel. Personajes principales, anónimos y colectivos en el Quijote y el Persiles José Manuel Martín Morán Publicado en 2025 Los diez capítulos de este libro proponen sendos asedios al Quijote y al Persiles desde perspectivas aparentemente marginales, como el tema del doble, las ilustraciones del personaje de Dulcinea en los dos últimos siglos &hellip; </p>
<p class="link-more"><a href="https://www.unioviedo.es/publicaciones_grec/index.php/coleccion-el-quijote-y-sus-interpretaciones-19/" class="more-link">Continuar leyendo<span class="screen-reader-text"> «Colección «El Quijote y sus interpretaciones». 19&#8243;</span></a></p>
