{"id":743,"date":"2024-11-27T18:32:22","date_gmt":"2024-11-27T17:32:22","guid":{"rendered":"https:\/\/www.unioviedo.es\/publicaciones_grec\/?page_id=743"},"modified":"2024-11-27T18:32:23","modified_gmt":"2024-11-27T17:32:23","slug":"coleccion-el-quijote-y-sus-interpretaciones-10","status":"publish","type":"page","link":"https:\/\/www.unioviedo.es\/publicaciones_grec\/index.php\/coleccion-el-quijote-y-sus-interpretaciones-10\/","title":{"rendered":"Colecci\u00f3n \u00abEl Quijote y sus interpretaciones\u00bb. 10"},"content":{"rendered":"\n<h2 class=\"wp-block-heading has-black-color has-text-color has-link-color wp-elements-a31599210fea34fbcd4566a8b9b5e6c8\" style=\"font-size:31px\"><strong><em>Las bodas de Camacho<\/em><\/strong><\/h2>\n\n\n\n<h2 class=\"wp-block-heading has-black-color has-text-color has-link-color has-medium-font-size wp-elements-03445cf4933564896c025b46f4942426\"><strong>Antonio Valladares de Sotomayor <\/strong><\/h2>\n\n\n\n<p>Edici\u00f3n e introducci\u00f3n Santiago Alfonso L\u00f3pez Navia <\/p>\n\n\n\n<p class=\"has-small-font-size\">Publicado en 2023<\/p>\n\n\n<div class=\"wp-block-image\">\n<figure class=\"alignleft size-full\"><img loading=\"lazy\" decoding=\"async\" width=\"385\" height=\"583\" src=\"https:\/\/www.unioviedo.es\/publicaciones_grec\/wp-content\/uploads\/2024\/11\/Captura-de-pantalla-11.png\" alt=\"\" class=\"wp-image-728\" srcset=\"https:\/\/www.unioviedo.es\/publicaciones_grec\/wp-content\/uploads\/2024\/11\/Captura-de-pantalla-11.png 385w, https:\/\/www.unioviedo.es\/publicaciones_grec\/wp-content\/uploads\/2024\/11\/Captura-de-pantalla-11-198x300.png 198w\" sizes=\"auto, (max-width: 385px) 100vw, 385px\" \/><\/figure>\n<\/div>\n\n\n<div class=\"wp-block-group is-nowrap is-layout-flex wp-container-core-group-is-layout-ad2f72ca wp-block-group-is-layout-flex\">\n<p><strong>Antonio Valladares de Sotomayor<\/strong> (Rianxo, La Coru\u00f1a 1737) comienza a ganarse tempranamente la vida en la Corte como autor teatral y como periodista. En 1787 funda el <em>Semanario Erudito<\/em>, al que puede dedicarse hasta 1791 por el prestigio y los ingresos que le depara la publicaci\u00f3n. Entre 1797 y 1808 publica los nueve tomos de <em>La Leandra<\/em>, su novela por entregas, con la que obtiene cierto \u00e9xito especialmente gracias a los cuatro primeros vol\u00famenes. En 1804 emprende el fugaz proyecto del <em>Almac\u00e9n de Frutos Literarios<\/em>, cuya prohibici\u00f3n fue casi inmediatamente decretada por Floridablanca. Esta peripecia le depar\u00f3 su primer conflicto relevante en una vida que no fue f\u00e1cil, como acreditan los procesos inquisitoriales sufridos en 1815 y en 1818.<\/p>\n<\/div>\n\n\n\n<p><strong>Valladares<\/strong> es autor de una vasta producci\u00f3n firmada a veces con su nombre propio y otras con diversos anagramas y conformada por catorce obras de tem\u00e1tica diversa y por ciento sesenta y cinco obras dram\u00e1ticas sumando comedias, sainetes, obras cortas y un buen n\u00famero de piezas atribuidas a su autor\u00eda. Cosecha un \u00e9xito significativo durante los a\u00f1os de su producci\u00f3n teatral junto a Francisco Comella y Gaspar Zavala y Zamora, los principales representantes de la denominada Escuela de Comella. Su obra, escrita con un registro humor\u00edstico amplio y elaborado, se ajusta a la pretensi\u00f3n ilustrada de educar y divertir, aunque haciendo ciertas concesiones al p\u00fablico.<\/p>\n\n\n\n<p class=\"has-black-color has-text-color has-link-color wp-elements-baf7f07ecf8a28e56b33fbcd51168f4e\" style=\"font-size:22px\"><strong>Se puede encontrar el libro en pdf en el siguiente enlace del <a href=\"https:\/\/digibuo.uniovi.es\/dspace\/handle\/10651\/71007\">RUO<\/a> <\/strong><\/p>\n","protected":false},"excerpt":{"rendered":"<p>Las bodas de Camacho Antonio Valladares de Sotomayor Edici\u00f3n e introducci\u00f3n Santiago Alfonso L\u00f3pez Navia Publicado en 2023 Antonio Valladares de Sotomayor (Rianxo, La Coru\u00f1a 1737) comienza a ganarse tempranamente la vida en la Corte como autor teatral y como periodista. En 1787 funda el Semanario Erudito, al que puede dedicarse hasta 1791 por el &hellip; <\/p>\n<p class=\"link-more\"><a href=\"https:\/\/www.unioviedo.es\/publicaciones_grec\/index.php\/coleccion-el-quijote-y-sus-interpretaciones-10\/\" class=\"more-link\">Continuar leyendo<span class=\"screen-reader-text\"> \u00abColecci\u00f3n \u00abEl Quijote y sus interpretaciones\u00bb. 10&#8243;<\/span><\/a><\/p>\n","protected":false},"author":2,"featured_media":0,"parent":0,"menu_order":0,"comment_status":"closed","ping_status":"closed","template":"","meta":{"footnotes":""},"class_list":["post-743","page","type-page","status-publish","hentry"],"_links":{"self":[{"href":"https:\/\/www.unioviedo.es\/publicaciones_grec\/index.php\/wp-json\/wp\/v2\/pages\/743","targetHints":{"allow":["GET"]}}],"collection":[{"href":"https:\/\/www.unioviedo.es\/publicaciones_grec\/index.php\/wp-json\/wp\/v2\/pages"}],"about":[{"href":"https:\/\/www.unioviedo.es\/publicaciones_grec\/index.php\/wp-json\/wp\/v2\/types\/page"}],"author":[{"embeddable":true,"href":"https:\/\/www.unioviedo.es\/publicaciones_grec\/index.php\/wp-json\/wp\/v2\/users\/2"}],"replies":[{"embeddable":true,"href":"https:\/\/www.unioviedo.es\/publicaciones_grec\/index.php\/wp-json\/wp\/v2\/comments?post=743"}],"version-history":[{"count":6,"href":"https:\/\/www.unioviedo.es\/publicaciones_grec\/index.php\/wp-json\/wp\/v2\/pages\/743\/revisions"}],"predecessor-version":[{"id":827,"href":"https:\/\/www.unioviedo.es\/publicaciones_grec\/index.php\/wp-json\/wp\/v2\/pages\/743\/revisions\/827"}],"wp:attachment":[{"href":"https:\/\/www.unioviedo.es\/publicaciones_grec\/index.php\/wp-json\/wp\/v2\/media?parent=743"}],"curies":[{"name":"wp","href":"https:\/\/api.w.org\/{rel}","templated":true}]}}