{"id":747,"date":"2024-11-27T18:32:46","date_gmt":"2024-11-27T17:32:46","guid":{"rendered":"https:\/\/www.unioviedo.es\/publicaciones_grec\/?page_id=747"},"modified":"2024-11-27T18:32:47","modified_gmt":"2024-11-27T17:32:47","slug":"coleccion-el-quijote-y-sus-interpretaciones-12","status":"publish","type":"page","link":"https:\/\/www.unioviedo.es\/publicaciones_grec\/index.php\/coleccion-el-quijote-y-sus-interpretaciones-12\/","title":{"rendered":"Colecci\u00f3n \u00abEl Quijote y sus interpretaciones\u00bb. 12"},"content":{"rendered":"\n<h2 class=\"wp-block-heading has-black-color has-text-color has-link-color wp-elements-41e87a12adf007c65d8fa9d981d9727d\" style=\"font-size:31px\"><strong>Las locuras de Cardenio <\/strong><\/h2>\n\n\n\n<h2 class=\"wp-block-heading has-black-color has-text-color has-link-color wp-elements-bcd40251488100201358a72868db8895\" style=\"font-size:22px\"><strong>Pichou<\/strong><\/h2>\n\n\n\n<p>Edici\u00f3n traducci\u00f3n y notas Emmanuel Marigno<\/p>\n\n\n\n<p>Publicado en 2023<\/p>\n\n\n<div class=\"wp-block-image\">\n<figure class=\"alignleft size-full\"><img loading=\"lazy\" decoding=\"async\" width=\"390\" height=\"585\" src=\"https:\/\/www.unioviedo.es\/publicaciones_grec\/wp-content\/uploads\/2024\/11\/Captura-de-pantalla-9.png\" alt=\"\" class=\"wp-image-726\" srcset=\"https:\/\/www.unioviedo.es\/publicaciones_grec\/wp-content\/uploads\/2024\/11\/Captura-de-pantalla-9.png 390w, https:\/\/www.unioviedo.es\/publicaciones_grec\/wp-content\/uploads\/2024\/11\/Captura-de-pantalla-9-200x300.png 200w\" sizes=\"auto, (max-width: 390px) 100vw, 390px\" \/><\/figure>\n<\/div>\n\n\n<p><\/p>\n\n\n\n<p>Aunque breve, la producci\u00f3n de <strong>Pichou <\/strong>permanece en la historia de la literatura francesa como muy original y prometedora. Nacido en Dij\u00f3n, el joven Pichou, cuyo verdadero nombre se desconoce, se muda a Par\u00eds para satisfacer su ambici\u00f3n art\u00edstica. Consigue de pronto fama en los c\u00edrculos literarios de la capital, e incluso relaciones pol\u00edticas de las m\u00e1s encumbradas, llegando hasta el propio rey Luis XIII.<\/p>\n\n\n\n<p>En plena ascensi\u00f3n art\u00edstica, cultural y social, se encuentra a <strong>Pichou <\/strong>misteriosamente asesinado, con treinta y cinco a\u00f1os de edad, en un sombr\u00edo callej\u00f3n parisiense.<\/p>\n\n\n\n<p><\/p>\n\n\n\n<p><\/p>\n\n\n\n<p class=\"has-black-color has-text-color has-link-color wp-elements-523bc96b3e40bc101d0390907242be34\" style=\"font-size:22px\"><strong>Se puede encontrar el libro en pdf en el siguiente enlace del<a href=\"https:\/\/digibuo.uniovi.es\/dspace\/handle\/10651\/72445\"> RUO<\/a>.<\/strong><\/p>\n\n\n\n<p><\/p>\n","protected":false},"excerpt":{"rendered":"<p>Las locuras de Cardenio Pichou Edici\u00f3n traducci\u00f3n y notas Emmanuel Marigno Publicado en 2023 Aunque breve, la producci\u00f3n de Pichou permanece en la historia de la literatura francesa como muy original y prometedora. Nacido en Dij\u00f3n, el joven Pichou, cuyo verdadero nombre se desconoce, se muda a Par\u00eds para satisfacer su ambici\u00f3n art\u00edstica. Consigue de &hellip; <\/p>\n<p class=\"link-more\"><a href=\"https:\/\/www.unioviedo.es\/publicaciones_grec\/index.php\/coleccion-el-quijote-y-sus-interpretaciones-12\/\" class=\"more-link\">Continuar leyendo<span class=\"screen-reader-text\"> \u00abColecci\u00f3n \u00abEl Quijote y sus interpretaciones\u00bb. 12&#8243;<\/span><\/a><\/p>\n","protected":false},"author":2,"featured_media":0,"parent":0,"menu_order":0,"comment_status":"closed","ping_status":"closed","template":"","meta":{"footnotes":""},"class_list":["post-747","page","type-page","status-publish","hentry"],"_links":{"self":[{"href":"https:\/\/www.unioviedo.es\/publicaciones_grec\/index.php\/wp-json\/wp\/v2\/pages\/747","targetHints":{"allow":["GET"]}}],"collection":[{"href":"https:\/\/www.unioviedo.es\/publicaciones_grec\/index.php\/wp-json\/wp\/v2\/pages"}],"about":[{"href":"https:\/\/www.unioviedo.es\/publicaciones_grec\/index.php\/wp-json\/wp\/v2\/types\/page"}],"author":[{"embeddable":true,"href":"https:\/\/www.unioviedo.es\/publicaciones_grec\/index.php\/wp-json\/wp\/v2\/users\/2"}],"replies":[{"embeddable":true,"href":"https:\/\/www.unioviedo.es\/publicaciones_grec\/index.php\/wp-json\/wp\/v2\/comments?post=747"}],"version-history":[{"count":7,"href":"https:\/\/www.unioviedo.es\/publicaciones_grec\/index.php\/wp-json\/wp\/v2\/pages\/747\/revisions"}],"predecessor-version":[{"id":900,"href":"https:\/\/www.unioviedo.es\/publicaciones_grec\/index.php\/wp-json\/wp\/v2\/pages\/747\/revisions\/900"}],"wp:attachment":[{"href":"https:\/\/www.unioviedo.es\/publicaciones_grec\/index.php\/wp-json\/wp\/v2\/media?parent=747"}],"curies":[{"name":"wp","href":"https:\/\/api.w.org\/{rel}","templated":true}]}}