{"id":147,"date":"2019-07-02T23:58:40","date_gmt":"2019-07-02T21:58:40","guid":{"rendered":"https:\/\/www.unioviedo.es\/qtcmat\/?page_id=147"},"modified":"2019-07-03T01:36:57","modified_gmt":"2019-07-02T23:36:57","slug":"bachelor","status":"publish","type":"page","link":"https:\/\/www.unioviedo.es\/qtcmat\/index.php\/bachelor\/","title":{"rendered":"Bachelor"},"content":{"rendered":"\n<h2 class=\"wp-block-heading\" style=\"text-align:center\">Plan de 1973 de licenciado en Ciencias Qu\u00edmicas<\/h2>\n\n\n\n<hr class=\"wp-block-separator\"\/>\n\n\n\n<ul><li>Qu\u00edmica General (1\u00ba; 88-89, 89-90, 90-91, 92-93, 93-94)<\/li><\/ul>\n\n\n\n<ul><li>Termodin\u00e1mica Qu\u00edmica (2\u00ba; 93-94)<\/li><\/ul>\n\n\n\n<ul><li>Qu\u00edmica F\u00edsica (3\u00ba; 89-90, 90-91, 92-93)<\/li><\/ul>\n\n\n\n<ul><li>Ampliaci\u00f3n de Qu\u00edmica F\u00edsica (4\u00ba; 90-91)<\/li><\/ul>\n\n\n\n<ul><li>Cin\u00e9tica Qu\u00edmica (5\u00ba; 88-89)<\/li><\/ul>\n\n\n\n<ul><li>Estructura de la Materia y Espectroscop\u00eda (5\u00ba; 89-90, 90-91, 92-93, 93-94)<\/li><\/ul>\n\n\n\n<h2 class=\"wp-block-heading\" style=\"text-align:center\">Plan de 1994 de licenciado en Ciencias Qu\u00edmicas<\/h2>\n\n\n\n<hr class=\"wp-block-separator\"\/>\n\n\n\n<ul><li>Introducci\u00f3n a la Experimentaci\u00f3n en Qu\u00edmica F\u00edsica (1\u00ba; 94-95, 95-96, 97-98, 98-99, 99-00)<\/li><\/ul>\n\n\n\n<ul><li>Qu\u00edmica F\u00edsica I (1\u00ba; 94-95, 95-96, 96-97, 97-98, 99-00)<\/li><\/ul>\n\n\n\n<ul><li>Termodin\u00e1mica Qu\u00edmica (1\u00ba; 94-95, 00-01)<\/li><\/ul>\n\n\n\n<ul><li>Qu\u00edmica F\u00edsica II (2\u00ba; 95-96, 96-97, 98-99, 99-00, 01-02)<\/li><\/ul>\n\n\n\n<ul><li>Espectroscop\u00eda Molecular (3\u00ba; 96-97, 97-98, 98-99, 99-00, 01-02, 02-03)<\/li><\/ul>\n\n\n\n<ul><li>Experimentaci\u00f3n en Qu\u00edmica F\u00edsica (3\u00ba; 97-98, 98-99, 99-00)<\/li><\/ul>\n\n\n\n<h2 class=\"wp-block-heading\" style=\"text-align:center\">Plan de 1994 de Ingenier\u00eda Qu\u00edmica<\/h2>\n\n\n\n<hr class=\"wp-block-separator\"\/>\n\n\n\n<ul><li>Estructura de la Materia (1\u00ba; 94-95, 95-96)<\/li><\/ul>\n\n\n\n<ul><li>Experimentaci\u00f3n en Qu\u00edmica II (2\u00ba; 03-04, 04-05, 05-06)<\/li><\/ul>\n\n\n\n<h2 class=\"wp-block-heading\" style=\"text-align:center\">Plan de 2001 de licenciado en Ciencias Qu\u00edmicas<\/h2>\n\n\n\n<hr class=\"wp-block-separator\"\/>\n\n\n\n<ul><li>Introducci\u00f3n a la Experimentaci\u00f3n en Qu\u00edmica F\u00edsica (1\u00ba; 01-02, 02-03, 05-06, 07-08)<\/li><\/ul>\n\n\n\n<ul><li>Qu\u00edmica F\u00edsica I (2\u00ba; 05-06)<\/li><\/ul>\n\n\n\n<ul><li>Qu\u00edmica F\u00edsica II (3\u00ba; 06-07, 07-08, 08-09, 09-10, 10-11)<\/li><\/ul>\n\n\n\n<ul><li>Cin\u00e9tica Qu\u00edmica (5\u00ba; 05-06)<\/li><\/ul>\n\n\n\n<h2 class=\"wp-block-heading\" style=\"text-align:center\">T\u00edtulo de Grado en Qu\u00edmica (2009)<\/h2>\n\n\n\n<hr class=\"wp-block-separator\"\/>\n\n\n\n<ul><li>Operaciones B\u00e1sicas de Laboratorio (1\u00ba; 09-10, 10-11)<\/li><\/ul>\n\n\n\n<ul><li>Qu\u00edmicaGeneral (1\u00ba; 09-10, 10-11)<\/li><\/ul>\n\n\n\n<p><br><\/p>\n","protected":false},"excerpt":{"rendered":"<p>Plan de 1973 de licenciado en Ciencias Qu\u00edmicas Qu\u00edmica General (1\u00ba; 88-89, 89-90, 90-91, 92-93, 93-94) Termodin\u00e1mica Qu\u00edmica (2\u00ba; 93-94) Qu\u00edmica F\u00edsica (3\u00ba; 89-90, 90-91, 92-93) Ampliaci\u00f3n de Qu\u00edmica F\u00edsica (4\u00ba; 90-91) Cin\u00e9tica Qu\u00edmica (5\u00ba; 88-89) Estructura de la Materia y Espectroscop\u00eda (5\u00ba; 89-90, 90-91, 92-93, 93-94) Plan de 1994 de licenciado en Ciencias Qu\u00edmicas &hellip; <\/p>\n<p class=\"link-more\"><a href=\"https:\/\/www.unioviedo.es\/qtcmat\/index.php\/bachelor\/\" class=\"more-link\">Continuar leyendo<span class=\"screen-reader-text\"> \u00abBachelor\u00bb<\/span><\/a><\/p>\n","protected":false},"author":1,"featured_media":0,"parent":0,"menu_order":0,"comment_status":"closed","ping_status":"closed","template":"","meta":{"footnotes":""},"_links":{"self":[{"href":"https:\/\/www.unioviedo.es\/qtcmat\/index.php\/wp-json\/wp\/v2\/pages\/147"}],"collection":[{"href":"https:\/\/www.unioviedo.es\/qtcmat\/index.php\/wp-json\/wp\/v2\/pages"}],"about":[{"href":"https:\/\/www.unioviedo.es\/qtcmat\/index.php\/wp-json\/wp\/v2\/types\/page"}],"author":[{"embeddable":true,"href":"https:\/\/www.unioviedo.es\/qtcmat\/index.php\/wp-json\/wp\/v2\/users\/1"}],"replies":[{"embeddable":true,"href":"https:\/\/www.unioviedo.es\/qtcmat\/index.php\/wp-json\/wp\/v2\/comments?post=147"}],"version-history":[{"count":9,"href":"https:\/\/www.unioviedo.es\/qtcmat\/index.php\/wp-json\/wp\/v2\/pages\/147\/revisions"}],"predecessor-version":[{"id":219,"href":"https:\/\/www.unioviedo.es\/qtcmat\/index.php\/wp-json\/wp\/v2\/pages\/147\/revisions\/219"}],"wp:attachment":[{"href":"https:\/\/www.unioviedo.es\/qtcmat\/index.php\/wp-json\/wp\/v2\/media?parent=147"}],"curies":[{"name":"wp","href":"https:\/\/api.w.org\/{rel}","templated":true}]}}