{"id":191,"date":"2019-07-03T00:52:39","date_gmt":"2019-07-02T22:52:39","guid":{"rendered":"https:\/\/www.unioviedo.es\/qtcmat\/?page_id=191"},"modified":"2019-07-03T00:56:40","modified_gmt":"2019-07-02T22:56:40","slug":"chapters","status":"publish","type":"page","link":"https:\/\/www.unioviedo.es\/qtcmat\/index.php\/chapters\/","title":{"rendered":"Chapters"},"content":{"rendered":"\n<p>1. L. Pueyo, V. Lua\u00f1a, M. Fl\u00f3rez, E. Francisco, J. M. Recio, and M. Bermejo. Theoretical calculation of d-d spectra in ionic crystals. Quantum mechanical cluster calculations in solid state studies, World Scientific, Singapore. ISBN: 981-02-0750-6 (1992).<\/p>\n\n\n\n<p>2. V. Lua\u00f1a, M. Fl\u00f3rez, E. Francisco, A. Mart\u00edn Pend\u00e1s, J. M. Recio, M. Bermejo, and L. Pueyo. Quantum mechanical cluster calculations of solids: the Ab Initio Perturbed Ion model, Plenum Press, New York. ISBN 0-306-44102-0, pag. 605 (1992)<\/p>\n\n\n\n<p>3. M. Fl\u00f3rez, E. Francisco, V. Lua\u00f1a, A. Mart\u00edn Pend\u00e1s, J. M. Recio, M. Bermejo, and L. Pueyo. Ab Initio Perturbed Ion calculations on oxo- and fluoroperovskites. Plenum Press, New York. ISBN 0-306-44102-0, pag. 619 (1992)<\/p>\n\n\n\n<p>4.\tR. Franco, J. M. Recio, A. Mart\u00edn Pend\u00e1s, V. Lua\u00f1a, and L. Pueyo. Ab initio perturbed ion study of the equation of state of \u03b1-Al2O3. New challenges in computational quantum chemistry, University of Groningen, Groningen, ISBN: 90-367-0428-6 (1994)<\/p>\n\n\n\n<p>5.\tJ. Contreras-Garc\u00eda, M. Marqu\u00e9s, B. Silvi, and J. M. Recio. Bonding changes along solid-solid phase transitions using the Electron Localization approach. Modern Charge Density Analysis, C. Gatti and P. Machi Eds., Springer-Verlag. ISBN: 978-90-481-3835-7 (aceptado) (2010)<\/p>\n","protected":false},"excerpt":{"rendered":"<p>1. L. Pueyo, V. Lua\u00f1a, M. Fl\u00f3rez, E. Francisco, J. M. Recio, and M. Bermejo. Theoretical calculation of d-d spectra in ionic crystals. Quantum mechanical cluster calculations in solid state studies, World Scientific, Singapore. ISBN: 981-02-0750-6 (1992). 2. V. Lua\u00f1a, M. Fl\u00f3rez, E. Francisco, A. Mart\u00edn Pend\u00e1s, J. M. Recio, M. Bermejo, and L. Pueyo. &hellip; <\/p>\n<p class=\"link-more\"><a href=\"https:\/\/www.unioviedo.es\/qtcmat\/index.php\/chapters\/\" class=\"more-link\">Continuar leyendo<span class=\"screen-reader-text\"> \u00abChapters\u00bb<\/span><\/a><\/p>\n","protected":false},"author":1,"featured_media":0,"parent":0,"menu_order":0,"comment_status":"closed","ping_status":"closed","template":"","meta":{"footnotes":""},"_links":{"self":[{"href":"https:\/\/www.unioviedo.es\/qtcmat\/index.php\/wp-json\/wp\/v2\/pages\/191"}],"collection":[{"href":"https:\/\/www.unioviedo.es\/qtcmat\/index.php\/wp-json\/wp\/v2\/pages"}],"about":[{"href":"https:\/\/www.unioviedo.es\/qtcmat\/index.php\/wp-json\/wp\/v2\/types\/page"}],"author":[{"embeddable":true,"href":"https:\/\/www.unioviedo.es\/qtcmat\/index.php\/wp-json\/wp\/v2\/users\/1"}],"replies":[{"embeddable":true,"href":"https:\/\/www.unioviedo.es\/qtcmat\/index.php\/wp-json\/wp\/v2\/comments?post=191"}],"version-history":[{"count":2,"href":"https:\/\/www.unioviedo.es\/qtcmat\/index.php\/wp-json\/wp\/v2\/pages\/191\/revisions"}],"predecessor-version":[{"id":198,"href":"https:\/\/www.unioviedo.es\/qtcmat\/index.php\/wp-json\/wp\/v2\/pages\/191\/revisions\/198"}],"wp:attachment":[{"href":"https:\/\/www.unioviedo.es\/qtcmat\/index.php\/wp-json\/wp\/v2\/media?parent=191"}],"curies":[{"name":"wp","href":"https:\/\/api.w.org\/{rel}","templated":true}]}}