{"id":119,"date":"2021-02-22T22:32:04","date_gmt":"2021-02-22T21:32:04","guid":{"rendered":"https:\/\/www.unioviedo.es\/sipu\/?page_id=119"},"modified":"2024-12-17T12:17:09","modified_gmt":"2024-12-17T11:17:09","slug":"comite-de-empresa","status":"publish","type":"page","link":"https:\/\/www.unioviedo.es\/sipu\/index.php\/comite-de-empresa\/","title":{"rendered":"Comit\u00e9 de Empresa"},"content":{"rendered":"\n<p><strong><mark style=\"background-color:rgba(0, 0, 0, 0);color:#00847d\" class=\"has-inline-color\">Gemma Marta Mart\u00ednez Huerta<\/mark><\/strong>   <a href=\"mailto:martinezgemma@uniovi.es\" target=\"_blank\" rel=\"noreferrer noopener\">martinezgemma@uniovi.es<\/a><\/p>\n\n\n\n<p><em>Departamento de Explotaci\u00f3n y Prospecci\u00f3n de Minas<\/em><\/p>\n\n\n\n<p><strong><span style=\"background-color:rgba(0, 0, 0, 0);color:#00847d\" class=\"has-inline-color\">Gonzalo Villarino Samalea<\/span><\/strong>   <a href=\"mailto:samalea@uniovi.es\" target=\"_blank\" rel=\"noreferrer noopener\">samalea@uniovi.es<\/a><\/p>\n\n\n\n<p><em>Departamento de Derecho P<\/em>\u00fablico<\/p>\n\n\n\n<p><strong><span style=\"background-color:rgba(0, 0, 0, 0);color:#00847d\" class=\"has-inline-color\">Francisco Javier Polledo Enr\u00edquez<\/span><\/strong>   <a rel=\"noreferrer noopener\" href=\"mailto:fjpolledo@uniovi.es\" target=\"_blank\">fjpolledo@uniovi.es<\/a><\/p>\n\n\n\n<p><em>T\u00e9cnico del Servicio de Publicaciones<\/em><\/p>\n\n\n\n<p><strong><span style=\"background-color:rgba(0, 0, 0, 0);color:#00847d\" class=\"has-inline-color\">Alberto Higuera Garrido<\/span><\/strong>   <a href=\"mailto:higueraalberto@uniovi.es\" target=\"_blank\" rel=\"noreferrer noopener\">higueraalberto@uniovi.es<\/a><\/p>\n\n\n\n<p><em>Departamento de Construcci\u00f3n e Ingenier\u00eda de Fabricaci\u00f3n<\/em><\/p>\n\n\n\n<p><strong><span style=\"background-color:rgba(0, 0, 0, 0);color:#00847d\" class=\"has-inline-color\">Jos\u00e9 Manuel Cuervo Men\u00e9ndez<\/span><\/strong>  <a href=\"mailto:cuervomanuel@uniovi.es\" target=\"_blank\" rel=\"noreferrer noopener\">cuervomanuel@uniovi.es<\/a><\/p>\n\n\n\n<p><em>Departamento de Medicina<\/em><\/p>\n\n\n\n<p><strong><span style=\"color:#00847d\" class=\"has-inline-color\">Jos\u00e9 Carlos \u00c1lvarez Villa<\/span><\/strong>   <a href=\"mailto:cavilla@uniovi.es\" target=\"_blank\" rel=\"noreferrer noopener\">cavilla@uniovi.es<\/a><\/p>\n\n\n\n<p><em>Servicios Cient\u00edfico-T\u00e9cnicos<\/em><\/p>\n\n\n\n<p><strong><mark style=\"background-color:rgba(0, 0, 0, 0);color:#00847d\" class=\"has-inline-color\">Eduardo Fern\u00e1ndez de Oliva<\/mark><\/strong> <em>(Delegado Sindical)<\/em> <a href=\"mailto:erfernandez@uniovi.es\" target=\"_blank\" rel=\"noreferrer noopener\">erfernandez@uniovi.es<\/a><\/p>\n\n\n\n<p><em>Derecho Privado y de la Empresa<\/em><\/p>\n\n\n\n<p><strong><mark style=\"background-color:rgba(0, 0, 0, 0);color:#00847d\" class=\"has-inline-color\">Agust\u00edn Mier del Rosal<\/mark><\/strong> <em>(Delegado Sindical)<\/em>   <a rel=\"noreferrer noopener\" href=\"mailto:mieragustin@uniovi.es\" target=\"_blank\">mieragustin@uniovi.es<\/a><\/p>\n\n\n\n<p><em>Servicio de Administraci\u00f3n del Campus de Mieres<\/em><\/p>\n","protected":false},"excerpt":{"rendered":"<p>Gemma Marta Mart\u00ednez Huerta martinezgemma@uniovi.es Departamento de Explotaci\u00f3n y Prospecci\u00f3n de Minas Gonzalo Villarino Samalea samalea@uniovi.es Departamento de Derecho P\u00fablico Francisco Javier Polledo Enr\u00edquez fjpolledo@uniovi.es T\u00e9cnico del Servicio de Publicaciones Alberto Higuera Garrido higueraalberto@uniovi.es Departamento de Construcci\u00f3n e Ingenier\u00eda de Fabricaci\u00f3n Jos\u00e9 Manuel Cuervo Men\u00e9ndez cuervomanuel@uniovi.es Departamento de Medicina Jos\u00e9 Carlos \u00c1lvarez Villa cavilla@uniovi.es Servicios &hellip; <a href=\"https:\/\/www.unioviedo.es\/sipu\/index.php\/comite-de-empresa\/\" class=\"more-link\">Seguir leyendo <span class=\"screen-reader-text\">Comit\u00e9 de Empresa<\/span> <span class=\"meta-nav\">&rarr;<\/span><\/a><\/p>\n","protected":false},"author":1,"featured_media":0,"parent":0,"menu_order":0,"comment_status":"closed","ping_status":"closed","template":"","meta":{"footnotes":""},"class_list":["post-119","page","type-page","status-publish","hentry"],"_links":{"self":[{"href":"https:\/\/www.unioviedo.es\/sipu\/index.php\/wp-json\/wp\/v2\/pages\/119","targetHints":{"allow":["GET"]}}],"collection":[{"href":"https:\/\/www.unioviedo.es\/sipu\/index.php\/wp-json\/wp\/v2\/pages"}],"about":[{"href":"https:\/\/www.unioviedo.es\/sipu\/index.php\/wp-json\/wp\/v2\/types\/page"}],"author":[{"embeddable":true,"href":"https:\/\/www.unioviedo.es\/sipu\/index.php\/wp-json\/wp\/v2\/users\/1"}],"replies":[{"embeddable":true,"href":"https:\/\/www.unioviedo.es\/sipu\/index.php\/wp-json\/wp\/v2\/comments?post=119"}],"version-history":[{"count":12,"href":"https:\/\/www.unioviedo.es\/sipu\/index.php\/wp-json\/wp\/v2\/pages\/119\/revisions"}],"predecessor-version":[{"id":745,"href":"https:\/\/www.unioviedo.es\/sipu\/index.php\/wp-json\/wp\/v2\/pages\/119\/revisions\/745"}],"wp:attachment":[{"href":"https:\/\/www.unioviedo.es\/sipu\/index.php\/wp-json\/wp\/v2\/media?parent=119"}],"curies":[{"name":"wp","href":"https:\/\/api.w.org\/{rel}","templated":true}]}}