{"id":122,"date":"2021-02-22T22:34:08","date_gmt":"2021-02-22T21:34:08","guid":{"rendered":"https:\/\/www.unioviedo.es\/sipu\/?page_id=122"},"modified":"2023-12-07T19:24:39","modified_gmt":"2023-12-07T18:24:39","slug":"junta-de-pas-funcionario","status":"publish","type":"page","link":"https:\/\/www.unioviedo.es\/sipu\/index.php\/junta-de-pas-funcionario\/","title":{"rendered":"Junta de Personal Funcionario No Docente"},"content":{"rendered":"\n<p><strong><span style=\"background-color:rgba(0, 0, 0, 0);color:#00847d\" class=\"has-inline-color\">Juan Crespo Madiedo<\/span><\/strong>   <a rel=\"noreferrer noopener\" href=\"mailto:jcrespo@uniovi.es\" target=\"_blank\">jcrespo@uniovi.es<\/a><\/p>\n\n\n\n<p><em>Secci\u00f3n Econ\u00f3mica del Campus de Viesques<\/em><\/p>\n\n\n\n<p><strong><span style=\"background-color:rgba(0, 0, 0, 0);color:#00847d\" class=\"has-inline-color\">Francisco Jos\u00e9 Garc\u00eda Estrada<\/span><\/strong>   <a href=\"mailto:garciaefrancisco@uniovi.es\" target=\"_blank\" rel=\"noreferrer noopener\">garciaefrancisco@uniovi.es<\/a><\/p>\n\n\n\n<p><em>Conserjer\u00eda del Edificio Sur de la Facultad de Formaci\u00f3n de Profesorado<\/em><\/p>\n\n\n\n<p><strong><span style=\"background-color:rgba(0, 0, 0, 0);color:#00847d\" class=\"has-inline-color\">Miguel \u00c1ngel Fern\u00e1ndez de Oliva<\/span><\/strong>   <a rel=\"noreferrer noopener\" href=\"mailto:michel@uniovi.es\" target=\"_blank\">michel@uniovi.es<\/a><\/p>\n\n\n\n<p><em>Responsable de la Secci\u00f3n Sindical SIPU-SAIF<\/em><\/p>\n\n\n\n<p><strong><mark style=\"background-color:rgba(0, 0, 0, 0);color:#00847d\" class=\"has-inline-color\">Catalina Garc\u00eda S\u00e1nchez<\/mark><\/strong>   <a href=\"mailto:garciacatalina@uniovi.es\" target=\"_blank\" rel=\"noreferrer noopener\">garciacatalina@uniovi.es<\/a><\/p>\n\n\n\n<p><em>Servicio de Inform\u00e1tica, comunicaciones y e-mail<\/em><\/p>\n\n\n\n<p><strong><mark style=\"background-color:rgba(0, 0, 0, 0);color:#00847d\" class=\"has-inline-color\">Mar\u00eda del Pilar Rodr\u00edguez Mat\u00edas<\/mark><\/strong> (Delegada Sindical)  <a href=\"mailto:rodriguezmatmaria@uniovi.es\" target=\"_blank\" rel=\"noreferrer noopener\">rodriguezmatmaria@uniovi.es<\/a><\/p>\n\n\n\n<p><em>Campus de Llamaquique<\/em><\/p>\n","protected":false},"excerpt":{"rendered":"<p>Juan Crespo Madiedo jcrespo@uniovi.es Secci\u00f3n Econ\u00f3mica del Campus de Viesques Francisco Jos\u00e9 Garc\u00eda Estrada garciaefrancisco@uniovi.es Conserjer\u00eda del Edificio Sur de la Facultad de Formaci\u00f3n de Profesorado Miguel \u00c1ngel Fern\u00e1ndez de Oliva michel@uniovi.es Responsable de la Secci\u00f3n Sindical SIPU-SAIF Catalina Garc\u00eda S\u00e1nchez garciacatalina@uniovi.es Servicio de Inform\u00e1tica, comunicaciones y e-mail Mar\u00eda del Pilar Rodr\u00edguez Mat\u00edas (Delegada Sindical) &hellip; <a href=\"https:\/\/www.unioviedo.es\/sipu\/index.php\/junta-de-pas-funcionario\/\" class=\"more-link\">Seguir leyendo <span class=\"screen-reader-text\">Junta de Personal Funcionario No Docente<\/span> <span class=\"meta-nav\">&rarr;<\/span><\/a><\/p>\n","protected":false},"author":1,"featured_media":0,"parent":0,"menu_order":0,"comment_status":"closed","ping_status":"closed","template":"","meta":{"footnotes":""},"class_list":["post-122","page","type-page","status-publish","hentry"],"_links":{"self":[{"href":"https:\/\/www.unioviedo.es\/sipu\/index.php\/wp-json\/wp\/v2\/pages\/122","targetHints":{"allow":["GET"]}}],"collection":[{"href":"https:\/\/www.unioviedo.es\/sipu\/index.php\/wp-json\/wp\/v2\/pages"}],"about":[{"href":"https:\/\/www.unioviedo.es\/sipu\/index.php\/wp-json\/wp\/v2\/types\/page"}],"author":[{"embeddable":true,"href":"https:\/\/www.unioviedo.es\/sipu\/index.php\/wp-json\/wp\/v2\/users\/1"}],"replies":[{"embeddable":true,"href":"https:\/\/www.unioviedo.es\/sipu\/index.php\/wp-json\/wp\/v2\/comments?post=122"}],"version-history":[{"count":14,"href":"https:\/\/www.unioviedo.es\/sipu\/index.php\/wp-json\/wp\/v2\/pages\/122\/revisions"}],"predecessor-version":[{"id":591,"href":"https:\/\/www.unioviedo.es\/sipu\/index.php\/wp-json\/wp\/v2\/pages\/122\/revisions\/591"}],"wp:attachment":[{"href":"https:\/\/www.unioviedo.es\/sipu\/index.php\/wp-json\/wp\/v2\/media?parent=122"}],"curies":[{"name":"wp","href":"https:\/\/api.w.org\/{rel}","templated":true}]}}

<p><strong><span style="background-color:rgba(0, 0, 0, 0);color:#00847d" class="has-inline-color">Juan Crespo Madiedo</span></strong>   <a rel="noreferrer noopener" href="mailto:jcrespo@uniovi.es" target="_blank">jcrespo@uniovi.es</a></p>



<p><em>Sección Económica del Campus de Viesques</em></p>



<p><strong><span style="background-color:rgba(0, 0, 0, 0);color:#00847d" class="has-inline-color">Francisco José García Estrada</span></strong>   <a href="mailto:garciaefrancisco@uniovi.es" target="_blank" rel="noreferrer noopener">garciaefrancisco@uniovi.es</a></p>



<p><em>Conserjería del Edificio Sur de la Facultad de Formación de Profesorado</em></p>



<p><strong><span style="background-color:rgba(0, 0, 0, 0);color:#00847d" class="has-inline-color">Miguel Ángel Fernández de Oliva</span></strong>   <a rel="noreferrer noopener" href="mailto:michel@uniovi.es" target="_blank">michel@uniovi.es</a></p>



<p><em>Responsable de la Sección Sindical SIPU-SAIF</em></p>



<p><strong><mark style="background-color:rgba(0, 0, 0, 0);color:#00847d" class="has-inline-color">Catalina García Sánchez</mark></strong>   <a href="mailto:garciacatalina@uniovi.es" target="_blank" rel="noreferrer noopener">garciacatalina@uniovi.es</a></p>



<p><em>Servicio de Informática, comunicaciones y e-mail</em></p>



<p><strong><mark style="background-color:rgba(0, 0, 0, 0);color:#00847d" class="has-inline-color">María del Pilar Rodríguez Matías</mark></strong> (Delegada Sindical)  <a href="mailto:rodriguezmatmaria@uniovi.es" target="_blank" rel="noreferrer noopener">rodriguezmatmaria@uniovi.es</a></p>



<p><em>Campus de Llamaquique</em></p>

<p>Juan Crespo Madiedo jcrespo@uniovi.es Sección Económica del Campus de Viesques Francisco José García Estrada garciaefrancisco@uniovi.es Conserjería del Edificio Sur de la Facultad de Formación de Profesorado Miguel Ángel Fernández de Oliva michel@uniovi.es Responsable de la Sección Sindical SIPU-SAIF Catalina García Sánchez garciacatalina@uniovi.es Servicio de Informática, comunicaciones y e-mail María del Pilar Rodríguez Matías (Delegada Sindical) &hellip; <a href="https://www.unioviedo.es/sipu/index.php/junta-de-pas-funcionario/" class="more-link">Seguir leyendo <span class="screen-reader-text">Junta de Personal Funcionario No Docente</span> <span class="meta-nav">&rarr;</span></a></p>
