{"id":2,"date":"2017-01-27T17:50:12","date_gmt":"2017-01-27T17:50:12","guid":{"rendered":"https:\/\/www.unioviedo.es\/sipu\/?page_id=2"},"modified":"2025-09-18T08:58:20","modified_gmt":"2025-09-18T06:58:20","slug":"pagina-ejemplo","status":"publish","type":"page","link":"https:\/\/www.unioviedo.es\/sipu\/index.php\/pagina-ejemplo\/","title":{"rendered":"Personal Docente e Investigador"},"content":{"rendered":"\n<p class=\"has-vivid-purple-color has-text-color has-medium-font-size\"><strong>Actualidad:<\/strong><\/p>\n\n\n\n<p><strong><a href=\"https:\/\/www.google.com\/url?sa=t&amp;source=web&amp;rct=j&amp;opi=89978449&amp;url=https:\/\/www.uniovi.es\/conocenos\/rrhh\/convocatorias\/profesorado&amp;ved=2ahUKEwj8zcuWq9qFAxXjWEEAHWBUDJEQFnoECBYQAQ&amp;usg=AOvVaw0UleyENZVV5HjS7-ZJ2xhW\" target=\"_blank\" rel=\"noreferrer noopener\">Convocatorias de plazas de profesorado de la Universidad de Oviedo<\/a><\/strong><\/p>\n\n\n\n<p class=\"has-vivid-purple-color has-text-color has-link-color has-medium-font-size wp-elements-9cc85926d248c5d0b40222ac2cfffb7b\"><strong>2025<\/strong><\/p>\n\n\n\n<p class=\"has-text-color has-link-color wp-elements-73967ed683c3c7c4ad9d244d331d3b66\" style=\"color:#073ee3\"><strong><a href=\"https:\/\/www.uniovi.es\/o\/adaptive-media\/image\/12079965\/3\/d417d626-5363-adc5-b1c7-484188567930?t=1757677934712\" target=\"_blank\" rel=\"noreferrer noopener\">Calendario Acad\u00e9mico 2025-2026<\/a><\/strong><\/p>\n\n\n\n<p class=\"has-text-color has-link-color wp-elements-7b816cf488c7e3992dec2bae8d624e1a\" style=\"color:#073ee3\"><strong><a href=\"https:\/\/www.unioviedo.es\/sipu\/index.php\/2025\/05\/07\/convocatorias-de-plazas-de-profesorado-laboral-2025\/\" target=\"_blank\" rel=\"noreferrer noopener\">Convocatorias de plazas de profesorado laboral<\/a><\/strong><\/p>\n\n\n\n<p class=\"has-text-color has-link-color wp-elements-d3d358667e58b931600e9024807a1a69\" style=\"color:#073ee3\"><strong><a href=\"https:\/\/www.unioviedo.es\/sipu\/index.php\/2024\/12\/26\/evaluacion-de-la-actividad-investigadora-2024\/\" target=\"_blank\" rel=\"noreferrer noopener\">Evaluaci\u00f3n de la actividad investigadora 2024<\/a><\/strong><\/p>\n\n\n\n<p class=\"has-text-color has-link-color wp-elements-7aad54c11b45f2efeebe48aeb6aa3c7d\" style=\"color:#073ee3\"><strong><a href=\"https:\/\/www.unioviedo.es\/sipu\/index.php\/2024\/12\/26\/nuevos-estatutos-de-la-universidad-de-oviedo\/\" target=\"_blank\" rel=\"noreferrer noopener\">Nuevos Estatutos de la Universidad de Oviedo<\/a><\/strong><\/p>\n\n\n\n<p class=\"has-text-color has-link-color wp-elements-704e988b4847d392942ffe1ecd119f69\" style=\"color:#073ee3\"><strong><a href=\"https:\/\/www.unioviedo.es\/sipu\/index.php\/2024\/12\/16\/oferta-publica-de-empleo-2024\/\" target=\"_blank\" rel=\"noreferrer noopener\">Oferta P\u00fablica de Empleo 2024<\/a><\/strong><\/p>\n\n\n\n<p class=\"has-vivid-purple-color has-text-color has-link-color has-medium-font-size wp-elements-c151a3c91b4f236405ac098842f6c408\"><strong>2024<\/strong><\/p>\n\n\n\n<p class=\"has-text-color has-link-color wp-elements-44ea43c6d24e4af190bc5a9185a25b0e\" style=\"color:#073ee3\"><strong><a href=\"https:\/\/www.boe.es\/boe\/dias\/2024\/09\/03\/index.php?e=310\" target=\"_blank\" rel=\"noreferrer noopener\">Publicada en el BOE la OPE 2023 de la Universidad de Oviedo<\/a><\/strong><\/p>\n\n\n\n<p class=\"has-text-color has-link-color wp-elements-cc680e0d9773343d42a2c92b7fd2ded1\" style=\"color:#073ee3\"><strong><a href=\"https:\/\/www.unioviedo.es\/sipu\/wp-content\/uploads\/2024\/04\/20240415_Apertura-de-plazo-de-solicitudesOPE2023.pdf\" target=\"_blank\" rel=\"noreferrer noopener\">Apertura del procedimiento de la Oferta P\u00fablica de Empleo 2023<\/a><\/strong><\/p>\n\n\n\n<p class=\"has-text-color has-link-color wp-elements-256beb14cd32599b647a5ea06dfbb12f\" style=\"color:#073ee3\"><strong><a href=\"https:\/\/sede.asturias.es\/bopa\/2024\/02\/01\/2024-00671.pdf\" target=\"_blank\" rel=\"noreferrer noopener\">Relaci\u00f3n de puestos de trabajo de PDI de la Universidad de Oviedo 2024<\/a><\/strong><\/p>\n\n\n\n<p class=\"has-text-color has-link-color wp-elements-3ee77b4ae53beefa2ed2bbb21ee88bab\" style=\"color:#073ee3\"><strong><a href=\"https:\/\/www.unioviedo.es\/sipu\/wp-content\/uploads\/2024\/02\/PROCEDIMIENTO_ACADEMIA_270124.pdf\" target=\"_blank\" rel=\"noreferrer noopener\">Procedimiento de acreditaci\u00f3n a Cuerpos Docentes Universitarios<\/a><\/strong><\/p>\n\n\n\n<p class=\"has-vivid-purple-color has-text-color has-medium-font-size\"><strong>2023<\/strong><\/p>\n\n\n\n<p class=\"has-text-color\" style=\"color:#073ee3\"><strong><a href=\"https:\/\/intranet.uniovi.es\/docencia\/normativa\/normativaprofesorado\" target=\"_blank\" rel=\"noreferrer noopener\">Convocatoria de plazas de TU y CU (OPE 2022)<\/a><\/strong><\/p>\n\n\n\n<p class=\"has-text-color\" style=\"color:#073ee3\"><strong><a href=\"https:\/\/www.unioviedo.es\/sipu\/index.php\/2023\/02\/09\/solicitud-de-complemento-retributivo-autonomico-2023\/\" target=\"_blank\" rel=\"noreferrer noopener\">Solicitud de Complemento Retributivo Auton\u00f3mico 2023<\/a><\/strong><\/p>\n\n\n\n<p class=\"has-text-color\" style=\"color:#073ee3\"><strong><a rel=\"noreferrer noopener\" href=\"https:\/\/intranet.uniovi.es\/docencia\/normativa\/normativaprofesorado\" target=\"_blank\">OPE-2022: Listado de plazas definitivo de PCD y PCD-I3<\/a><\/strong><\/p>\n\n\n\n<p class=\"has-text-color\" style=\"color:#073ee3\"><strong><a href=\"https:\/\/sede.asturias.es\/bopa\/2023\/01\/31\/2023-00428.pdf\" target=\"_blank\" rel=\"noreferrer noopener\">Relaci\u00f3n de Puestos de Trabajo del PDI a 31\/1\/2023<\/a><\/strong><\/p>\n\n\n\n<p class=\"has-text-color\" style=\"color:#073ee3\"><strong><a href=\"https:\/\/www.unioviedo.es\/sipu\/index.php\/2023\/01\/09\/evaluacion-de-la-actividad-investigadora-2022\/\" target=\"_blank\" rel=\"noreferrer noopener\">Evaluaci\u00f3n de la Actividad Investigadora 2022<\/a><\/strong><\/p>\n\n\n\n<p class=\"has-vivid-purple-color has-text-color has-medium-font-size\"><strong>2022<\/strong><\/p>\n\n\n\n<p class=\"has-text-color\" style=\"color:#073ee3\"><strong><a rel=\"noreferrer noopener\" href=\"https:\/\/www.unioviedo.es\/sipu\/index.php\/2022\/12\/07\/convocatoria-de-plazas-de-estabilizacion-de-profesor-titular-de-universidad-y-profesor-contratado-doctor\/\" target=\"_blank\">Convocatoria de plazas de estabilizaci\u00f3n Ley 20\/2021<\/a><\/strong><\/p>\n\n\n\n<p class=\"has-text-color\" style=\"color:#073ee3\"><strong><a rel=\"noreferrer noopener\" href=\"https:\/\/www.unioviedo.es\/sipu\/index.php\/2022\/06\/30\/convocatoria-de-ayudas-sociales-de-matricula-curso-2021-2022\/\" target=\"_blank\">Convocatoria de ayudas sociales de matr\u00edcula 2022<\/a><\/strong><\/p>\n\n\n\n<p class=\"has-text-color\" style=\"color:#073ee3\"><a rel=\"noreferrer noopener\" href=\"https:\/\/www.unioviedo.es\/sipu\/index.php\/2022\/02\/04\/complemento-retributivo-autonomico-2022\/\" data-type=\"URL\" data-id=\"https:\/\/www.unioviedo.es\/sipu\/index.php\/2022\/02\/04\/complemento-retributivo-autonomico-2022\/\" target=\"_blank\"><strong>Complemento Retributivo Auton\u00f3mico 2022<\/strong><\/a><\/p>\n\n\n\n<p class=\"has-text-color\" style=\"color:#073ee3\"><strong><a rel=\"noreferrer noopener\" href=\"https:\/\/www.unioviedo.es\/sipu\/index.php\/2022\/01\/11\/nuevo-concierto-muface-2022-2024\/\" target=\"_blank\">Nuevo concierto MUFACE 2022-2024<\/a><\/strong><\/p>\n\n\n\n<p class=\"has-text-color\" style=\"color:#073ee3\"><strong><a rel=\"noreferrer noopener\" href=\"https:\/\/www.unioviedo.es\/sipu\/index.php\/2022\/01\/10\/ayudas-ramon-y-cajal-y-juan-de-la-cierva\/\" target=\"_blank\">Ayudas Ram\u00f3n y Cajal y Juan de la Cierva<\/a><\/strong><\/p>\n\n\n\n<p class=\"has-text-color\" style=\"color:#073ee3\"><strong><a rel=\"noreferrer noopener\" href=\"https:\/\/www.unioviedo.es\/sipu\/index.php\/2022\/01\/10\/oferta-de-empleo-publico-2021\/\" target=\"_blank\">Oferta de empleo p\u00fablico 2021<\/a><\/strong><\/p>\n\n\n\n<p class=\"has-text-color\" style=\"color:#073ee3\"><strong><a rel=\"noreferrer noopener\" href=\"https:\/\/www.unioviedo.es\/sipu\/index.php\/2022\/01\/10\/evaluacion-de-la-actividad-investigadora\/\" target=\"_blank\">Evaluaci\u00f3n de la Actividad Investigadora 2021<\/a><\/strong> <\/p>\n\n\n\n<p class=\"has-vivid-purple-color has-text-color has-medium-font-size\"><strong>2021<\/strong><\/p>\n\n\n\n<p class=\"has-text-color\" style=\"color:#073ee3\"><a rel=\"noreferrer noopener\" href=\"https:\/\/www.unioviedo.es\/sipu\/index.php\/2021\/08\/02\/promocion-y-ayuda-a-la-innovacion-docente\/\" target=\"_blank\"><strong>Promoci\u00f3n y ayuda a la innovaci\u00f3n docente<\/strong><\/a><\/p>\n\n\n\n<p class=\"has-text-color\" style=\"color:#073ee3\"><strong><a rel=\"noreferrer noopener\" href=\"https:\/\/www.unioviedo.es\/sipu\/index.php\/2021\/07\/20\/convocatoria-de-plazas-de-profesor-contratado-doctor\/\" target=\"_blank\">Convocatoria de plazas de Profesor Contratado Doctor<\/a><\/strong><\/p>\n\n\n\n<p class=\"has-text-color\" style=\"color:#073ee3\"><strong><a href=\"https:\/\/www.unioviedo.es\/sipu\/index.php\/2021\/07\/06\/complecion-de-ope-2020\/\" target=\"_blank\" rel=\"noreferrer noopener\">Compleci\u00f3n de la Oferta P\u00fablica de empleo 2020<\/a><\/strong><\/p>\n\n\n\n<p class=\"has-text-color\" style=\"color:#073ee3\"><strong><a href=\"https:\/\/www.unioviedo.es\/sipu\/index.php\/2021\/06\/25\/ayudas-para-la-recualificacion-del-sistema-universitario-espanol-2021-2023\/\" target=\"_blank\" rel=\"noreferrer noopener\">Ayudas para la recualificaci\u00f3n del sistema universitario espa\u00f1ol 2021-2023<\/a><\/strong><\/p>\n\n\n\n<p class=\"has-text-color\" style=\"color:#073ee3\"><strong><a rel=\"noreferrer noopener\" href=\"https:\/\/www.unioviedo.es\/sipu\/index.php\/2021\/06\/17\/convocatoria-de-ayudas-de-investigacion\/\" target=\"_blank\">Convocatoria de ayudas de investigaci\u00f3n 2021<\/a><\/strong><\/p>\n\n\n\n<p class=\"has-text-color\" style=\"color:#073ee3\"><strong><a rel=\"noreferrer noopener\" href=\"https:\/\/www.unioviedo.es\/sipu\/index.php\/2021\/06\/17\/convocatoria-de-concursos-de-profesorado-para-el-curso-2021-2022\/\" target=\"_blank\">Convocatoria de concursos de profesorado 2021 (OPE 2020)<\/a><\/strong><\/p>\n\n\n\n<p class=\"has-text-color\" style=\"color:#073ee3\"><strong><a rel=\"noreferrer noopener\" href=\"https:\/\/www.unioviedo.es\/sipu\/index.php\/2021\/06\/17\/convocatoria-de-ayudas-sociales-de-matricula-curso-2020-2021\/\" target=\"_blank\">Convocatoria de ayudas sociales de matr\u00edcula 2021<\/a><\/strong><\/p>\n\n\n\n<p class=\"has-text-color\" style=\"color:#073ee3\"><strong><a href=\"https:\/\/www.unioviedo.es\/sipu\/index.php\/2021\/03\/17\/solicitud-de-complemento-autonomico-2021\/\" target=\"_blank\" rel=\"noreferrer noopener\">Solicitud de complemento auton\u00f3mico 2021<\/a><\/strong><\/p>\n","protected":false},"excerpt":{"rendered":"<p>Actualidad: Convocatorias de plazas de profesorado de la Universidad de Oviedo 2025 Calendario Acad\u00e9mico 2025-2026 Convocatorias de plazas de profesorado laboral Evaluaci\u00f3n de la actividad investigadora 2024 Nuevos Estatutos de la Universidad de Oviedo Oferta P\u00fablica de Empleo 2024 2024 Publicada en el BOE la OPE 2023 de la Universidad de Oviedo Apertura del procedimiento &hellip; <a href=\"https:\/\/www.unioviedo.es\/sipu\/index.php\/pagina-ejemplo\/\" class=\"more-link\">Seguir leyendo <span class=\"screen-reader-text\">Personal Docente e Investigador<\/span> <span class=\"meta-nav\">&rarr;<\/span><\/a><\/p>\n","protected":false},"author":1,"featured_media":0,"parent":0,"menu_order":0,"comment_status":"closed","ping_status":"open","template":"","meta":{"footnotes":""},"class_list":["post-2","page","type-page","status-publish","hentry"],"_links":{"self":[{"href":"https:\/\/www.unioviedo.es\/sipu\/index.php\/wp-json\/wp\/v2\/pages\/2","targetHints":{"allow":["GET"]}}],"collection":[{"href":"https:\/\/www.unioviedo.es\/sipu\/index.php\/wp-json\/wp\/v2\/pages"}],"about":[{"href":"https:\/\/www.unioviedo.es\/sipu\/index.php\/wp-json\/wp\/v2\/types\/page"}],"author":[{"embeddable":true,"href":"https:\/\/www.unioviedo.es\/sipu\/index.php\/wp-json\/wp\/v2\/users\/1"}],"replies":[{"embeddable":true,"href":"https:\/\/www.unioviedo.es\/sipu\/index.php\/wp-json\/wp\/v2\/comments?post=2"}],"version-history":[{"count":38,"href":"https:\/\/www.unioviedo.es\/sipu\/index.php\/wp-json\/wp\/v2\/pages\/2\/revisions"}],"predecessor-version":[{"id":835,"href":"https:\/\/www.unioviedo.es\/sipu\/index.php\/wp-json\/wp\/v2\/pages\/2\/revisions\/835"}],"wp:attachment":[{"href":"https:\/\/www.unioviedo.es\/sipu\/index.php\/wp-json\/wp\/v2\/media?parent=2"}],"curies":[{"name":"wp","href":"https:\/\/api.w.org\/{rel}","templated":true}]}}

<p class="has-vivid-purple-color has-text-color has-medium-font-size"><strong>Actualidad:</strong></p>



<p><strong><a href="https://www.google.com/url?sa=t&amp;source=web&amp;rct=j&amp;opi=89978449&amp;url=https://www.uniovi.es/conocenos/rrhh/convocatorias/profesorado&amp;ved=2ahUKEwj8zcuWq9qFAxXjWEEAHWBUDJEQFnoECBYQAQ&amp;usg=AOvVaw0UleyENZVV5HjS7-ZJ2xhW" target="_blank" rel="noreferrer noopener">Convocatorias de plazas de profesorado de la Universidad de Oviedo</a></strong></p>



<p class="has-vivid-purple-color has-text-color has-link-color has-medium-font-size wp-elements-9cc85926d248c5d0b40222ac2cfffb7b"><strong>2025</strong></p>



<p class="has-text-color has-link-color wp-elements-73967ed683c3c7c4ad9d244d331d3b66" style="color:#073ee3"><strong><a href="https://www.uniovi.es/o/adaptive-media/image/12079965/3/d417d626-5363-adc5-b1c7-484188567930?t=1757677934712" target="_blank" rel="noreferrer noopener">Calendario Académico 2025-2026</a></strong></p>



<p class="has-text-color has-link-color wp-elements-7b816cf488c7e3992dec2bae8d624e1a" style="color:#073ee3"><strong><a href="https://www.unioviedo.es/sipu/index.php/2025/05/07/convocatorias-de-plazas-de-profesorado-laboral-2025/" target="_blank" rel="noreferrer noopener">Convocatorias de plazas de profesorado laboral</a></strong></p>



<p class="has-text-color has-link-color wp-elements-d3d358667e58b931600e9024807a1a69" style="color:#073ee3"><strong><a href="https://www.unioviedo.es/sipu/index.php/2024/12/26/evaluacion-de-la-actividad-investigadora-2024/" target="_blank" rel="noreferrer noopener">Evaluación de la actividad investigadora 2024</a></strong></p>



<p class="has-text-color has-link-color wp-elements-7aad54c11b45f2efeebe48aeb6aa3c7d" style="color:#073ee3"><strong><a href="https://www.unioviedo.es/sipu/index.php/2024/12/26/nuevos-estatutos-de-la-universidad-de-oviedo/" target="_blank" rel="noreferrer noopener">Nuevos Estatutos de la Universidad de Oviedo</a></strong></p>



<p class="has-text-color has-link-color wp-elements-704e988b4847d392942ffe1ecd119f69" style="color:#073ee3"><strong><a href="https://www.unioviedo.es/sipu/index.php/2024/12/16/oferta-publica-de-empleo-2024/" target="_blank" rel="noreferrer noopener">Oferta Pública de Empleo 2024</a></strong></p>



<p class="has-vivid-purple-color has-text-color has-link-color has-medium-font-size wp-elements-c151a3c91b4f236405ac098842f6c408"><strong>2024</strong></p>



<p class="has-text-color has-link-color wp-elements-44ea43c6d24e4af190bc5a9185a25b0e" style="color:#073ee3"><strong><a href="https://www.boe.es/boe/dias/2024/09/03/index.php?e=310" target="_blank" rel="noreferrer noopener">Publicada en el BOE la OPE 2023 de la Universidad de Oviedo</a></strong></p>



<p class="has-text-color has-link-color wp-elements-cc680e0d9773343d42a2c92b7fd2ded1" style="color:#073ee3"><strong><a href="https://www.unioviedo.es/sipu/wp-content/uploads/2024/04/20240415_Apertura-de-plazo-de-solicitudesOPE2023.pdf" target="_blank" rel="noreferrer noopener">Apertura del procedimiento de la Oferta Pública de Empleo 2023</a></strong></p>



<p class="has-text-color has-link-color wp-elements-256beb14cd32599b647a5ea06dfbb12f" style="color:#073ee3"><strong><a href="https://sede.asturias.es/bopa/2024/02/01/2024-00671.pdf" target="_blank" rel="noreferrer noopener">Relación de puestos de trabajo de PDI de la Universidad de Oviedo 2024</a></strong></p>



<p class="has-text-color has-link-color wp-elements-3ee77b4ae53beefa2ed2bbb21ee88bab" style="color:#073ee3"><strong><a href="https://www.unioviedo.es/sipu/wp-content/uploads/2024/02/PROCEDIMIENTO_ACADEMIA_270124.pdf" target="_blank" rel="noreferrer noopener">Procedimiento de acreditación a Cuerpos Docentes Universitarios</a></strong></p>



<p class="has-vivid-purple-color has-text-color has-medium-font-size"><strong>2023</strong></p>



<p class="has-text-color" style="color:#073ee3"><strong><a href="https://intranet.uniovi.es/docencia/normativa/normativaprofesorado" target="_blank" rel="noreferrer noopener">Convocatoria de plazas de TU y CU (OPE 2022)</a></strong></p>



<p class="has-text-color" style="color:#073ee3"><strong><a href="https://www.unioviedo.es/sipu/index.php/2023/02/09/solicitud-de-complemento-retributivo-autonomico-2023/" target="_blank" rel="noreferrer noopener">Solicitud de Complemento Retributivo Autonómico 2023</a></strong></p>



<p class="has-text-color" style="color:#073ee3"><strong><a rel="noreferrer noopener" href="https://intranet.uniovi.es/docencia/normativa/normativaprofesorado" target="_blank">OPE-2022: Listado de plazas definitivo de PCD y PCD-I3</a></strong></p>



<p class="has-text-color" style="color:#073ee3"><strong><a href="https://sede.asturias.es/bopa/2023/01/31/2023-00428.pdf" target="_blank" rel="noreferrer noopener">Relación de Puestos de Trabajo del PDI a 31/1/2023</a></strong></p>



<p class="has-text-color" style="color:#073ee3"><strong><a href="https://www.unioviedo.es/sipu/index.php/2023/01/09/evaluacion-de-la-actividad-investigadora-2022/" target="_blank" rel="noreferrer noopener">Evaluación de la Actividad Investigadora 2022</a></strong></p>



<p class="has-vivid-purple-color has-text-color has-medium-font-size"><strong>2022</strong></p>



<p class="has-text-color" style="color:#073ee3"><strong><a rel="noreferrer noopener" href="https://www.unioviedo.es/sipu/index.php/2022/12/07/convocatoria-de-plazas-de-estabilizacion-de-profesor-titular-de-universidad-y-profesor-contratado-doctor/" target="_blank">Convocatoria de plazas de estabilización Ley 20/2021</a></strong></p>



<p class="has-text-color" style="color:#073ee3"><strong><a rel="noreferrer noopener" href="https://www.unioviedo.es/sipu/index.php/2022/06/30/convocatoria-de-ayudas-sociales-de-matricula-curso-2021-2022/" target="_blank">Convocatoria de ayudas sociales de matrícula 2022</a></strong></p>



<p class="has-text-color" style="color:#073ee3"><a rel="noreferrer noopener" href="https://www.unioviedo.es/sipu/index.php/2022/02/04/complemento-retributivo-autonomico-2022/" data-type="URL" data-id="https://www.unioviedo.es/sipu/index.php/2022/02/04/complemento-retributivo-autonomico-2022/" target="_blank"><strong>Complemento Retributivo Autonómico 2022</strong></a></p>



<p class="has-text-color" style="color:#073ee3"><strong><a rel="noreferrer noopener" href="https://www.unioviedo.es/sipu/index.php/2022/01/11/nuevo-concierto-muface-2022-2024/" target="_blank">Nuevo concierto MUFACE 2022-2024</a></strong></p>



<p class="has-text-color" style="color:#073ee3"><strong><a rel="noreferrer noopener" href="https://www.unioviedo.es/sipu/index.php/2022/01/10/ayudas-ramon-y-cajal-y-juan-de-la-cierva/" target="_blank">Ayudas Ramón y Cajal y Juan de la Cierva</a></strong></p>



<p class="has-text-color" style="color:#073ee3"><strong><a rel="noreferrer noopener" href="https://www.unioviedo.es/sipu/index.php/2022/01/10/oferta-de-empleo-publico-2021/" target="_blank">Oferta de empleo público 2021</a></strong></p>



<p class="has-text-color" style="color:#073ee3"><strong><a rel="noreferrer noopener" href="https://www.unioviedo.es/sipu/index.php/2022/01/10/evaluacion-de-la-actividad-investigadora/" target="_blank">Evaluación de la Actividad Investigadora 2021</a></strong> </p>



<p class="has-vivid-purple-color has-text-color has-medium-font-size"><strong>2021</strong></p>



<p class="has-text-color" style="color:#073ee3"><a rel="noreferrer noopener" href="https://www.unioviedo.es/sipu/index.php/2021/08/02/promocion-y-ayuda-a-la-innovacion-docente/" target="_blank"><strong>Promoción y ayuda a la innovación docente</strong></a></p>



<p class="has-text-color" style="color:#073ee3"><strong><a rel="noreferrer noopener" href="https://www.unioviedo.es/sipu/index.php/2021/07/20/convocatoria-de-plazas-de-profesor-contratado-doctor/" target="_blank">Convocatoria de plazas de Profesor Contratado Doctor</a></strong></p>



<p class="has-text-color" style="color:#073ee3"><strong><a href="https://www.unioviedo.es/sipu/index.php/2021/07/06/complecion-de-ope-2020/" target="_blank" rel="noreferrer noopener">Compleción de la Oferta Pública de empleo 2020</a></strong></p>



<p class="has-text-color" style="color:#073ee3"><strong><a href="https://www.unioviedo.es/sipu/index.php/2021/06/25/ayudas-para-la-recualificacion-del-sistema-universitario-espanol-2021-2023/" target="_blank" rel="noreferrer noopener">Ayudas para la recualificación del sistema universitario español 2021-2023</a></strong></p>



<p class="has-text-color" style="color:#073ee3"><strong><a rel="noreferrer noopener" href="https://www.unioviedo.es/sipu/index.php/2021/06/17/convocatoria-de-ayudas-de-investigacion/" target="_blank">Convocatoria de ayudas de investigación 2021</a></strong></p>



<p class="has-text-color" style="color:#073ee3"><strong><a rel="noreferrer noopener" href="https://www.unioviedo.es/sipu/index.php/2021/06/17/convocatoria-de-concursos-de-profesorado-para-el-curso-2021-2022/" target="_blank">Convocatoria de concursos de profesorado 2021 (OPE 2020)</a></strong></p>



<p class="has-text-color" style="color:#073ee3"><strong><a rel="noreferrer noopener" href="https://www.unioviedo.es/sipu/index.php/2021/06/17/convocatoria-de-ayudas-sociales-de-matricula-curso-2020-2021/" target="_blank">Convocatoria de ayudas sociales de matrícula 2021</a></strong></p>



<p class="has-text-color" style="color:#073ee3"><strong><a href="https://www.unioviedo.es/sipu/index.php/2021/03/17/solicitud-de-complemento-autonomico-2021/" target="_blank" rel="noreferrer noopener">Solicitud de complemento autonómico 2021</a></strong></p>

<p>Actualidad: Convocatorias de plazas de profesorado de la Universidad de Oviedo 2025 Calendario Académico 2025-2026 Convocatorias de plazas de profesorado laboral Evaluación de la actividad investigadora 2024 Nuevos Estatutos de la Universidad de Oviedo Oferta Pública de Empleo 2024 2024 Publicada en el BOE la OPE 2023 de la Universidad de Oviedo Apertura del procedimiento &hellip; <a href="https://www.unioviedo.es/sipu/index.php/pagina-ejemplo/" class="more-link">Seguir leyendo <span class="screen-reader-text">Personal Docente e Investigador</span> <span class="meta-nav">&rarr;</span></a></p>
