{"id":2922,"date":"2016-05-20T09:36:12","date_gmt":"2016-05-20T07:36:12","guid":{"rendered":"http:\/\/www.unioviedo.es\/socialimen\/socialimequipoinvestigadores-uniovimaria-trinidad-pascual-fernandez\/"},"modified":"2023-09-26T10:24:31","modified_gmt":"2023-09-26T08:24:31","slug":"socialimequipoinvestigadores-uniovimaria-trinidad-pascual-fernandez","status":"publish","type":"page","link":"https:\/\/www.unioviedo.es\/socialimen\/en\/team\/investigadores-uniovi\/socialimequipoinvestigadores-uniovimaria-trinidad-pascual-fernandez\/","title":{"rendered":"Mar\u00eda Trinidad Pascual Fern\u00e1ndez"},"content":{"rendered":"<p>&nbsp;<\/p>\n<p><strong><img loading=\"lazy\" decoding=\"async\" class=\"size-medium wp-image-3419 alignleft\" src=\"https:\/\/www.unioviedo.es\/socialimen\/wp-content\/uploads\/2021\/10\/trini-225x300.png\" alt=\"\" width=\"225\" height=\"300\" srcset=\"https:\/\/www.unioviedo.es\/socialimen\/wp-content\/uploads\/2021\/10\/trini-225x300.png 225w, https:\/\/www.unioviedo.es\/socialimen\/wp-content\/uploads\/2021\/10\/trini.png 360w\" sizes=\"auto, (max-width: 225px) 100vw, 225px\" \/>Position:<\/strong> LECTURER (PhD in Sociology).<\/p>\n<p><strong>Department:<\/strong> SOCIOLOGY<\/p>\n<p><strong>Field:<\/strong> Social Work.<\/p>\n<p><strong>Address:<\/strong> Universidad de Oviedo. Departamento de Sociolog\u00eda. Facultad de Comercio, Turismo y Ciencias Sociales &#8220;Jovellanos&#8221;, 3\u00aa Planta. Calle de Luis Moya Blanco, 261, 33203 Gij\u00f3n, Asturias (Espa\u00f1a)<\/p>\n<p><strong>Email:<\/strong> pascualmaria@uniovi.es<\/p>\n<p><strong>Phone:<\/strong> (+34) 985 180 325<\/p>\n<p><a href=\"https:\/\/www.researchgate.net\/profile\/Maria_Trinidad_Fernandez\">Researchgate<\/a><\/p>\n<p>&nbsp;<\/p>\n<hr \/>\n<p>Mar\u00eda Trinidad Pascual Fern\u00e1ndez, Social Worker, Sociologist, and PhD in Sociology. She taught at the Escuela Universitaria de Trabajo Social de Gij\u00f3n (the University School of Social Work in Gij\u00f3n, a centre attached to the University of Oviedo) from February 1989 to March 2012, where she taught Intervention and Research Methodology, and has been Collaborating Professor attached to the University of Oviedo\u2019s Department of Sociology (in the field of Social Work and Social Services) since March 2012, teaching on the Social Work degree course on the subjects of Practice I, General Social Services, and Professional Practice II.<\/p>\n<p>She has been a teacher on the Master\u2019s course in the University of Oviedo\u2019s Management of Organizations for Cooperation on Development and Social Intervention and on the university\u2019s Master\u2019s in Social Policy and Welfare.<\/p>\n<h3>Research Fields<\/h3>\n<ul>\n<li><a href=\"http:\/\/www.unioviedo.es\/socialimen\/en\/investigacion-2\/lineas-de-investigacion\/2-alimentacion-estructura-social\/\">Food and social structure<\/a><\/li>\n<\/ul>\n<h3>Project participation<\/h3>\n<ul>\n<li><strong>Alimentaci\u00f3n y estructura social. An\u00e1lisis de las desigualdades sociales en Espa\u00f1a (2015-2019)<br \/>\n<\/strong><\/li>\n<\/ul>\n<p style=\"padding-left: 60px;\">Proyectos I+D+I del Programa Estatal de Investigaci\u00f3n. Ref. CSO2015-68434-R<\/p>\n<p style=\"padding-left: 60px;\">Investigador Principal: Isabel Garc\u00eda Espejo<\/p>\n<h3>Publications<\/h3>\n<ul>\n<li>Pascual Fern\u00e1ndez M. (2019). La situaci\u00f3n de los servicios sociales generales en el Principado de Asturias. Consejer\u00eda de Servicios y Derechos Sociales. Gobierno del Principado de Asturias.\u00a0<a href=\"https:\/\/www.socialasturias.es\/servicios-sociales\/investigacion-e-innovacion\/estudio-sobre-los-servicios-sociales-generales-de-la-comunidad-autonoma_734_1_ap.html\">https:\/\/www.socialasturias.es\/servicios-sociales\/investigacion-e-innovacion\/estudio-sobre-los-servicios-sociales-generales-de-la-comunidad-autonoma_734_1_ap.html<\/a><\/li>\n<li>Ramos Feij\u00f3o, C.; Ari\u00f1o Altuna,M.; Berasaluze Correa, A.; Dellavalle,M.; Lorenzo Garc\u00eda.; Munuera-G\u00f3mez , M.; Pascual-Fern\u00e1ndez ,M.; Pelluch Auladel,M. (2016). Supervisi\u00f3n en Trabajo Social, clave para la construcci\u00f3n del \u201cethos\u201d profesional. En XIV Jornadas de Redes de Investigaci\u00f3n en Docencia Universitaria. Universidad de Alicante. ISBN: 978-84-608-7976-3. P\u00e1g.1533-1544.\u00a0<a href=\"http:\/\/rua.ua.es\/dspace\/handle\/10045\/59687\">http:\/\/rua.ua.es\/dspace\/handle\/10045\/59687<\/a><\/li>\n<li>Ramos Feij\u00f3o, C.; Ari\u00f1o Altuna,M.; Berasaluze Correa, A.; Dellavalle,M.; Lorenzo Garc\u00eda.; Munuera-G\u00f3mez , M.; Pascual-Fern\u00e1ndez ,M.; Pelluch Auladel, M. (2015). Estrategias de aprendizaje colaborativo en Trabajo Social. En XIII Jornadas de Redes de Investigaci\u00f3n en Docencia Universitaria. Universidad de Alicante ISBN: 978-84-606-8636-1. P\u00e1g. 2270-2282\u00a0<a href=\"http:\/\/rua.ua.es\/dspace\/handle\/10045\/49612\">http:\/\/rua.ua.es\/dspace\/handle\/10045\/49612<\/a><\/li>\n<\/ul>\n","protected":false},"excerpt":{"rendered":"<p>&nbsp; Position: LECTURER (PhD in Sociology). Department: SOCIOLOGY Field: Social Work. Address: Universidad de Oviedo. Departamento de Sociolog\u00eda. Facultad de Comercio, Turismo y Ciencias Sociales &#8220;Jovellanos&#8221;, 3\u00aa Planta. Calle de Luis Moya Blanco, 261, 33203 Gij\u00f3n, Asturias (Espa\u00f1a) Email: pascualmaria@uniovi.es Phone: (+34) 985 180 325 Researchgate &nbsp; Mar\u00eda Trinidad Pascual Fern\u00e1ndez, Social Worker, Sociologist, and [&hellip;]<\/p>\n","protected":false},"author":3,"featured_media":3419,"parent":2951,"menu_order":8,"comment_status":"closed","ping_status":"closed","template":"","meta":{"_genesis_hide_title":false,"_genesis_hide_breadcrumbs":false,"_genesis_hide_singular_image":false,"_genesis_hide_footer_widgets":false,"_genesis_custom_body_class":"","_genesis_custom_post_class":"","_genesis_layout":"","footnotes":""},"class_list":{"0":"post-2922","1":"page","2":"type-page","3":"status-publish","4":"has-post-thumbnail","6":"entry","7":"gs-1","8":"gs-odd","9":"gs-even","10":"gs-featured-content-entry"},"_links":{"self":[{"href":"https:\/\/www.unioviedo.es\/socialimen\/en\/wp-json\/wp\/v2\/pages\/2922","targetHints":{"allow":["GET"]}}],"collection":[{"href":"https:\/\/www.unioviedo.es\/socialimen\/en\/wp-json\/wp\/v2\/pages"}],"about":[{"href":"https:\/\/www.unioviedo.es\/socialimen\/en\/wp-json\/wp\/v2\/types\/page"}],"author":[{"embeddable":true,"href":"https:\/\/www.unioviedo.es\/socialimen\/en\/wp-json\/wp\/v2\/users\/3"}],"replies":[{"embeddable":true,"href":"https:\/\/www.unioviedo.es\/socialimen\/en\/wp-json\/wp\/v2\/comments?post=2922"}],"version-history":[{"count":4,"href":"https:\/\/www.unioviedo.es\/socialimen\/en\/wp-json\/wp\/v2\/pages\/2922\/revisions"}],"predecessor-version":[{"id":3880,"href":"https:\/\/www.unioviedo.es\/socialimen\/en\/wp-json\/wp\/v2\/pages\/2922\/revisions\/3880"}],"up":[{"embeddable":true,"href":"https:\/\/www.unioviedo.es\/socialimen\/en\/wp-json\/wp\/v2\/pages\/2951"}],"wp:featuredmedia":[{"embeddable":true,"href":"https:\/\/www.unioviedo.es\/socialimen\/en\/wp-json\/wp\/v2\/media\/3419"}],"wp:attachment":[{"href":"https:\/\/www.unioviedo.es\/socialimen\/en\/wp-json\/wp\/v2\/media?parent=2922"}],"curies":[{"name":"wp","href":"https:\/\/api.w.org\/{rel}","templated":true}]}}

María Trinidad Pascual Fernández

<p>&nbsp;</p>
<p><strong><img loading="lazy" decoding="async" class="size-medium wp-image-3419 alignleft" src="https://www.unioviedo.es/socialimen/wp-content/uploads/2021/10/trini-225x300.png" alt="" width="225" height="300" srcset="https://www.unioviedo.es/socialimen/wp-content/uploads/2021/10/trini-225x300.png 225w, https://www.unioviedo.es/socialimen/wp-content/uploads/2021/10/trini.png 360w" sizes="auto, (max-width: 225px) 100vw, 225px" />Position:</strong> LECTURER (PhD in Sociology).</p>
<p><strong>Department:</strong> SOCIOLOGY</p>
<p><strong>Field:</strong> Social Work.</p>
<p><strong>Address:</strong> Universidad de Oviedo. Departamento de Sociología. Facultad de Comercio, Turismo y Ciencias Sociales &#8220;Jovellanos&#8221;, 3ª Planta. Calle de Luis Moya Blanco, 261, 33203 Gijón, Asturias (España)</p>
<p><strong>Email:</strong> pascualmaria@uniovi.es</p>
<p><strong>Phone:</strong> (+34) 985 180 325</p>
<p><a href="https://www.researchgate.net/profile/Maria_Trinidad_Fernandez">Researchgate</a></p>
<p>&nbsp;</p>
<hr />
<p>María Trinidad Pascual Fernández, Social Worker, Sociologist, and PhD in Sociology. She taught at the Escuela Universitaria de Trabajo Social de Gijón (the University School of Social Work in Gijón, a centre attached to the University of Oviedo) from February 1989 to March 2012, where she taught Intervention and Research Methodology, and has been Collaborating Professor attached to the University of Oviedo’s Department of Sociology (in the field of Social Work and Social Services) since March 2012, teaching on the Social Work degree course on the subjects of Practice I, General Social Services, and Professional Practice II.</p>
<p>She has been a teacher on the Master’s course in the University of Oviedo’s Management of Organizations for Cooperation on Development and Social Intervention and on the university’s Master’s in Social Policy and Welfare.</p>
<h3>Research Fields</h3>
<ul>
<li><a href="http://www.unioviedo.es/socialimen/en/investigacion-2/lineas-de-investigacion/2-alimentacion-estructura-social/">Food and social structure</a></li>
</ul>
<h3>Project participation</h3>
<ul>
<li><strong>Alimentación y estructura social. Análisis de las desigualdades sociales en España (2015-2019)<br />
</strong></li>
</ul>
<p style="padding-left: 60px;">Proyectos I+D+I del Programa Estatal de Investigación. Ref. CSO2015-68434-R</p>
<p style="padding-left: 60px;">Investigador Principal: Isabel García Espejo</p>
<h3>Publications</h3>
<ul>
<li>Pascual Fernández M. (2019). La situación de los servicios sociales generales en el Principado de Asturias. Consejería de Servicios y Derechos Sociales. Gobierno del Principado de Asturias. <a href="https://www.socialasturias.es/servicios-sociales/investigacion-e-innovacion/estudio-sobre-los-servicios-sociales-generales-de-la-comunidad-autonoma_734_1_ap.html">https://www.socialasturias.es/servicios-sociales/investigacion-e-innovacion/estudio-sobre-los-servicios-sociales-generales-de-la-comunidad-autonoma_734_1_ap.html</a></li>
<li>Ramos Feijóo, C.; Ariño Altuna,M.; Berasaluze Correa, A.; Dellavalle,M.; Lorenzo García.; Munuera-Gómez , M.; Pascual-Fernández ,M.; Pelluch Auladel,M. (2016). Supervisión en Trabajo Social, clave para la construcción del “ethos” profesional. En XIV Jornadas de Redes de Investigación en Docencia Universitaria. Universidad de Alicante. ISBN: 978-84-608-7976-3. Pág.1533-1544. <a href="http://rua.ua.es/dspace/handle/10045/59687">http://rua.ua.es/dspace/handle/10045/59687</a></li>
<li>Ramos Feijóo, C.; Ariño Altuna,M.; Berasaluze Correa, A.; Dellavalle,M.; Lorenzo García.; Munuera-Gómez , M.; Pascual-Fernández ,M.; Pelluch Auladel, M. (2015). Estrategias de aprendizaje colaborativo en Trabajo Social. En XIII Jornadas de Redes de Investigación en Docencia Universitaria. Universidad de Alicante ISBN: 978-84-606-8636-1. Pág. 2270-2282 <a href="http://rua.ua.es/dspace/handle/10045/49612">http://rua.ua.es/dspace/handle/10045/49612</a></li>
</ul>

<p>&nbsp; Position: LECTURER (PhD in Sociology). Department: SOCIOLOGY Field: Social Work. Address: Universidad de Oviedo. Departamento de Sociología. Facultad de Comercio, Turismo y Ciencias Sociales &#8220;Jovellanos&#8221;, 3ª Planta. Calle de Luis Moya Blanco, 261, 33203 Gijón, Asturias (España) Email: pascualmaria@uniovi.es Phone: (+34) 985 180 325 Researchgate &nbsp; María Trinidad Pascual Fernández, Social Worker, Sociologist, and [&hellip;]</p>
