{"id":2923,"date":"2016-04-21T19:19:38","date_gmt":"2016-04-21T17:19:38","guid":{"rendered":"http:\/\/www.unioviedo.es\/socialimen\/claudia-m-prado-meza\/"},"modified":"2020-12-28T14:54:38","modified_gmt":"2020-12-28T13:54:38","slug":"claudia-m-prado-meza","status":"publish","type":"page","link":"https:\/\/www.unioviedo.es\/socialimen\/en\/team\/visitantes\/claudia-m-prado-meza\/","title":{"rendered":"Claudia M. Prado-Meza"},"content":{"rendered":"<p><strong><img loading=\"lazy\" decoding=\"async\" class=\"alignleft wp-image-2568\" src=\"https:\/\/www.unioviedo.es\/socialimen\/wp-content\/uploads\/2016\/04\/claudia.jpg\" alt=\"claudia\" width=\"400\" height=\"456\" srcset=\"https:\/\/www.unioviedo.es\/socialimen\/wp-content\/uploads\/2016\/04\/claudia.jpg 632w, https:\/\/www.unioviedo.es\/socialimen\/wp-content\/uploads\/2016\/04\/claudia-263x300.jpg 263w\" sizes=\"auto, (max-width: 400px) 100vw, 400px\" \/>Position:<\/strong> Full-time Professor-Researcher (Category A).<\/p>\n<p><strong>Faculty:<\/strong> Economics.<\/p>\n<p><strong>Field:<\/strong> Gender, Agribusiness, and Food Systems.<\/p>\n<p><strong>Address:<\/strong> Universidad de Colima, Facultad de Econom\u00eda. Josefa Ortiz de Dom\u00ednguez 64, La Haciendita, 28970 Villa de \u00c1lvarez, Col., M\u00e9xico<\/p>\n<p><strong>Email:<\/strong> <a href=\"mailto:claudiaprado@ucol.mx\">claudiaprado@ucol.mx<\/a><\/p>\n<p><strong>Phone:<\/strong> +52 312 316 1185<\/p>\n<p>&nbsp;<\/p>\n<hr \/>\n<p>Claudia teaches Introduction to Economics, Economics of Small and Micro-Enterprises in Mexico, and, since 2012, an Integrated Workshop in the Bachelor\u2019s Degrees in Economics, Finance, and International Business entirely in English in the Faculty of Economics. Her research focuses on aspects of Gender and Empowerment.<\/p>\n<p>In the last two years she has participated in research projects funded by CONACyT and PRODEP on Gender and Activism, and Gender and Agribusiness. With her project \u201cCambiando rostros, cambiando el campo\u201d (Changing Faces, Changing the Countryside), she seeks to design, develop, and implement a programme where young people are rooted in the countryside, changing the face of those who work the land, and promoting public policies to encourage the participation of young women, which should lead to a decrease in the social problems present in the state. Claudia Prado-Meza is spending a month at the Department of Sociology to work with the Sociology of Food Research Group with funds from this project.<\/p>\n<p>With the project The Faces of Women\u2019s Activism in Colima, the objective is to analyze the relationship between gender and social action through the experience of women living in the state of Colima who are involved in social movements, activist groups, and civil associations.<\/p>\n<h3>Research Fields<\/h3>\n<ul>\n<li><a href=\"http:\/\/www.unioviedo.es\/socialimen\/category\/investigacion\/lineas-de-investigacion\/3-poder-politica-y-movimientos-sociales-alimentarios\/\">Poder, pol\u00edtica y movimientos alimentarios<\/a>\n<ul>\n<li>Desarrollo regional y desarrollo sustentable<\/li>\n<li>G\u00e9nero, empoderamiento y sustentabilidad<\/li>\n<\/ul>\n<\/li>\n<\/ul>\n<h3>Project participation<\/h3>\n<ul>\n<li><b>Cambiando rostros, cambiando el campo. Incentivando la participaci\u00f3n de mujeres j\u00f3venes en el campo colimense<\/b>. IP: Claudia M. Prado-Meza\n<ul>\n<li><span id=\":k0k.co\" class=\"tL8wMe EMoHub\" dir=\"ltr\">Apoyo a la Incorporaci\u00f3n de Nuevos Profesores de Tiempo Completo, del Programa para el Desarrollo Profesional Docente, para el tipo Superior (PRODEP), en las\u00a0CONVOCATORIAS INDIVIDUALES 2015.<\/span><\/li>\n<\/ul>\n<\/li>\n<li><b>Los rostros del activismo de las mujeres en Colima: An\u00e1lisis de la relaci\u00f3n entre g\u00e9nero y acci\u00f3n social<\/b>\n<ul>\n<li>Convocatoria de Investigaci\u00f3n Cient\u00edfica B\u00e1sica &#8211; CONACYT. Modalidad de apoyo: Iniciativas de joven investigador. \u00c1rea de conocimiento: V Ciencias sociales y econ\u00f3micas. Refer: (222630).<\/li>\n<\/ul>\n<\/li>\n<\/ul>\n<p style=\"padding-left: 30px;\">IP: Dr. Francisco Antar Mart\u00ednez Guzm\u00e1n<\/p>\n<p style=\"padding-left: 30px;\">Co &#8211; IP: Dra. Claudia M. Prado-Meza<\/p>\n","protected":false},"excerpt":{"rendered":"<p>Position: Full-time Professor-Researcher (Category A). Faculty: Economics. Field: Gender, Agribusiness, and Food Systems. Address: Universidad de Colima, Facultad de Econom\u00eda. Josefa Ortiz de Dom\u00ednguez 64, La Haciendita, 28970 Villa de \u00c1lvarez, Col., M\u00e9xico Email: claudiaprado@ucol.mx Phone: +52 312 316 1185 &nbsp; Claudia teaches Introduction to Economics, Economics of Small and Micro-Enterprises in Mexico, and, since [&hellip;]<\/p>\n","protected":false},"author":3,"featured_media":2567,"parent":2947,"menu_order":4,"comment_status":"closed","ping_status":"closed","template":"","meta":{"_genesis_hide_title":false,"_genesis_hide_breadcrumbs":false,"_genesis_hide_singular_image":false,"_genesis_hide_footer_widgets":false,"_genesis_custom_body_class":"","_genesis_custom_post_class":"","_genesis_layout":"","footnotes":""},"class_list":{"0":"post-2923","1":"page","2":"type-page","3":"status-publish","4":"has-post-thumbnail","6":"entry","7":"gs-1","8":"gs-odd","9":"gs-even","10":"gs-featured-content-entry"},"_links":{"self":[{"href":"https:\/\/www.unioviedo.es\/socialimen\/en\/wp-json\/wp\/v2\/pages\/2923","targetHints":{"allow":["GET"]}}],"collection":[{"href":"https:\/\/www.unioviedo.es\/socialimen\/en\/wp-json\/wp\/v2\/pages"}],"about":[{"href":"https:\/\/www.unioviedo.es\/socialimen\/en\/wp-json\/wp\/v2\/types\/page"}],"author":[{"embeddable":true,"href":"https:\/\/www.unioviedo.es\/socialimen\/en\/wp-json\/wp\/v2\/users\/3"}],"replies":[{"embeddable":true,"href":"https:\/\/www.unioviedo.es\/socialimen\/en\/wp-json\/wp\/v2\/comments?post=2923"}],"version-history":[{"count":1,"href":"https:\/\/www.unioviedo.es\/socialimen\/en\/wp-json\/wp\/v2\/pages\/2923\/revisions"}],"predecessor-version":[{"id":3238,"href":"https:\/\/www.unioviedo.es\/socialimen\/en\/wp-json\/wp\/v2\/pages\/2923\/revisions\/3238"}],"up":[{"embeddable":true,"href":"https:\/\/www.unioviedo.es\/socialimen\/en\/wp-json\/wp\/v2\/pages\/2947"}],"wp:featuredmedia":[{"embeddable":true,"href":"https:\/\/www.unioviedo.es\/socialimen\/en\/wp-json\/wp\/v2\/media\/2567"}],"wp:attachment":[{"href":"https:\/\/www.unioviedo.es\/socialimen\/en\/wp-json\/wp\/v2\/media?parent=2923"}],"curies":[{"name":"wp","href":"https:\/\/api.w.org\/{rel}","templated":true}]}}

<p><strong><img loading="lazy" decoding="async" class="alignleft wp-image-2568" src="https://www.unioviedo.es/socialimen/wp-content/uploads/2016/04/claudia.jpg" alt="claudia" width="400" height="456" srcset="https://www.unioviedo.es/socialimen/wp-content/uploads/2016/04/claudia.jpg 632w, https://www.unioviedo.es/socialimen/wp-content/uploads/2016/04/claudia-263x300.jpg 263w" sizes="auto, (max-width: 400px) 100vw, 400px" />Position:</strong> Full-time Professor-Researcher (Category A).</p>
<p><strong>Faculty:</strong> Economics.</p>
<p><strong>Field:</strong> Gender, Agribusiness, and Food Systems.</p>
<p><strong>Address:</strong> Universidad de Colima, Facultad de Economía. Josefa Ortiz de Domínguez 64, La Haciendita, 28970 Villa de Álvarez, Col., México</p>
<p><strong>Email:</strong> <a href="mailto:claudiaprado@ucol.mx">claudiaprado@ucol.mx</a></p>
<p><strong>Phone:</strong> +52 312 316 1185</p>
<p>&nbsp;</p>
<hr />
<p>Claudia teaches Introduction to Economics, Economics of Small and Micro-Enterprises in Mexico, and, since 2012, an Integrated Workshop in the Bachelor’s Degrees in Economics, Finance, and International Business entirely in English in the Faculty of Economics. Her research focuses on aspects of Gender and Empowerment.</p>
<p>In the last two years she has participated in research projects funded by CONACyT and PRODEP on Gender and Activism, and Gender and Agribusiness. With her project “Cambiando rostros, cambiando el campo” (Changing Faces, Changing the Countryside), she seeks to design, develop, and implement a programme where young people are rooted in the countryside, changing the face of those who work the land, and promoting public policies to encourage the participation of young women, which should lead to a decrease in the social problems present in the state. Claudia Prado-Meza is spending a month at the Department of Sociology to work with the Sociology of Food Research Group with funds from this project.</p>
<p>With the project The Faces of Women’s Activism in Colima, the objective is to analyze the relationship between gender and social action through the experience of women living in the state of Colima who are involved in social movements, activist groups, and civil associations.</p>
<h3>Research Fields</h3>
<ul>
<li><a href="http://www.unioviedo.es/socialimen/category/investigacion/lineas-de-investigacion/3-poder-politica-y-movimientos-sociales-alimentarios/">Poder, política y movimientos alimentarios</a>
<ul>
<li>Desarrollo regional y desarrollo sustentable</li>
<li>Género, empoderamiento y sustentabilidad</li>
</ul>
</li>
</ul>
<h3>Project participation</h3>
<ul>
<li><b>Cambiando rostros, cambiando el campo. Incentivando la participación de mujeres jóvenes en el campo colimense</b>. IP: Claudia M. Prado-Meza
<ul>
<li><span id=":k0k.co" class="tL8wMe EMoHub" dir="ltr">Apoyo a la Incorporación de Nuevos Profesores de Tiempo Completo, del Programa para el Desarrollo Profesional Docente, para el tipo Superior (PRODEP), en las CONVOCATORIAS INDIVIDUALES 2015.</span></li>
</ul>
</li>
<li><b>Los rostros del activismo de las mujeres en Colima: Análisis de la relación entre género y acción social</b>
<ul>
<li>Convocatoria de Investigación Científica Básica &#8211; CONACYT. Modalidad de apoyo: Iniciativas de joven investigador. Área de conocimiento: V Ciencias sociales y económicas. Refer: (222630).</li>
</ul>
</li>
</ul>
<p style="padding-left: 30px;">IP: Dr. Francisco Antar Martínez Guzmán</p>
<p style="padding-left: 30px;">Co &#8211; IP: Dra. Claudia M. Prado-Meza</p>

<p>Position: Full-time Professor-Researcher (Category A). Faculty: Economics. Field: Gender, Agribusiness, and Food Systems. Address: Universidad de Colima, Facultad de Economía. Josefa Ortiz de Domínguez 64, La Haciendita, 28970 Villa de Álvarez, Col., México Email: claudiaprado@ucol.mx Phone: +52 312 316 1185 &nbsp; Claudia teaches Introduction to Economics, Economics of Small and Micro-Enterprises in Mexico, and, since [&hellip;]</p>
