{"id":2928,"date":"2016-01-26T22:23:39","date_gmt":"2016-01-26T21:23:39","guid":{"rendered":"http:\/\/www.unioviedo.es\/socialimen\/sonia-otero-estevez\/"},"modified":"2023-09-26T10:35:51","modified_gmt":"2023-09-26T08:35:51","slug":"sonia-otero-estevez","status":"publish","type":"page","link":"https:\/\/www.unioviedo.es\/socialimen\/en\/team\/investigadores-uniovi\/sonia-otero-estevez\/","title":{"rendered":"Sonia Otero Est\u00e9vez"},"content":{"rendered":"<p><img loading=\"lazy\" decoding=\"async\" class=\"size-medium wp-image-3377 alignleft\" src=\"https:\/\/www.unioviedo.es\/socialimen\/wp-content\/uploads\/2021\/10\/Foto-Sonia-para-GI-218x300.jpg\" alt=\"\" width=\"218\" height=\"300\" srcset=\"https:\/\/www.unioviedo.es\/socialimen\/wp-content\/uploads\/2021\/10\/Foto-Sonia-para-GI-218x300.jpg 218w, https:\/\/www.unioviedo.es\/socialimen\/wp-content\/uploads\/2021\/10\/Foto-Sonia-para-GI.jpg 697w\" sizes=\"auto, (max-width: 218px) 100vw, 218px\" \/><\/p>\n<p><strong>Position:<\/strong> RESEARCHER<span class=\"org\">.<br \/>\n<\/span><\/p>\n<p><strong>Department:<\/strong> SOCIOLOGY.<\/p>\n<p><strong>Field:\u00a0<\/strong>Sociology.<\/p>\n<p><strong>Adress:\u00a0<\/strong>Universidad de Oviedo.\u00a0Departamento de Sociolog\u00eda.\u00a0Facultad de Econom\u00eda y Empresa.\u00a0Edificio Departamental, 2\u00ba Planta.\u00a0Campus de El Cristo.<br \/>\n33006 Oviedo. Asturias (Espa\u00f1a).<\/p>\n<p><strong>Email<\/strong>: <a href=\"mailto:uo221461@uniovi.es\">uo221461@uniovi.es<\/a><\/p>\n<hr \/>\n<p>Sonia Otero Est\u00e9vez has a degree in Social Work (2014), a master&#8217;s degree in Social Policies and Welfare (2015), and a PhD from the University of Oviedo (2021) with a doctoral thesis entitled &#8220;Obesity as a social problem: an analysis of dietary and physical activity practices in households with and without childhood obesity&#8221;. Her field of specialisation focuses on the analysis of social inequalities, social policies, food and health. She has participated in several reports and articles addressing the socio-economic and food situation of the most vulnerable population, such as &#8220;New and old forms of poverty in Spain: exploring food consumption during the crisis&#8221; published in the British Food Journal, or &#8220;Socio-economic evaluation of the Basic Social Wage in Asturias&#8221; published by the Department of Welfare and Social Services of the Principality of Asturias. She has also participated in several research projects, including &#8220;Alimentaci\u00f3n y estructura social. Analysis of food inequalities in Spain&#8221; of the State R&amp;D&amp;I Programme &#8220;Retos de la Sociedad&#8221; funded by the Ministry of Economy and Competitiveness and the project &#8220;Social and physiological frailty of people over 65 years old in the Principality of Asturias&#8221; belonging to the ELDER Consortium &#8220;The challenge of aging&#8221; of the Scientific Missions of the Principality of Asturias. She is currently a member of the Sociology of Food Research Group (UNIOVI), of the NISAL Network &#8220;Living standards, health, nutrition and inequality&#8221; and vice-president-treasurer of the Asturian Sociology Association.<\/p>\n<h3 style=\"text-align: justify;\"><strong>Research Fields<\/strong><\/h3>\n<ul style=\"text-align: justify;\">\n<li><a href=\"https:\/\/www.unioviedo.es\/socialimen\/en\/investigacion-2\/lineas-de-investigacion\/2-alimentacion-estructura-social\/\">Food and social structure<\/a>\n<ul>\n<li>Pol\u00edticas sociales e inclusi\u00f3n social<\/li>\n<li><span style=\"color: #222222; font-family: Roboto,sans-serif;\">Alimentaci\u00f3n y salud<\/span><\/li>\n<\/ul>\n<\/li>\n<\/ul>\n<h3><strong>Project participation<\/strong><\/h3>\n<ul>\n<li><strong>Consorcio ELDER. El reto de envejecer<br \/>\n<\/strong>Clave\/Ref del proyecto: AYUD\/2021\/9867<br \/>\nSubvenci\u00f3n a los consorcios de las Misiones Cient\u00edficas del Principado de Asturias.<br \/>\nEmpresa\/Administraci\u00f3n financiadora: Consejer\u00eda de Ciencia, Innovaci\u00f3n y Universidad<br \/>\nInvestigador responsable: Enrique Caso Onzain MY OMICS SL<\/li>\n<li><strong>Alimentaci\u00f3n y estructura social. An\u00e1lisis de las desigualdades sociales en Espa\u00f1a (2015-2019)<\/strong><br \/>\nClave del Proyecto: CSO2015-68434-R<br \/>\nEmpresa\/Administraci\u00f3n financiadora: Ministerio de Econom\u00eda y Competitividad<\/li>\n<li><strong>Evaluaci\u00f3n Socioecon\u00f3mica del Salario Social B\u00e1sico en Asturias<\/strong><br \/>\nClave del Proyecto: FUO-369-16<br \/>\nEmpresa\/Administraci\u00f3n financiadora: Consejer\u00eda de Derechos Sociales y Bienestar del Principado de Asturias<\/li>\n<li><strong>H\u00e1bitos alimentarios de los espa\u00f1oles. cambios en las maneras de vivir, comprar y comer<\/strong><br \/>\nEmpresa\/Administraci\u00f3n financiadora: ASEDAS. Asociaci\u00f3n Espa\u00f1ola de Distribuidores de Autoservicio y Supermercados<\/li>\n<li><strong>H\u00e1bitos alimentarios de las personas beneficiarias del Plan de Alimentos de Cruz Roja Asturias<\/strong><br \/>\nEmpresa\/Administraci\u00f3n financiadora: Cruz Roja Asturias<\/li>\n<\/ul>\n<h3><strong>Publications<\/strong><\/h3>\n<ul>\n<li style=\"list-style-type: none;\">\n<ul>\n<li>D\u00edaz-M\u00e9ndez, Cecilia. Garc\u00eda-Espejo, Isabel. y\u00a0<strong>Otero-Est\u00e9vez, Sonia<\/strong>\u00a0(2020).\u00a0 New and old forms of poverty in Spain: exploring food consumption during the crisis.\u00a0<em>British Food Journal.<\/em>\u00a0DOI: 10.1108\/BFJ-07-2019-0527. JCR, Q2.<\/li>\n<li>Cecilia D\u00edaz, Isabel Garc\u00eda y\u00a0<strong>Sonia Otero\u00a0<\/strong>(2019). Cap\u00edtulo I. Contextos de privaci\u00f3n alimentaria y crisis en Espa\u00f1a. En (Re)pensando los retos alimentarios desde las ciencias sociales. Contextos de precarizaci\u00f3n, respuestas y actuaciones. Marta Llobet, Paula Dur\u00e1n, Claudia R. Maga\u00f1a y Araceli Mu\u00f1oz (coords.). UOC. pp- 41-54. Disponible:\u00a0<a href=\"http:\/\/www.editorialuoc.cat\/repensando-los-retos-alimentarios-desde-las-ciencias-sociales\">http:\/\/www.editorialuoc.cat\/repensando-los-retos-alimentarios-desde-las-ciencias-sociales<\/a><\/li>\n<li>D\u00edaz M\u00e9ndez, Cecilia, Garc\u00eda Espejo, Isabel y\u00a0<strong>Otero Est\u00e9vez, Sonia<\/strong>\u00a0(2018): \u201cDiscursos sobre la escasez: estrategias de gesti\u00f3n de la privaci\u00f3n alimentaria en tiempos de crisis\u201d. Empiria. Revista de metodolog\u00eda de ciencias sociales, (40), 85-105. Scopus, Q3. Disponible:\u00a0<a href=\"http:\/\/revistas.uned.es\/index.php\/empiria\/article\/view\/22012\/18031\">http:\/\/revistas.uned.es\/index.php\/empiria\/article\/view\/22012\/18031<\/a><\/li>\n<li><strong>Otero-Est\u00e9vez, S<\/strong>. y Paddock, J. (2018). The practice of eating. Alan Warde. Cambrigde: Polity Press, 2016. Rese\u00f1a de libro, RES n\u00ba 27 (2) (2018) pp. 343-347. ISSN: 1578-2824. DOI: 10.22325\/fes\/res.2018.44. Scopus, Q3. Disponible:\u00a0<a href=\"https:\/\/recyt.fecyt.es\/index.php\/res\/article\/view\/65645\">https:\/\/recyt.fecyt.es\/index.php\/res\/article\/view\/65645<\/a><\/li>\n<li>Mato D\u00edaz, J;\u00a0<strong>Otero-Est\u00e9vez, S<\/strong>; S\u00e1nchez S\u00e1nchez, S y Valdavida Casta\u00f1o, E. (2017). Evaluaci\u00f3n Socioecon\u00f3mica del Salario B\u00e1sico en Asturias. Evoluci\u00f3n, perfiles, procesos de salida y retorno econ\u00f3mico. Consejer\u00eda de Servicios Sociales y Bienestar del Principado de Asturias. Dep\u00f3sito Legal AS 02192-2017. Disponible:\u00a0<a href=\"https:\/\/observass.com\/wp-content\/uploads\/2017\/05\/04_PC_EvalSocio_Web02.pdf\">https:\/\/observass.com\/wp-content\/uploads\/2017\/05\/04_PC_EvalSocio_Web02.pdf<\/a><\/li>\n<\/ul>\n<\/li>\n<\/ul>\n","protected":false},"excerpt":{"rendered":"<p>Position: RESEARCHER. Department: SOCIOLOGY. Field:\u00a0Sociology. Adress:\u00a0Universidad de Oviedo.\u00a0Departamento de Sociolog\u00eda.\u00a0Facultad de Econom\u00eda y Empresa.\u00a0Edificio Departamental, 2\u00ba Planta.\u00a0Campus de El Cristo. 33006 Oviedo. Asturias (Espa\u00f1a). Email: uo221461@uniovi.es Sonia Otero Est\u00e9vez has a degree in Social Work (2014), a master&#8217;s degree in Social Policies and Welfare (2015), and a PhD from the University of Oviedo (2021) with [&hellip;]<\/p>\n","protected":false},"author":2,"featured_media":3377,"parent":2951,"menu_order":6,"comment_status":"closed","ping_status":"closed","template":"","meta":{"_genesis_hide_title":false,"_genesis_hide_breadcrumbs":false,"_genesis_hide_singular_image":false,"_genesis_hide_footer_widgets":false,"_genesis_custom_body_class":"","_genesis_custom_post_class":"","_genesis_layout":"","footnotes":""},"class_list":{"0":"post-2928","1":"page","2":"type-page","3":"status-publish","4":"has-post-thumbnail","6":"entry","7":"gs-1","8":"gs-odd","9":"gs-even","10":"gs-featured-content-entry"},"_links":{"self":[{"href":"https:\/\/www.unioviedo.es\/socialimen\/en\/wp-json\/wp\/v2\/pages\/2928","targetHints":{"allow":["GET"]}}],"collection":[{"href":"https:\/\/www.unioviedo.es\/socialimen\/en\/wp-json\/wp\/v2\/pages"}],"about":[{"href":"https:\/\/www.unioviedo.es\/socialimen\/en\/wp-json\/wp\/v2\/types\/page"}],"author":[{"embeddable":true,"href":"https:\/\/www.unioviedo.es\/socialimen\/en\/wp-json\/wp\/v2\/users\/2"}],"replies":[{"embeddable":true,"href":"https:\/\/www.unioviedo.es\/socialimen\/en\/wp-json\/wp\/v2\/comments?post=2928"}],"version-history":[{"count":4,"href":"https:\/\/www.unioviedo.es\/socialimen\/en\/wp-json\/wp\/v2\/pages\/2928\/revisions"}],"predecessor-version":[{"id":3886,"href":"https:\/\/www.unioviedo.es\/socialimen\/en\/wp-json\/wp\/v2\/pages\/2928\/revisions\/3886"}],"up":[{"embeddable":true,"href":"https:\/\/www.unioviedo.es\/socialimen\/en\/wp-json\/wp\/v2\/pages\/2951"}],"wp:featuredmedia":[{"embeddable":true,"href":"https:\/\/www.unioviedo.es\/socialimen\/en\/wp-json\/wp\/v2\/media\/3377"}],"wp:attachment":[{"href":"https:\/\/www.unioviedo.es\/socialimen\/en\/wp-json\/wp\/v2\/media?parent=2928"}],"curies":[{"name":"wp","href":"https:\/\/api.w.org\/{rel}","templated":true}]}}

Sonia Otero Estévez

<p><img loading="lazy" decoding="async" class="size-medium wp-image-3377 alignleft" src="https://www.unioviedo.es/socialimen/wp-content/uploads/2021/10/Foto-Sonia-para-GI-218x300.jpg" alt="" width="218" height="300" srcset="https://www.unioviedo.es/socialimen/wp-content/uploads/2021/10/Foto-Sonia-para-GI-218x300.jpg 218w, https://www.unioviedo.es/socialimen/wp-content/uploads/2021/10/Foto-Sonia-para-GI.jpg 697w" sizes="auto, (max-width: 218px) 100vw, 218px" /></p>
<p><strong>Position:</strong> RESEARCHER<span class="org">.<br />
</span></p>
<p><strong>Department:</strong> SOCIOLOGY.</p>
<p><strong>Field: </strong>Sociology.</p>
<p><strong>Adress: </strong>Universidad de Oviedo. Departamento de Sociología. Facultad de Economía y Empresa. Edificio Departamental, 2º Planta. Campus de El Cristo.<br />
33006 Oviedo. Asturias (España).</p>
<p><strong>Email</strong>: <a href="mailto:uo221461@uniovi.es">uo221461@uniovi.es</a></p>
<hr />
<p>Sonia Otero Estévez has a degree in Social Work (2014), a master&#8217;s degree in Social Policies and Welfare (2015), and a PhD from the University of Oviedo (2021) with a doctoral thesis entitled &#8220;Obesity as a social problem: an analysis of dietary and physical activity practices in households with and without childhood obesity&#8221;. Her field of specialisation focuses on the analysis of social inequalities, social policies, food and health. She has participated in several reports and articles addressing the socio-economic and food situation of the most vulnerable population, such as &#8220;New and old forms of poverty in Spain: exploring food consumption during the crisis&#8221; published in the British Food Journal, or &#8220;Socio-economic evaluation of the Basic Social Wage in Asturias&#8221; published by the Department of Welfare and Social Services of the Principality of Asturias. She has also participated in several research projects, including &#8220;Alimentación y estructura social. Analysis of food inequalities in Spain&#8221; of the State R&amp;D&amp;I Programme &#8220;Retos de la Sociedad&#8221; funded by the Ministry of Economy and Competitiveness and the project &#8220;Social and physiological frailty of people over 65 years old in the Principality of Asturias&#8221; belonging to the ELDER Consortium &#8220;The challenge of aging&#8221; of the Scientific Missions of the Principality of Asturias. She is currently a member of the Sociology of Food Research Group (UNIOVI), of the NISAL Network &#8220;Living standards, health, nutrition and inequality&#8221; and vice-president-treasurer of the Asturian Sociology Association.</p>
<h3 style="text-align: justify;"><strong>Research Fields</strong></h3>
<ul style="text-align: justify;">
<li><a href="https://www.unioviedo.es/socialimen/en/investigacion-2/lineas-de-investigacion/2-alimentacion-estructura-social/">Food and social structure</a>
<ul>
<li>Políticas sociales e inclusión social</li>
<li><span style="color: #222222; font-family: Roboto,sans-serif;">Alimentación y salud</span></li>
</ul>
</li>
</ul>
<h3><strong>Project participation</strong></h3>
<ul>
<li><strong>Consorcio ELDER. El reto de envejecer<br />
</strong>Clave/Ref del proyecto: AYUD/2021/9867<br />
Subvención a los consorcios de las Misiones Científicas del Principado de Asturias.<br />
Empresa/Administración financiadora: Consejería de Ciencia, Innovación y Universidad<br />
Investigador responsable: Enrique Caso Onzain MY OMICS SL</li>
<li><strong>Alimentación y estructura social. Análisis de las desigualdades sociales en España (2015-2019)</strong><br />
Clave del Proyecto: CSO2015-68434-R<br />
Empresa/Administración financiadora: Ministerio de Economía y Competitividad</li>
<li><strong>Evaluación Socioeconómica del Salario Social Básico en Asturias</strong><br />
Clave del Proyecto: FUO-369-16<br />
Empresa/Administración financiadora: Consejería de Derechos Sociales y Bienestar del Principado de Asturias</li>
<li><strong>Hábitos alimentarios de los españoles. cambios en las maneras de vivir, comprar y comer</strong><br />
Empresa/Administración financiadora: ASEDAS. Asociación Española de Distribuidores de Autoservicio y Supermercados</li>
<li><strong>Hábitos alimentarios de las personas beneficiarias del Plan de Alimentos de Cruz Roja Asturias</strong><br />
Empresa/Administración financiadora: Cruz Roja Asturias</li>
</ul>
<h3><strong>Publications</strong></h3>
<ul>
<li style="list-style-type: none;">
<ul>
<li>Díaz-Méndez, Cecilia. García-Espejo, Isabel. y <strong>Otero-Estévez, Sonia</strong> (2020).  New and old forms of poverty in Spain: exploring food consumption during the crisis. <em>British Food Journal.</em> DOI: 10.1108/BFJ-07-2019-0527. JCR, Q2.</li>
<li>Cecilia Díaz, Isabel García y <strong>Sonia Otero </strong>(2019). Capítulo I. Contextos de privación alimentaria y crisis en España. En (Re)pensando los retos alimentarios desde las ciencias sociales. Contextos de precarización, respuestas y actuaciones. Marta Llobet, Paula Durán, Claudia R. Magaña y Araceli Muñoz (coords.). UOC. pp- 41-54. Disponible: <a href="http://www.editorialuoc.cat/repensando-los-retos-alimentarios-desde-las-ciencias-sociales">http://www.editorialuoc.cat/repensando-los-retos-alimentarios-desde-las-ciencias-sociales</a></li>
<li>Díaz Méndez, Cecilia, García Espejo, Isabel y <strong>Otero Estévez, Sonia</strong> (2018): “Discursos sobre la escasez: estrategias de gestión de la privación alimentaria en tiempos de crisis”. Empiria. Revista de metodología de ciencias sociales, (40), 85-105. Scopus, Q3. Disponible: <a href="http://revistas.uned.es/index.php/empiria/article/view/22012/18031">http://revistas.uned.es/index.php/empiria/article/view/22012/18031</a></li>
<li><strong>Otero-Estévez, S</strong>. y Paddock, J. (2018). The practice of eating. Alan Warde. Cambrigde: Polity Press, 2016. Reseña de libro, RES nº 27 (2) (2018) pp. 343-347. ISSN: 1578-2824. DOI: 10.22325/fes/res.2018.44. Scopus, Q3. Disponible: <a href="https://recyt.fecyt.es/index.php/res/article/view/65645">https://recyt.fecyt.es/index.php/res/article/view/65645</a></li>
<li>Mato Díaz, J; <strong>Otero-Estévez, S</strong>; Sánchez Sánchez, S y Valdavida Castaño, E. (2017). Evaluación Socioeconómica del Salario Básico en Asturias. Evolución, perfiles, procesos de salida y retorno económico. Consejería de Servicios Sociales y Bienestar del Principado de Asturias. Depósito Legal AS 02192-2017. Disponible: <a href="https://observass.com/wp-content/uploads/2017/05/04_PC_EvalSocio_Web02.pdf">https://observass.com/wp-content/uploads/2017/05/04_PC_EvalSocio_Web02.pdf</a></li>
</ul>
</li>
</ul>

<p>Position: RESEARCHER. Department: SOCIOLOGY. Field: Sociology. Adress: Universidad de Oviedo. Departamento de Sociología. Facultad de Economía y Empresa. Edificio Departamental, 2º Planta. Campus de El Cristo. 33006 Oviedo. Asturias (España). Email: uo221461@uniovi.es Sonia Otero Estévez has a degree in Social Work (2014), a master&#8217;s degree in Social Policies and Welfare (2015), and a PhD from the University of Oviedo (2021) with [&hellip;]</p>
