{"id":2934,"date":"2016-01-26T21:50:15","date_gmt":"2016-01-26T20:50:15","guid":{"rendered":"http:\/\/www.unioviedo.es\/socialimen\/maria-amparo-novo-vazquez-2\/"},"modified":"2023-09-26T10:30:23","modified_gmt":"2023-09-26T08:30:23","slug":"maria-amparo-novo-vazquez-2","status":"publish","type":"page","link":"https:\/\/www.unioviedo.es\/socialimen\/en\/team\/investigadores-uniovi\/maria-amparo-novo-vazquez-2\/","title":{"rendered":"Mar\u00eda Amparo Novo V\u00e1zquez"},"content":{"rendered":"<p><strong><a href=\"http:\/\/www.unioviedo.es\/socialimen\/wp-content\/uploads\/2016\/01\/Maria-Amparo-Novo-Vazquez.jpg\" rel=\"attachment wp-att-1579\"><img loading=\"lazy\" decoding=\"async\" class=\"size-medium wp-image-3414 alignleft\" src=\"https:\/\/www.unioviedo.es\/socialimen\/wp-content\/uploads\/2021\/10\/amparo-novo-210x300.jpg\" alt=\"\" width=\"210\" height=\"300\" srcset=\"https:\/\/www.unioviedo.es\/socialimen\/wp-content\/uploads\/2021\/10\/amparo-novo-210x300.jpg 210w, https:\/\/www.unioviedo.es\/socialimen\/wp-content\/uploads\/2021\/10\/amparo-novo.jpg 409w\" sizes=\"auto, (max-width: 210px) 100vw, 210px\" \/><\/a>Position: <\/strong>ASSOCIATE PROFESSOR (PhD in Political Science).<span class=\"org\"><br \/>\n<\/span><strong>Department:<\/strong> SOCIOLOGY<span class=\"org\"><br \/>\n<\/span><strong>Field: <\/strong>Sociology of Food Research Group.<br \/>\n<strong>Address: <\/strong>Universidad de Oviedo.\u00a0Departamento de Sociolog\u00eda.\u00a0Facultad de Econom\u00eda y Empresa.\u00a0Edificio Departamental, 2\u00ba Planta.\u00a0Campus de El Cristo.<br \/>\n33006 Oviedo. Asturias (Espa\u00f1a).<br \/>\n<strong>Email<\/strong>: <a class=\"email\" href=\"mailto:anovo@uniovi.es\">anovo@uniovi.es<\/a><a class=\"email\" href=\"mailto:hansvandenbroek@uniovi.es\"><br \/>\n<\/a><strong>phone:<\/strong> (+34) <a title=\"Llamada telef\u00f3nica\" href=\"tel:985105045\"><span class=\"tel\">985 105 045<\/span><\/a><\/p>\n<p><a href=\"https:\/\/www.researchgate.net\/profile\/Amparo_Novo\">Researchgate<\/a><\/p>\n<p>&nbsp;<\/p>\n<p>With a PhD in Political Science and Administration from the University of Santiago de Compostela, I have been researching for six years and teaching for fifteen. I have extensive teaching experience from several universities in Spain, France, and Mexico, and am currently a Doctoral Lecturer at the University of Oviedo. With the recent university reform, I teach Political Science in the Legal and Social Sciences degrees. Because of my research specialization I am involved in courses in Governance (Master\u2019s Degree in Social Policies and Welfare) and in Gender and Human Rights on Society, Family, and Education (Master\u2019s Degree in Teacher Training for Secondary Education [First and Second Cycles] and Professional Training); and in Doctoral Programmes (Organization and Management of Electoral Campaigns, Political and Social Marketing and Analysis and Management of States of Opinion). I have been a member of the RECWOWE \u201cReconciling Work and Welfare in Europe\u201d Network of Excellence of the European Commission (6th Framework Programme for Research and Technological Development) formed by an interdisciplinary team of European researchers and experts. I belong to the Sociology of Food Research Group (Campus of International Excellence) of the University of Oviedo, specifically as coordinator concerning Power, Politics, and Social Movements. I am also a member of the research groups on Democracy and Autonomous Regions (DASP) at Pablo de Olavide University and Gender and Politics at Santiago de Compostela University. I have done research residences at various universities and at the United Nations World Food and Agriculture Organization (FAO). Studying food governance at the FAO enabled me to engage in an exchange of knowledge and establish the necessary contacts to launch the research project Political Food Consumption: Citizenship, Activism, and Institutions. I am Director of the Chair of Global Food Governance and have been Coordinator of the Alianza contra el Hambre y la Malnutrici\u00f3n de Espa\u00f1a (ACHM-E; Spanish Alliance against Hunger and Malnutrition), sponsored by the FAO, IFAD, WFP, and Bioversity International Organization. My publications grow out of my research, most of which is supported by research funds obtained through public tenders. I have participated in about fifteen projects\/contracts and was the lead researcher in two of them. In recent years, my research has focused on the civic and political behaviour of citizens, the analysis of the socio-economic effects of information and communication (ICT), political elites, political communication, and women\u2019s political participation. I am the author and co-author of several scientific publications, including articles that are placed in the top quartile by the <em>Government Information Quarterly<\/em>. My research work has also been given awarda at a national level, through my co-authorship of the book <em>Ciencia Pol\u00edtica con perspectiva de g\u00e9nero<\/em> (<em>Political Science with a Gender Perspective<\/em>), which won the Mar\u00eda \u00c1ngeles Dur\u00e1n National Award for Scientific Research in 2014. I have also published in Spanish journals such as <em>Pol\u00edtica y Sociedad<\/em>, <em>Comunicaci\u00f3n y Sociedad<\/em> (SCI) and <em>Empiria<\/em>. And finally, I have been part of the management team of the Sociology Department as Secretary.<\/p>\n<p>&nbsp;<\/p>\n<h3 style=\"text-align: justify;\">Research Fields<\/h3>\n<ul style=\"text-align: justify;\">\n<li><a href=\"http:\/\/www.unioviedo.es\/socialimen\/en\/investigacion-2\/lineas-de-investigacion\/3-poder-politica-movimientos-sociales-alimentarios\/\">Poder, pol\u00edtica y movimientos sociales alimentarios<\/a><\/li>\n<\/ul>\n<h3 style=\"text-align: justify;\">Project participation<\/h3>\n<ul>\n<li><strong>Consumo pol\u00edtico alimentario: Ciudadan\u00eda, Activistas e Instituciones<\/strong><\/li>\n<\/ul>\n<p style=\"padding-left: 60px;\">Plan Nacional I+D+I Ref. CSO2016-76293-R<\/p>\n<p style=\"padding-left: 60px;\">IP: Amparo Novo V\u00e1zquez<\/p>\n<ul>\n<li><strong>Parlamentarios y Sociedad (2013-2015)<br \/>\n<\/strong><\/li>\n<\/ul>\n<p style=\"padding-left: 60px; text-align: justify;\">Plan Nacional I+D+I Ref. CSO2012-32564<\/p>\n<p style=\"padding-left: 60px; text-align: justify;\">IP: Xavier Coller Porta<\/p>\n<ul style=\"text-align: justify;\">\n<li><strong>La elite pol\u00edtica auton\u00f3mica en la Espa\u00f1a democr\u00e1tica (1980-2005) (2009-2012)<\/strong><\/li>\n<\/ul>\n<p style=\"padding-left: 60px; text-align: justify;\">CIS y Centros de Estudios Andaluces Ref. BSO2003-02596<\/p>\n<h3 style=\"text-align: justify;\">Publications<\/h3>\n<ul>\n<li><span dir=\"ltr\" role=\"presentation\">\u00c1lvarez Gonz\u00e1lez, Luis Ignacio;\u00a0<\/span><span dir=\"ltr\" role=\"presentation\">Cachero Mart\u00ednez, Silvia;\u00a0<\/span><span dir=\"ltr\" role=\"presentation\">Novo V\u00e1zquez, Amaparo;\u00a0<\/span><span dir=\"ltr\" role=\"presentation\">Pascual Fern\u00e1ndez, Primitiva;\u00a0<\/span><span dir=\"ltr\" role=\"presentation\">Sanzo P\u00e9rez, Mar\u00eda Jos\u00e9 y\u00a0<\/span><span dir=\"ltr\" role=\"presentation\">Viejo Fern\u00e1ndez, Nuria (coords.) (2020).\u00a0<\/span>Consumo socialmente responsable y gobernanza alimentaria. Casos pr\u00e1cticos docentes. Oviedo: Universidad de Oviedo\n<ul>\n<li>Cap\u00edtulo: La dimensi\u00f3n pol\u00edtica de la alimentaci\u00f3n. \u00bfConsumidores, activistas o ciudadanos?<\/li>\n<\/ul>\n<\/li>\n<li>Novo V\u00e1zquez, Amparo y Garc\u00eda-Espejo, Isabel (2021). \u201cBoycotting and buycotting food: New forms of political activism in Spain\u201d.\u00a0<em>British Food Journal<\/em>, 123 (7): 2492-2505.<\/li>\n<li style=\"text-align: justify;\">Novo V\u00e1zquez, A. (2014). &#8220;Consumocracia&#8221;. El consumo pol\u00edtico como forma de participaci\u00f3n de la ciudadan\u00eda. <em>Pol\u00edtica y Sociedad<\/em>, 51, N\u00fam. 1,pp 121-146.<\/li>\n<li style=\"text-align: justify;\">Vicente, M.R. y Novo V\u00e1zquez, A. (2014). An empirical analysis of e-Participation. The role of social networks and e-government over citizens&#8217; online engagement. <em>Governement Information Quarterly<\/em>, Vol. 31, Issue 3, pp. 379-387. (2\/2)<\/li>\n<li style=\"text-align: justify;\">Novo V\u00e1zquez, A. y Vicente, M.R. (2014). Participo (online), luego existo. Un an\u00e1lisis de la participaci\u00f3n social y pol\u00edtica a trav\u00e9s de Internet en Espa\u00f1a. <em>Empiria. Revista de Metodolog\u00eda de Ciencias Sociales<\/em>, N\u00ba 28, mayo-agosto, pp. 13-34. (2\/1)<\/li>\n<li style=\"text-align: justify;\">Gonz\u00e1lez, JJ. y Novo V\u00e1zquez, A. (2011). The Role of the Media in a Context of Polarization Politica. <em>Comunicaci\u00f3n y Sociedad<\/em>, vol. XXIV, n. 2, 2011, pp.78-131. (2\/2)<\/li>\n<li style=\"text-align: justify;\">Novo V\u00e1zquez, A.; Cobo Carrasco, M. y Gayoso Rico, L.(2011) La participaci\u00f3n pol\u00edtica de la mujer. Un estudio de caso. <em>Revista de Sociolog\u00eda e Pol\u00edtica<\/em>, vol. 19, n\u00ba38, pp.187-203. (3\/1)<\/li>\n<\/ul>\n","protected":false},"excerpt":{"rendered":"<p>Position: ASSOCIATE PROFESSOR (PhD in Political Science). Department: SOCIOLOGY Field: Sociology of Food Research Group. Address: Universidad de Oviedo.\u00a0Departamento de Sociolog\u00eda.\u00a0Facultad de Econom\u00eda y Empresa.\u00a0Edificio Departamental, 2\u00ba Planta.\u00a0Campus de El Cristo. 33006 Oviedo. Asturias (Espa\u00f1a). Email: anovo@uniovi.es phone: (+34) 985 105 045 Researchgate &nbsp; With a PhD in Political Science and Administration from the University [&hellip;]<\/p>\n","protected":false},"author":2,"featured_media":3414,"parent":2951,"menu_order":5,"comment_status":"closed","ping_status":"closed","template":"","meta":{"_genesis_hide_title":false,"_genesis_hide_breadcrumbs":false,"_genesis_hide_singular_image":false,"_genesis_hide_footer_widgets":false,"_genesis_custom_body_class":"","_genesis_custom_post_class":"","_genesis_layout":"","footnotes":""},"class_list":{"0":"post-2934","1":"page","2":"type-page","3":"status-publish","4":"has-post-thumbnail","6":"entry","7":"gs-1","8":"gs-odd","9":"gs-even","10":"gs-featured-content-entry"},"_links":{"self":[{"href":"https:\/\/www.unioviedo.es\/socialimen\/en\/wp-json\/wp\/v2\/pages\/2934","targetHints":{"allow":["GET"]}}],"collection":[{"href":"https:\/\/www.unioviedo.es\/socialimen\/en\/wp-json\/wp\/v2\/pages"}],"about":[{"href":"https:\/\/www.unioviedo.es\/socialimen\/en\/wp-json\/wp\/v2\/types\/page"}],"author":[{"embeddable":true,"href":"https:\/\/www.unioviedo.es\/socialimen\/en\/wp-json\/wp\/v2\/users\/2"}],"replies":[{"embeddable":true,"href":"https:\/\/www.unioviedo.es\/socialimen\/en\/wp-json\/wp\/v2\/comments?post=2934"}],"version-history":[{"count":3,"href":"https:\/\/www.unioviedo.es\/socialimen\/en\/wp-json\/wp\/v2\/pages\/2934\/revisions"}],"predecessor-version":[{"id":3884,"href":"https:\/\/www.unioviedo.es\/socialimen\/en\/wp-json\/wp\/v2\/pages\/2934\/revisions\/3884"}],"up":[{"embeddable":true,"href":"https:\/\/www.unioviedo.es\/socialimen\/en\/wp-json\/wp\/v2\/pages\/2951"}],"wp:featuredmedia":[{"embeddable":true,"href":"https:\/\/www.unioviedo.es\/socialimen\/en\/wp-json\/wp\/v2\/media\/3414"}],"wp:attachment":[{"href":"https:\/\/www.unioviedo.es\/socialimen\/en\/wp-json\/wp\/v2\/media?parent=2934"}],"curies":[{"name":"wp","href":"https:\/\/api.w.org\/{rel}","templated":true}]}}

María Amparo Novo Vázquez

<p><strong><a href="http://www.unioviedo.es/socialimen/wp-content/uploads/2016/01/Maria-Amparo-Novo-Vazquez.jpg" rel="attachment wp-att-1579"><img loading="lazy" decoding="async" class="size-medium wp-image-3414 alignleft" src="https://www.unioviedo.es/socialimen/wp-content/uploads/2021/10/amparo-novo-210x300.jpg" alt="" width="210" height="300" srcset="https://www.unioviedo.es/socialimen/wp-content/uploads/2021/10/amparo-novo-210x300.jpg 210w, https://www.unioviedo.es/socialimen/wp-content/uploads/2021/10/amparo-novo.jpg 409w" sizes="auto, (max-width: 210px) 100vw, 210px" /></a>Position: </strong>ASSOCIATE PROFESSOR (PhD in Political Science).<span class="org"><br />
</span><strong>Department:</strong> SOCIOLOGY<span class="org"><br />
</span><strong>Field: </strong>Sociology of Food Research Group.<br />
<strong>Address: </strong>Universidad de Oviedo. Departamento de Sociología. Facultad de Economía y Empresa. Edificio Departamental, 2º Planta. Campus de El Cristo.<br />
33006 Oviedo. Asturias (España).<br />
<strong>Email</strong>: <a class="email" href="mailto:anovo@uniovi.es">anovo@uniovi.es</a><a class="email" href="mailto:hansvandenbroek@uniovi.es"><br />
</a><strong>phone:</strong> (+34) <a title="Llamada telefónica" href="tel:985105045"><span class="tel">985 105 045</span></a></p>
<p><a href="https://www.researchgate.net/profile/Amparo_Novo">Researchgate</a></p>
<p>&nbsp;</p>
<p>With a PhD in Political Science and Administration from the University of Santiago de Compostela, I have been researching for six years and teaching for fifteen. I have extensive teaching experience from several universities in Spain, France, and Mexico, and am currently a Doctoral Lecturer at the University of Oviedo. With the recent university reform, I teach Political Science in the Legal and Social Sciences degrees. Because of my research specialization I am involved in courses in Governance (Master’s Degree in Social Policies and Welfare) and in Gender and Human Rights on Society, Family, and Education (Master’s Degree in Teacher Training for Secondary Education [First and Second Cycles] and Professional Training); and in Doctoral Programmes (Organization and Management of Electoral Campaigns, Political and Social Marketing and Analysis and Management of States of Opinion). I have been a member of the RECWOWE “Reconciling Work and Welfare in Europe” Network of Excellence of the European Commission (6th Framework Programme for Research and Technological Development) formed by an interdisciplinary team of European researchers and experts. I belong to the Sociology of Food Research Group (Campus of International Excellence) of the University of Oviedo, specifically as coordinator concerning Power, Politics, and Social Movements. I am also a member of the research groups on Democracy and Autonomous Regions (DASP) at Pablo de Olavide University and Gender and Politics at Santiago de Compostela University. I have done research residences at various universities and at the United Nations World Food and Agriculture Organization (FAO). Studying food governance at the FAO enabled me to engage in an exchange of knowledge and establish the necessary contacts to launch the research project Political Food Consumption: Citizenship, Activism, and Institutions. I am Director of the Chair of Global Food Governance and have been Coordinator of the Alianza contra el Hambre y la Malnutrición de España (ACHM-E; Spanish Alliance against Hunger and Malnutrition), sponsored by the FAO, IFAD, WFP, and Bioversity International Organization. My publications grow out of my research, most of which is supported by research funds obtained through public tenders. I have participated in about fifteen projects/contracts and was the lead researcher in two of them. In recent years, my research has focused on the civic and political behaviour of citizens, the analysis of the socio-economic effects of information and communication (ICT), political elites, political communication, and women’s political participation. I am the author and co-author of several scientific publications, including articles that are placed in the top quartile by the <em>Government Information Quarterly</em>. My research work has also been given awarda at a national level, through my co-authorship of the book <em>Ciencia Política con perspectiva de género</em> (<em>Political Science with a Gender Perspective</em>), which won the María Ángeles Durán National Award for Scientific Research in 2014. I have also published in Spanish journals such as <em>Política y Sociedad</em>, <em>Comunicación y Sociedad</em> (SCI) and <em>Empiria</em>. And finally, I have been part of the management team of the Sociology Department as Secretary.</p>
<p>&nbsp;</p>
<h3 style="text-align: justify;">Research Fields</h3>
<ul style="text-align: justify;">
<li><a href="http://www.unioviedo.es/socialimen/en/investigacion-2/lineas-de-investigacion/3-poder-politica-movimientos-sociales-alimentarios/">Poder, política y movimientos sociales alimentarios</a></li>
</ul>
<h3 style="text-align: justify;">Project participation</h3>
<ul>
<li><strong>Consumo político alimentario: Ciudadanía, Activistas e Instituciones</strong></li>
</ul>
<p style="padding-left: 60px;">Plan Nacional I+D+I Ref. CSO2016-76293-R</p>
<p style="padding-left: 60px;">IP: Amparo Novo Vázquez</p>
<ul>
<li><strong>Parlamentarios y Sociedad (2013-2015)<br />
</strong></li>
</ul>
<p style="padding-left: 60px; text-align: justify;">Plan Nacional I+D+I Ref. CSO2012-32564</p>
<p style="padding-left: 60px; text-align: justify;">IP: Xavier Coller Porta</p>
<ul style="text-align: justify;">
<li><strong>La elite política autonómica en la España democrática (1980-2005) (2009-2012)</strong></li>
</ul>
<p style="padding-left: 60px; text-align: justify;">CIS y Centros de Estudios Andaluces Ref. BSO2003-02596</p>
<h3 style="text-align: justify;">Publications</h3>
<ul>
<li><span dir="ltr" role="presentation">Álvarez González, Luis Ignacio; </span><span dir="ltr" role="presentation">Cachero Martínez, Silvia; </span><span dir="ltr" role="presentation">Novo Vázquez, Amaparo; </span><span dir="ltr" role="presentation">Pascual Fernández, Primitiva; </span><span dir="ltr" role="presentation">Sanzo Pérez, María José y </span><span dir="ltr" role="presentation">Viejo Fernández, Nuria (coords.) (2020). </span>Consumo socialmente responsable y gobernanza alimentaria. Casos prácticos docentes. Oviedo: Universidad de Oviedo
<ul>
<li>Capítulo: La dimensión política de la alimentación. ¿Consumidores, activistas o ciudadanos?</li>
</ul>
</li>
<li>Novo Vázquez, Amparo y García-Espejo, Isabel (2021). “Boycotting and buycotting food: New forms of political activism in Spain”. <em>British Food Journal</em>, 123 (7): 2492-2505.</li>
<li style="text-align: justify;">Novo Vázquez, A. (2014). &#8220;Consumocracia&#8221;. El consumo político como forma de participación de la ciudadanía. <em>Política y Sociedad</em>, 51, Núm. 1,pp 121-146.</li>
<li style="text-align: justify;">Vicente, M.R. y Novo Vázquez, A. (2014). An empirical analysis of e-Participation. The role of social networks and e-government over citizens&#8217; online engagement. <em>Governement Information Quarterly</em>, Vol. 31, Issue 3, pp. 379-387. (2/2)</li>
<li style="text-align: justify;">Novo Vázquez, A. y Vicente, M.R. (2014). Participo (online), luego existo. Un análisis de la participación social y política a través de Internet en España. <em>Empiria. Revista de Metodología de Ciencias Sociales</em>, Nº 28, mayo-agosto, pp. 13-34. (2/1)</li>
<li style="text-align: justify;">González, JJ. y Novo Vázquez, A. (2011). The Role of the Media in a Context of Polarization Politica. <em>Comunicación y Sociedad</em>, vol. XXIV, n. 2, 2011, pp.78-131. (2/2)</li>
<li style="text-align: justify;">Novo Vázquez, A.; Cobo Carrasco, M. y Gayoso Rico, L.(2011) La participación política de la mujer. Un estudio de caso. <em>Revista de Sociología e Política</em>, vol. 19, nº38, pp.187-203. (3/1)</li>
</ul>

<p>Position: ASSOCIATE PROFESSOR (PhD in Political Science). Department: SOCIOLOGY Field: Sociology of Food Research Group. Address: Universidad de Oviedo. Departamento de Sociología. Facultad de Economía y Empresa. Edificio Departamental, 2º Planta. Campus de El Cristo. 33006 Oviedo. Asturias (España). Email: anovo@uniovi.es phone: (+34) 985 105 045 Researchgate &nbsp; With a PhD in Political Science and Administration from the University [&hellip;]</p>
