{"id":2935,"date":"2016-01-26T21:46:44","date_gmt":"2016-01-26T20:46:44","guid":{"rendered":"http:\/\/www.unioviedo.es\/socialimen\/maria-amparo-novo-vazquez\/"},"modified":"2023-09-26T10:21:21","modified_gmt":"2023-09-26T08:21:21","slug":"maria-amparo-novo-vazquez","status":"publish","type":"page","link":"https:\/\/www.unioviedo.es\/socialimen\/en\/team\/investigadores-uniovi\/maria-amparo-novo-vazquez\/","title":{"rendered":"Jos\u00e9 Manuel Parrilla Fern\u00e1ndez"},"content":{"rendered":"<p><strong><a href=\"http:\/\/www.unioviedo.es\/socialimen\/wp-content\/uploads\/2016\/01\/Jose-manuel-parrilla-1.jpg\" rel=\"attachment wp-att-1577\"><img loading=\"lazy\" decoding=\"async\" class=\" wp-image-2554 alignleft\" src=\"https:\/\/www.unioviedo.es\/socialimen\/wp-content\/uploads\/2016\/01\/Jose-manuel-parrilla-1-862x1024.jpg\" alt=\"Jos\u00e9 Manuel Parrilla\" width=\"366\" height=\"434\" srcset=\"https:\/\/www.unioviedo.es\/socialimen\/wp-content\/uploads\/2016\/01\/Jose-manuel-parrilla-1-862x1024.jpg 862w, https:\/\/www.unioviedo.es\/socialimen\/wp-content\/uploads\/2016\/01\/Jose-manuel-parrilla-1-253x300.jpg 253w, https:\/\/www.unioviedo.es\/socialimen\/wp-content\/uploads\/2016\/01\/Jose-manuel-parrilla-1-768x912.jpg 768w, https:\/\/www.unioviedo.es\/socialimen\/wp-content\/uploads\/2016\/01\/Jose-manuel-parrilla-1.jpg 1263w\" sizes=\"auto, (max-width: 366px) 100vw, 366px\" \/><\/a>Position:<\/strong> ASSOCIATE PROFESSOR (PhD in Sociology).<\/p>\n<p><strong>Department:<\/strong> SOCIOLOGY<\/p>\n<p><strong>Field:<\/strong>Sociology<\/p>\n<p><strong>Address: <\/strong>Universidad de Oviedo.\u00a0Departamento de Sociolog\u00eda.\u00a0Facultad de Econom\u00eda y Empresa.\u00a0Edificio Departamental, 2\u00ba Planta.\u00a0Campus de El Cristo.<br \/>\n33006 Oviedo. Asturias (Espa\u00f1a).<\/p>\n<p><strong>Email<\/strong>: <a class=\"email\" href=\"mailto:jmparril@uniovi.es\">jmparril@uniovi.es<\/a><\/p>\n<p><strong>phone:<\/strong> (+34) <a title=\"Llamada telef\u00f3nica\" href=\"tel:985105059\"><span class=\"tel\">985 105 059<\/span><\/a><\/p>\n<p><a href=\"https:\/\/www.researchgate.net\/profile\/Jose_Parrilla-Fernandez\">Researchgate<\/a><\/p>\n<p>&nbsp;<\/p>\n<hr \/>\n<p>PhD in Sociology, educated at Oviedo, Salamanca, Madrid, and Rome.<\/p>\n<p>Professor attached to the University of Oviedo\u2019s Department and Field of Sociology.<\/p>\n<p>Since 2012 he has held the position of Vice-Dean of the Faculty of Commerce, Tourism, and Social Sciences at the University of Oviedo\u2013Gij\u00f3n Campus.<\/p>\n<p>He has mainly taught General Sociology, Sociology of Education, and Social Policy. He is currently a lecturer in the Social Work degree course in Sociology and Social Policy. He has taught on the University of Oviedo\u2019s Master\u2019s Degree in Social Policy and Welfare, as well as on the University of Oviedo\u2019s Master\u2019s in Management of Organizations for Cooperation on Development and Social Intervention, and on the Master\u2019s in Social Doctrine of the Church at the Pontifical University of Salamanca. He has been a teacher at university centres linked to the Pontifical University of Salamanca (the Faculty of Computer Science, the Higher Institute of Religious Sciences, and the Higher Institute of Theological Studies of Oviedo).<\/p>\n<hr \/>\n<h3>Research Fields<\/h3>\n<ul>\n<li><a href=\"http:\/\/www.unioviedo.es\/socialimen\/en\/investigacion-2\/lineas-de-investigacion\/2-alimentacion-estructura-social\/\">Food and social structure<\/a><\/li>\n<\/ul>\n<p><strong>Salud y alimentaci\u00f3n<\/strong><\/p>\n<ul>\n<li>Deporte, alimentaci\u00f3n y salud<\/li>\n<li>Pol\u00edticas sociales e inclusi\u00f3n social<\/li>\n<\/ul>\n<h3>Project participation<\/h3>\n<ul>\n<li><strong>Alimentaci\u00f3n y estructura social. An\u00e1lisis de las desigualdades sociales en Espa\u00f1a (2015-2019)<br \/>\n<\/strong><\/li>\n<\/ul>\n<p style=\"padding-left: 60px;\">Proyectos I+D+I del Programa Estatal de Investigaci\u00f3n. Ref. CSO2015-68434-R<\/p>\n<p style=\"padding-left: 60px;\">Investigador Principal: Isabel Garc\u00eda Espejo<\/p>\n<ul>\n<li><strong>Mujeres, deporte y dictadura. Memoria oral de las mujeres deportistas durante el Franquismo (1939-1975) (2013-2016)<\/strong><em><br \/>\n<\/em><\/li>\n<\/ul>\n<p style=\"padding-left: 60px;\">Proyecto I + D + I del Programa Estatal de Investigaci\u00f3n. Ref. HAR2013-43652-R<\/p>\n<p style=\"padding-left: 60px;\">Investigador Principal: Xavier Pujadas Mart\u00ed<\/p>\n<h3>Publications<\/h3>\n<ul>\n<li>Parrilla Fern\u00e1ndez, Jos\u00e9 M. y S\u00e1nchez-S\u00e1nchez, Sandra (2018). Transformaciones en la construcci\u00f3n de la identidad de las deportistas espa\u00f1olas. Entrenamiento, alimentaci\u00f3n y corporalidad. Papers 103(1): 101-128.\u00a0<a href=\"http:\/\/dx.doi.org\/10.5565\/rev\/papers.2276\">http:\/\/dx.doi.org\/10.5565\/rev\/papers.2276<\/a><\/li>\n<li>Pujadas, X.; Parrilla, J.M.; Ramirez, G.; Garai, A.B.; Llopis, R.; Gimeno, F. (2015), &#8220;Sports, morality and body. The voices of sportswomen under Franco\u2019s dictatorship&#8221;: International Review for the Sociology of Sport (en prensa).<\/li>\n<li>Pujadas, X.; Garai, B.; Gimeno, F.; Llopis, R.; Ram\u00edrez, G.; Parrilla, J.M. Mujeres y deporte durante el franquismo (1939-1975): estudio piloto sobre la memoria oral de las deportistas. Materiales para la historia del deporte, ISSN-e 2340-7166, N\u00ba. 10, 2012, p\u00e1g. 37<\/li>\n<li>Parrilla Fern\u00e1ndez, J. M. (2013) \u201cLa construcci\u00f3n social de la vulnerabilidad en la crisis actual\u201d: en Presno Linera, M. A., Coord., Protecci\u00f3n jur\u00eddica de las personas y grupos vulnerables, Universidad de Oviedo\/Procuradora General del Principado de Asturias, Oviedo, 2013, p\u00e1gs. 93-111.<\/li>\n<li>Parrilla Fern\u00e1ndez, J. M. (2012), Sindicatos, Concertaci\u00f3n y Salario Social en Asturias, KRK, Oviedo, 143 p\u00e1gs.<\/li>\n<li>Parrilla Fern\u00e1ndez, J. M. (2011), \u201cMarco para un diagn\u00f3stico de la pobreza y la exclusi\u00f3n social en Asturias\u201d en VV.AA. (2011), Gu\u00eda de capacitaci\u00f3n del voluntariado para la investigaci\u00f3n social en el Tercer Sector. El caso pr\u00e1ctico de Asturias, EAPN_As, Oviedo, p\u00e1gs. 54-69.<\/li>\n<li>P\u00e9rez, B., Arriba, A. y Parrilla, J. M. (2009), \u201cTransformaciones de las pol\u00edticas auton\u00f3micas de inclusi\u00f3n social: \u00bfReforma o cambio de imagen?\u201d, en Moreno, L. (ed.), Reformas de las Pol\u00edticas del Bienestar en Espa\u00f1a, Siglo XXI, Madrid, p\u00e1gs. 239-280.<\/li>\n<\/ul>\n","protected":false},"excerpt":{"rendered":"<p>Position: ASSOCIATE PROFESSOR (PhD in Sociology). Department: SOCIOLOGY Field:Sociology Address: Universidad de Oviedo.\u00a0Departamento de Sociolog\u00eda.\u00a0Facultad de Econom\u00eda y Empresa.\u00a0Edificio Departamental, 2\u00ba Planta.\u00a0Campus de El Cristo. 33006 Oviedo. Asturias (Espa\u00f1a). Email: jmparril@uniovi.es phone: (+34) 985 105 059 Researchgate &nbsp; PhD in Sociology, educated at Oviedo, Salamanca, Madrid, and Rome. Professor attached to the University of Oviedo\u2019s [&hellip;]<\/p>\n","protected":false},"author":2,"featured_media":2554,"parent":2951,"menu_order":7,"comment_status":"closed","ping_status":"closed","template":"","meta":{"_genesis_hide_title":false,"_genesis_hide_breadcrumbs":false,"_genesis_hide_singular_image":false,"_genesis_hide_footer_widgets":false,"_genesis_custom_body_class":"","_genesis_custom_post_class":"","_genesis_layout":"","footnotes":""},"class_list":{"0":"post-2935","1":"page","2":"type-page","3":"status-publish","4":"has-post-thumbnail","6":"entry","7":"gs-1","8":"gs-odd","9":"gs-even","10":"gs-featured-content-entry"},"_links":{"self":[{"href":"https:\/\/www.unioviedo.es\/socialimen\/en\/wp-json\/wp\/v2\/pages\/2935","targetHints":{"allow":["GET"]}}],"collection":[{"href":"https:\/\/www.unioviedo.es\/socialimen\/en\/wp-json\/wp\/v2\/pages"}],"about":[{"href":"https:\/\/www.unioviedo.es\/socialimen\/en\/wp-json\/wp\/v2\/types\/page"}],"author":[{"embeddable":true,"href":"https:\/\/www.unioviedo.es\/socialimen\/en\/wp-json\/wp\/v2\/users\/2"}],"replies":[{"embeddable":true,"href":"https:\/\/www.unioviedo.es\/socialimen\/en\/wp-json\/wp\/v2\/comments?post=2935"}],"version-history":[{"count":3,"href":"https:\/\/www.unioviedo.es\/socialimen\/en\/wp-json\/wp\/v2\/pages\/2935\/revisions"}],"predecessor-version":[{"id":3878,"href":"https:\/\/www.unioviedo.es\/socialimen\/en\/wp-json\/wp\/v2\/pages\/2935\/revisions\/3878"}],"up":[{"embeddable":true,"href":"https:\/\/www.unioviedo.es\/socialimen\/en\/wp-json\/wp\/v2\/pages\/2951"}],"wp:featuredmedia":[{"embeddable":true,"href":"https:\/\/www.unioviedo.es\/socialimen\/en\/wp-json\/wp\/v2\/media\/2554"}],"wp:attachment":[{"href":"https:\/\/www.unioviedo.es\/socialimen\/en\/wp-json\/wp\/v2\/media?parent=2935"}],"curies":[{"name":"wp","href":"https:\/\/api.w.org\/{rel}","templated":true}]}}

José Manuel Parrilla Fernández

<p><strong><a href="http://www.unioviedo.es/socialimen/wp-content/uploads/2016/01/Jose-manuel-parrilla-1.jpg" rel="attachment wp-att-1577"><img loading="lazy" decoding="async" class=" wp-image-2554 alignleft" src="https://www.unioviedo.es/socialimen/wp-content/uploads/2016/01/Jose-manuel-parrilla-1-862x1024.jpg" alt="José Manuel Parrilla" width="366" height="434" srcset="https://www.unioviedo.es/socialimen/wp-content/uploads/2016/01/Jose-manuel-parrilla-1-862x1024.jpg 862w, https://www.unioviedo.es/socialimen/wp-content/uploads/2016/01/Jose-manuel-parrilla-1-253x300.jpg 253w, https://www.unioviedo.es/socialimen/wp-content/uploads/2016/01/Jose-manuel-parrilla-1-768x912.jpg 768w, https://www.unioviedo.es/socialimen/wp-content/uploads/2016/01/Jose-manuel-parrilla-1.jpg 1263w" sizes="auto, (max-width: 366px) 100vw, 366px" /></a>Position:</strong> ASSOCIATE PROFESSOR (PhD in Sociology).</p>
<p><strong>Department:</strong> SOCIOLOGY</p>
<p><strong>Field:</strong>Sociology</p>
<p><strong>Address: </strong>Universidad de Oviedo. Departamento de Sociología. Facultad de Economía y Empresa. Edificio Departamental, 2º Planta. Campus de El Cristo.<br />
33006 Oviedo. Asturias (España).</p>
<p><strong>Email</strong>: <a class="email" href="mailto:jmparril@uniovi.es">jmparril@uniovi.es</a></p>
<p><strong>phone:</strong> (+34) <a title="Llamada telefónica" href="tel:985105059"><span class="tel">985 105 059</span></a></p>
<p><a href="https://www.researchgate.net/profile/Jose_Parrilla-Fernandez">Researchgate</a></p>
<p>&nbsp;</p>
<hr />
<p>PhD in Sociology, educated at Oviedo, Salamanca, Madrid, and Rome.</p>
<p>Professor attached to the University of Oviedo’s Department and Field of Sociology.</p>
<p>Since 2012 he has held the position of Vice-Dean of the Faculty of Commerce, Tourism, and Social Sciences at the University of Oviedo–Gijón Campus.</p>
<p>He has mainly taught General Sociology, Sociology of Education, and Social Policy. He is currently a lecturer in the Social Work degree course in Sociology and Social Policy. He has taught on the University of Oviedo’s Master’s Degree in Social Policy and Welfare, as well as on the University of Oviedo’s Master’s in Management of Organizations for Cooperation on Development and Social Intervention, and on the Master’s in Social Doctrine of the Church at the Pontifical University of Salamanca. He has been a teacher at university centres linked to the Pontifical University of Salamanca (the Faculty of Computer Science, the Higher Institute of Religious Sciences, and the Higher Institute of Theological Studies of Oviedo).</p>
<hr />
<h3>Research Fields</h3>
<ul>
<li><a href="http://www.unioviedo.es/socialimen/en/investigacion-2/lineas-de-investigacion/2-alimentacion-estructura-social/">Food and social structure</a></li>
</ul>
<p><strong>Salud y alimentación</strong></p>
<ul>
<li>Deporte, alimentación y salud</li>
<li>Políticas sociales e inclusión social</li>
</ul>
<h3>Project participation</h3>
<ul>
<li><strong>Alimentación y estructura social. Análisis de las desigualdades sociales en España (2015-2019)<br />
</strong></li>
</ul>
<p style="padding-left: 60px;">Proyectos I+D+I del Programa Estatal de Investigación. Ref. CSO2015-68434-R</p>
<p style="padding-left: 60px;">Investigador Principal: Isabel García Espejo</p>
<ul>
<li><strong>Mujeres, deporte y dictadura. Memoria oral de las mujeres deportistas durante el Franquismo (1939-1975) (2013-2016)</strong><em><br />
</em></li>
</ul>
<p style="padding-left: 60px;">Proyecto I + D + I del Programa Estatal de Investigación. Ref. HAR2013-43652-R</p>
<p style="padding-left: 60px;">Investigador Principal: Xavier Pujadas Martí</p>
<h3>Publications</h3>
<ul>
<li>Parrilla Fernández, José M. y Sánchez-Sánchez, Sandra (2018). Transformaciones en la construcción de la identidad de las deportistas españolas. Entrenamiento, alimentación y corporalidad. Papers 103(1): 101-128. <a href="http://dx.doi.org/10.5565/rev/papers.2276">http://dx.doi.org/10.5565/rev/papers.2276</a></li>
<li>Pujadas, X.; Parrilla, J.M.; Ramirez, G.; Garai, A.B.; Llopis, R.; Gimeno, F. (2015), &#8220;Sports, morality and body. The voices of sportswomen under Franco’s dictatorship&#8221;: International Review for the Sociology of Sport (en prensa).</li>
<li>Pujadas, X.; Garai, B.; Gimeno, F.; Llopis, R.; Ramírez, G.; Parrilla, J.M. Mujeres y deporte durante el franquismo (1939-1975): estudio piloto sobre la memoria oral de las deportistas. Materiales para la historia del deporte, ISSN-e 2340-7166, Nº. 10, 2012, pág. 37</li>
<li>Parrilla Fernández, J. M. (2013) “La construcción social de la vulnerabilidad en la crisis actual”: en Presno Linera, M. A., Coord., Protección jurídica de las personas y grupos vulnerables, Universidad de Oviedo/Procuradora General del Principado de Asturias, Oviedo, 2013, págs. 93-111.</li>
<li>Parrilla Fernández, J. M. (2012), Sindicatos, Concertación y Salario Social en Asturias, KRK, Oviedo, 143 págs.</li>
<li>Parrilla Fernández, J. M. (2011), “Marco para un diagnóstico de la pobreza y la exclusión social en Asturias” en VV.AA. (2011), Guía de capacitación del voluntariado para la investigación social en el Tercer Sector. El caso práctico de Asturias, EAPN_As, Oviedo, págs. 54-69.</li>
<li>Pérez, B., Arriba, A. y Parrilla, J. M. (2009), “Transformaciones de las políticas autonómicas de inclusión social: ¿Reforma o cambio de imagen?”, en Moreno, L. (ed.), Reformas de las Políticas del Bienestar en España, Siglo XXI, Madrid, págs. 239-280.</li>
</ul>

<p>Position: ASSOCIATE PROFESSOR (PhD in Sociology). Department: SOCIOLOGY Field:Sociology Address: Universidad de Oviedo. Departamento de Sociología. Facultad de Economía y Empresa. Edificio Departamental, 2º Planta. Campus de El Cristo. 33006 Oviedo. Asturias (España). Email: jmparril@uniovi.es phone: (+34) 985 105 059 Researchgate &nbsp; PhD in Sociology, educated at Oviedo, Salamanca, Madrid, and Rome. Professor attached to the University of Oviedo’s [&hellip;]</p>
