{"id":2936,"date":"2016-01-26T21:44:46","date_gmt":"2016-01-26T20:44:46","guid":{"rendered":"http:\/\/www.unioviedo.es\/socialimen\/hans-peter-van-den-broek\/"},"modified":"2020-12-28T14:07:18","modified_gmt":"2020-12-28T13:07:18","slug":"hans-peter-van-den-broek","status":"publish","type":"page","link":"https:\/\/www.unioviedo.es\/socialimen\/en\/team\/investigadores-uniovi\/hans-peter-van-den-broek\/","title":{"rendered":"Hans Peter van den Broek"},"content":{"rendered":"<figure id=\"attachment_2553\" aria-describedby=\"caption-attachment-2553\" style=\"width: 410px\" class=\"wp-caption alignleft\"><a href=\"http:\/\/www.unioviedo.es\/socialimen\/wp-content\/uploads\/2016\/01\/Hans-van-den-Broek.jpg\" rel=\"attachment wp-att-1572\"><img loading=\"lazy\" decoding=\"async\" class=\"wp-image-2553\" src=\"https:\/\/www.unioviedo.es\/socialimen\/wp-content\/uploads\/2016\/01\/Hans-van-den-Broek-847x1024.jpg\" alt=\"Hans Van Den Broek\" width=\"410\" height=\"489\" \/><\/a><figcaption id=\"caption-attachment-2553\" class=\"wp-caption-text\">Hans Peter Van Den Broek. (Foto: www.dboart.com)<\/figcaption><\/figure>\n<p><strong>Position:<\/strong> ASSISTANT (PhD in Sociology).<span class=\"org\"><br \/>\n<\/span><strong>Department:<\/strong> SOCIOLOGY<span class=\"org\"><br \/>\n<\/span><strong>Field: <\/strong>Sociology of Food Research Group.<br \/>\n<strong>Address: <\/strong>Universidad de Oviedo.\u00a0Departamento de Sociolog\u00eda.\u00a0Facultad de Econom\u00eda y Empresa.\u00a0Edificio Departamental, 2\u00ba Planta.\u00a0Campus de El Cristo.<br \/>\n33006 Oviedo. Asturias (Espa\u00f1a).<br \/>\n<strong>Email<\/strong>: <a class=\"email\" href=\"mailto:hansvandenbroek@uniovi.es\">hansvandenbroek@uniovi.es<br \/>\n<\/a><strong>Phone:<\/strong> (+34) <a title=\"Llamada telef\u00f3nica\" href=\"tel:985105060\"><span class=\"tel\">985 105 060<\/span><\/a><\/p>\n<p><a href=\"https:\/\/www.researchgate.net\/profile\/Hans_Peter_Van_Den_Broek\">Researchgate<\/a><\/p>\n<p>&nbsp;<\/p>\n<hr \/>\n<p><strong>Hans van den Broek<\/strong> is Professor of Sociology at the University of Oviedo. His areas of research are: (1) Immigration, integration, and xenophobia (with special interest in Islamophobia in Europe and the rise of the radical populist right); (2) the socio-economic and political development of China; and (3) political and religious fundamentalisms.<\/p>\n<p>At the University of Oviedo he teaches Sociology and Social Research Methods and Techniques. In the Master\u2019s in Chinese Studies, at the University of the Basque Country, he teaches the module \u201cDevelopment of Business Strategies in China\u201d. He has also taught the modules \u201cEconomics and Politics of China\u201d and \u201cInternational Politics\u201d in various Master\u2019s courses organized by the Asturias Business School.<\/p>\n<p>Between 2007 and 2009 he was Coordinator of the programme \u201cImmigrants and Ethnic Minorities Between Labour and Welfare\u201d of the RECWOWE Network of Excellence (\u201cReconciling Work and Welfare in Europe\u201d, European Commission, 6th Framework Programme).<\/p>\n<p>He is currently participating in three research projects: he is a member of the Sociology of Food Research Group, researching changes in the eating patterns of immigrants as part of their process of integration in Spain; he is a collaborating researcher on the European research project \u201cAll Rights Reserved? Barriers Towards European Citizenship\u201d (7th Framework Programme); and on the project \u201cTowards a European Migration Model: The mobility of people according to their status in the EU\u201d (R+D+I Programme, 2013\u20132016).<\/p>\n<h3 style=\"text-align: justify;\">Research Fields<\/h3>\n<ul style=\"text-align: justify;\">\n<li><a href=\"http:\/\/www.unioviedo.es\/socialimen\/en\/investigacion-2\/lineas-de-investigacion\/2-alimentacion-estructura-social\/\">Food and social structure<\/a><\/li>\n<li>Alimentaci\u00f3n e Inmigraci\u00f3n<\/li>\n<\/ul>\n<h3 style=\"text-align: justify;\">Publications<\/h3>\n<ul>\n<li style=\"text-align: justify;\">van den Broek, H. (2015). Labelling and Legitimization: justifying political violence in the Basque Country, <em>Terrorism and Political Violence<\/em><\/li>\n<li style=\"text-align: justify;\">van den Broek, H. (2014). Una xenofobia \u2018ilustrada\u2019, <em>Claves de Raz\u00f3n Pr\u00e1ctica<\/em>, No. 237, pp. pp. 78-87.<\/li>\n<li style=\"text-align: justify;\">van den Broek, H. (2010). Immigrants and Ethnic Minorities. European Country Cases and Debates. (con Simo Mannila, Vera Messing y Zsuzsanna Vidra). National Institute for Health and Welfare, Helsinki (Finland)<\/li>\n<li style=\"text-align: justify;\">van den Broek, H. H. D. y Mart\u00edn M\u00e9ndez, V. (2007). Buenas pr\u00e1cticas de vincular el empleo y la productividad. El caso del grupo Arcelor. \u00a0Consejo Econ\u00f3mico y Social del Principado de Asturias<em><br \/>\n<\/em><\/li>\n<li style=\"text-align: justify;\">van den Broek, H. (1997). Labour, Networks and Lifestyles &#8211; survival and succession strategies of farm households in the Basque Country. Wageningen University and Research Centre, 1997.<\/li>\n<\/ul>\n","protected":false},"excerpt":{"rendered":"<p>Position: ASSISTANT (PhD in Sociology). Department: SOCIOLOGY Field: Sociology of Food Research Group. Address: Universidad de Oviedo.\u00a0Departamento de Sociolog\u00eda.\u00a0Facultad de Econom\u00eda y Empresa.\u00a0Edificio Departamental, 2\u00ba Planta.\u00a0Campus de El Cristo. 33006 Oviedo. Asturias (Espa\u00f1a). Email: hansvandenbroek@uniovi.es Phone: (+34) 985 105 060 Researchgate &nbsp; Hans van den Broek is Professor of Sociology at the University of Oviedo. [&hellip;]<\/p>\n","protected":false},"author":2,"featured_media":2553,"parent":2951,"menu_order":11,"comment_status":"closed","ping_status":"closed","template":"","meta":{"_genesis_hide_title":false,"_genesis_hide_breadcrumbs":false,"_genesis_hide_singular_image":false,"_genesis_hide_footer_widgets":false,"_genesis_custom_body_class":"","_genesis_custom_post_class":"","_genesis_layout":"","footnotes":""},"class_list":{"0":"post-2936","1":"page","2":"type-page","3":"status-publish","4":"has-post-thumbnail","6":"entry","7":"gs-1","8":"gs-odd","9":"gs-even","10":"gs-featured-content-entry"},"_links":{"self":[{"href":"https:\/\/www.unioviedo.es\/socialimen\/en\/wp-json\/wp\/v2\/pages\/2936","targetHints":{"allow":["GET"]}}],"collection":[{"href":"https:\/\/www.unioviedo.es\/socialimen\/en\/wp-json\/wp\/v2\/pages"}],"about":[{"href":"https:\/\/www.unioviedo.es\/socialimen\/en\/wp-json\/wp\/v2\/types\/page"}],"author":[{"embeddable":true,"href":"https:\/\/www.unioviedo.es\/socialimen\/en\/wp-json\/wp\/v2\/users\/2"}],"replies":[{"embeddable":true,"href":"https:\/\/www.unioviedo.es\/socialimen\/en\/wp-json\/wp\/v2\/comments?post=2936"}],"version-history":[{"count":1,"href":"https:\/\/www.unioviedo.es\/socialimen\/en\/wp-json\/wp\/v2\/pages\/2936\/revisions"}],"predecessor-version":[{"id":3222,"href":"https:\/\/www.unioviedo.es\/socialimen\/en\/wp-json\/wp\/v2\/pages\/2936\/revisions\/3222"}],"up":[{"embeddable":true,"href":"https:\/\/www.unioviedo.es\/socialimen\/en\/wp-json\/wp\/v2\/pages\/2951"}],"wp:featuredmedia":[{"embeddable":true,"href":"https:\/\/www.unioviedo.es\/socialimen\/en\/wp-json\/wp\/v2\/media\/2553"}],"wp:attachment":[{"href":"https:\/\/www.unioviedo.es\/socialimen\/en\/wp-json\/wp\/v2\/media?parent=2936"}],"curies":[{"name":"wp","href":"https:\/\/api.w.org\/{rel}","templated":true}]}}

<figure id="attachment_2553" aria-describedby="caption-attachment-2553" style="width: 410px" class="wp-caption alignleft"><a href="http://www.unioviedo.es/socialimen/wp-content/uploads/2016/01/Hans-van-den-Broek.jpg" rel="attachment wp-att-1572"><img loading="lazy" decoding="async" class="wp-image-2553" src="https://www.unioviedo.es/socialimen/wp-content/uploads/2016/01/Hans-van-den-Broek-847x1024.jpg" alt="Hans Van Den Broek" width="410" height="489" /></a><figcaption id="caption-attachment-2553" class="wp-caption-text">Hans Peter Van Den Broek. (Foto: www.dboart.com)</figcaption></figure>
<p><strong>Position:</strong> ASSISTANT (PhD in Sociology).<span class="org"><br />
</span><strong>Department:</strong> SOCIOLOGY<span class="org"><br />
</span><strong>Field: </strong>Sociology of Food Research Group.<br />
<strong>Address: </strong>Universidad de Oviedo. Departamento de Sociología. Facultad de Economía y Empresa. Edificio Departamental, 2º Planta. Campus de El Cristo.<br />
33006 Oviedo. Asturias (España).<br />
<strong>Email</strong>: <a class="email" href="mailto:hansvandenbroek@uniovi.es">hansvandenbroek@uniovi.es<br />
</a><strong>Phone:</strong> (+34) <a title="Llamada telefónica" href="tel:985105060"><span class="tel">985 105 060</span></a></p>
<p><a href="https://www.researchgate.net/profile/Hans_Peter_Van_Den_Broek">Researchgate</a></p>
<p>&nbsp;</p>
<hr />
<p><strong>Hans van den Broek</strong> is Professor of Sociology at the University of Oviedo. His areas of research are: (1) Immigration, integration, and xenophobia (with special interest in Islamophobia in Europe and the rise of the radical populist right); (2) the socio-economic and political development of China; and (3) political and religious fundamentalisms.</p>
<p>At the University of Oviedo he teaches Sociology and Social Research Methods and Techniques. In the Master’s in Chinese Studies, at the University of the Basque Country, he teaches the module “Development of Business Strategies in China”. He has also taught the modules “Economics and Politics of China” and “International Politics” in various Master’s courses organized by the Asturias Business School.</p>
<p>Between 2007 and 2009 he was Coordinator of the programme “Immigrants and Ethnic Minorities Between Labour and Welfare” of the RECWOWE Network of Excellence (“Reconciling Work and Welfare in Europe”, European Commission, 6th Framework Programme).</p>
<p>He is currently participating in three research projects: he is a member of the Sociology of Food Research Group, researching changes in the eating patterns of immigrants as part of their process of integration in Spain; he is a collaborating researcher on the European research project “All Rights Reserved? Barriers Towards European Citizenship” (7th Framework Programme); and on the project “Towards a European Migration Model: The mobility of people according to their status in the EU” (R+D+I Programme, 2013–2016).</p>
<h3 style="text-align: justify;">Research Fields</h3>
<ul style="text-align: justify;">
<li><a href="http://www.unioviedo.es/socialimen/en/investigacion-2/lineas-de-investigacion/2-alimentacion-estructura-social/">Food and social structure</a></li>
<li>Alimentación e Inmigración</li>
</ul>
<h3 style="text-align: justify;">Publications</h3>
<ul>
<li style="text-align: justify;">van den Broek, H. (2015). Labelling and Legitimization: justifying political violence in the Basque Country, <em>Terrorism and Political Violence</em></li>
<li style="text-align: justify;">van den Broek, H. (2014). Una xenofobia ‘ilustrada’, <em>Claves de Razón Práctica</em>, No. 237, pp. pp. 78-87.</li>
<li style="text-align: justify;">van den Broek, H. (2010). Immigrants and Ethnic Minorities. European Country Cases and Debates. (con Simo Mannila, Vera Messing y Zsuzsanna Vidra). National Institute for Health and Welfare, Helsinki (Finland)</li>
<li style="text-align: justify;">van den Broek, H. H. D. y Martín Méndez, V. (2007). Buenas prácticas de vincular el empleo y la productividad. El caso del grupo Arcelor.  Consejo Económico y Social del Principado de Asturias<em><br />
</em></li>
<li style="text-align: justify;">van den Broek, H. (1997). Labour, Networks and Lifestyles &#8211; survival and succession strategies of farm households in the Basque Country. Wageningen University and Research Centre, 1997.</li>
</ul>

<p>Position: ASSISTANT (PhD in Sociology). Department: SOCIOLOGY Field: Sociology of Food Research Group. Address: Universidad de Oviedo. Departamento de Sociología. Facultad de Economía y Empresa. Edificio Departamental, 2º Planta. Campus de El Cristo. 33006 Oviedo. Asturias (España). Email: hansvandenbroek@uniovi.es Phone: (+34) 985 105 060 Researchgate &nbsp; Hans van den Broek is Professor of Sociology at the University of Oviedo. [&hellip;]</p>
