{"id":2937,"date":"2016-01-26T19:17:03","date_gmt":"2016-01-26T18:17:03","guid":{"rendered":"http:\/\/www.unioviedo.es\/socialimen\/maria-isabel-garcia-espejo\/"},"modified":"2023-09-26T10:04:45","modified_gmt":"2023-09-26T08:04:45","slug":"maria-isabel-garcia-espejo","status":"publish","type":"page","link":"https:\/\/www.unioviedo.es\/socialimen\/en\/team\/investigadores-uniovi\/maria-isabel-garcia-espejo\/","title":{"rendered":"Mar\u00eda Isabel Garc\u00eda Espejo"},"content":{"rendered":"<figure id=\"attachment_2532\" aria-describedby=\"caption-attachment-2532\" style=\"width: 368px\" class=\"wp-caption alignleft\"><a href=\"https:\/\/www.unioviedo.es\/socialimen\/wp-content\/uploads\/2016\/01\/Isabel-Garcia-Espejo.jpg\"><img loading=\"lazy\" decoding=\"async\" class=\"wp-image-2532 \" title=\"Cecilia D\u00edaz-M\u00e9ndez\" src=\"https:\/\/www.unioviedo.es\/socialimen\/wp-content\/uploads\/2016\/01\/Isabel-Garcia-Espejo.jpg\" alt=\"Mar\u00eda Isabel Garc\u00eda Espejo ASSOCIATE PROFESSOR (PhD in Sociology) \" width=\"368\" height=\"508\" \/><\/a><figcaption id=\"caption-attachment-2532\" class=\"wp-caption-text\">M\u00aa Isabel Garcia Espejo<\/figcaption><\/figure>\n<p><strong>Position:<\/strong> ASSOCIATE PROFESSOR (PhD in Sociology)<br \/>\n<strong>Department:<\/strong> SOCIOLOGY<br \/>\n<strong>Field:<\/strong> Sociology of Food Research Group.<br \/>\n<strong>Address:<\/strong> Universidad de Oviedo. Departamento de Sociolog\u00eda. Facultad de Econom\u00eda y Empresa. Edificio Departamental, 2\u00ba Planta. Campus de El Cristo.<br \/>\n33006 Oviedo. Asturias (Espa\u00f1a).<br \/>\n<strong>Email: <\/strong><a href=\"mailto:igarcia@uniovi.es\"> igarcia@uniovi.es<\/a><br \/>\n<strong>Phone:<\/strong> (+34) 985 105 043<\/p>\n<p><a href=\"https:\/\/www.researchgate.net\/profile\/Isabel_Garcia-Espejo\">Researchgate<\/a><\/p>\n<p>&nbsp;<\/p>\n<p>&nbsp;<\/p>\n<p>She received her degree in Sociology from the Complutense University of Madrid, and her PhD in Sociology from the University of Oviedo; she has been Professor of Sociology since 2000. Among other subjects in the field of Sociology, she has taught Social Research Techniques since 1988. She has conducted research and published numerous national and international works on young people\u2019s entry to work, training and the labour market, labour mobility, in-company training, analysis of longitudinal data and social inequality. Her publications are the result of her participation in numerous publicly funded research projects. Since 2009 she has focused her research towards the Sociology of Food. In the field of social inequalities, it is worth singling out her participation in the European Commission\u2019s RECWOWE \u201cReconciling Work and Welfare in Europe\u201d Network of Excellence (6th Framework Programme for Research and Technological Development), which is made up of an interdisciplinary team of European researchers and experts. Within this Network she has published, together with Dr. Rodolfo Guti\u00e9rrez, \u201cSpain: Persisting Inequalities in a Growing Employment Context\u201d, in the book edited by Neil Fraser, Rodolfo Guti\u00e9rrez and Ram\u00f3n Pe\u00f1a-Casas, <em>Working Poverty in Europe. A Comparative Approach<\/em>, Palgrave Macmillan (2011). Also noteworthy is the publication with Dr. Marta Ib\u00e1\u00f1ez Pascual \u201cLos trabajadores pobres y los bajos salarios en Espa\u00f1a: un an\u00e1lisis de los factores familiares y laborales asociados a las diferentes situaciones de pobreza\u201d in <em>EMPIRIA<\/em> (2007). She is a member of the Research Group in Sociology of Food (approved by ANECA in November 2011) and is part of the Biotechnology and Health Cluster of the Campus of International Excellence of the University of Oviedo. Her collaboration in this Group has mainly been motivated by her expertise in methodology and social research techniques, providing methodological support for most of the projects carried out by the group at the University of Oviedo. In this area, with Dr. Cecilia D\u00edaz M\u00e9ndez, she has published \u201cEating Practice Models in Spain and the United Kingdom: A Comparative Time-Use Analysis\u201d in the <em>International Journal of Comparative Sociology<\/em> (2014) and \u201cContemporary Food Trends: the homogenization of food expenditure in Spain and the United Kingdom\u201d in the magazine <em>REIS<\/em> (2012). She participated, along with other colleagues, in the National Survey of Food Habits (ENHALI, 2012), published by the Ministry of Agriculture. In 2014, she co-edited the monograph \u201cMetodolog\u00edas para el estudio de la alimentaci\u00f3n contempor\u00e1nea\u201d (\u201cMethodologies for the study of contemporary food\u201d) with Dr. Cecilia D\u00edaz M\u00e9ndez for the <em>Revista Pol\u00edtica y Sociedad<\/em>.<\/p>\n<h3><strong>Research Fields<\/strong><\/h3>\n<ul>\n<li><a href=\"http:\/\/www.unioviedo.es\/socialimen\/en\/investigacion-2\/lineas-de-investigacion\/1-la-alimentacion-las-sociedades-modernas\/\"><span class=\"breadcrumb_last\">Food in modern societies<\/span><\/a><\/li>\n<li><a href=\"http:\/\/www.unioviedo.es\/socialimen\/en\/investigacion-2\/lineas-de-investigacion\/2-alimentacion-estructura-social\/\">Food and social structure<\/a><\/li>\n<\/ul>\n<h3><strong>Project participation<\/strong><\/h3>\n<ul>\n<li><strong>Alimentaci\u00f3n y estructura social. An\u00e1lisis de las desigualdades sociales en Espa\u00f1a (2015-2019)<br \/>\n<\/strong><\/li>\n<\/ul>\n<p style=\"padding-left: 60px;\">Proyectos I+D+I del Programa Estatal de Investigaci\u00f3n. Ref. CSO2015-68434-R<\/p>\n<p style=\"padding-left: 60px;\">Investigador Principal: Isabel Garc\u00eda Espejo<\/p>\n<h3><strong>Publications<\/strong><\/h3>\n<ul>\n<li>Laura Cabiedes- Miragaya, Cecilia D\u00edaz M\u00e9ndez and Isabel Garc\u00eda Espejo (2021). \u201cWell-Being and the Lifestyle Habits of the Spanish Population: The Association between SubjectiveWell-Being and Eating Habits\u201d.\u00a0<i>Environmental Research and Public Health,<\/i>\u00a0vol. 18 (4), 1553. doi: 10.3390\/ijerph18041553<\/li>\n<li>D\u00edaz-M\u00e9ndez, Cecilia, Isabel Garc\u00eda-Espejo and Sonia Otero-Est\u00e9vez (2020).\u201d New and old forms of poverty in Spain: exploring food consumption during the crisis\u201d.\u00a0<i>British Food Journal<\/i>, vol. 122 (9), 2807-2821. doi 10.1108\/BFJ-07-2019-0527<\/li>\n<li>D\u00edaz-M\u00e9ndez, Cecilia and Garcia Espejo, Isabel (2019). \u201cSocial inequalities in following official guidelines on healthy diet during the period of economic crisis in Spain\u201d. International Journal of Health Services.\u00a0 49 (3), 582-605. Disponible en:\u00a0<a href=\"https:\/\/journals.sagepub.com\/doi\/abs\/10.1177\/0020731419847589\">https:\/\/journals.sagepub.com\/doi\/abs\/10.1177\/0020731419847589<\/a><\/li>\n<li>D\u00edaz-M\u00e9ndez C. y Garc\u00eda-Espejo I. (2018). Homogeneidad y fragmentaci\u00f3n en los h\u00e1bitos alimentarios de los espa\u00f1oles: una respuesta a trav\u00e9s del an\u00e1lisis de los horarios, las relaciones y las normas alimentarias. Revista Internacional de Sociolog\u00eda.\u00a0 76 (3) e102. Disponible en:\u00a0<a href=\"https:\/\/doi.org\/10.3989\/ris.2018.76.3.17.360\">https:\/\/doi.org\/10.3989\/ris.2018.76.3.17.360<\/a><\/li>\n<li>D\u00edaz-M\u00e9ndez, C. Garc\u00eda-Espejo I. y Otero-Est\u00e9vez S. (2018). Discursos sobre la escasez: estrategias de gesti\u00f3n de la privaci\u00f3n alimentaria en tiempos de crisis. EMPIRIA (2018). 40, 85-105. Disponible en:\u00a0<strong><a href=\"https:\/\/doi.org\/10.5944\/empiria.40.2018.22012\">https:\/\/doi.org\/10.5944\/empiria.40.2018.22012<\/a><\/strong><\/li>\n<li>Garc\u00eda Espejo, I. y Novo V\u00e1zquez, A. (2017): \u201cLa emergencia del consumidor consciente: Un an\u00e1lisis de la participaci\u00f3n pol\u00edtica a trav\u00e9s de las decisiones de compra\u201d.\u00a0<em>Revista Espa\u00f1ola de Investigaciones Cient\u00edficas REIS<\/em>, 158, 59-78. Disponible en:\u00a0<a href=\"https:\/\/www.ingentaconnect.com\/contentone\/cis\/reis\/2017\/00000158\/00000158\/art00004?crawler=true&amp;mimetype=application\/pdf\">https:\/\/www.ingentaconnect.com\/contentone\/cis\/reis\/2017\/00000158\/00000158\/art00004?crawler=true&amp;mimetype=application\/pdf<\/a><\/li>\n<li>Cecilia D\u00edaz M\u00e9ndez e Isabel Garc\u00eda Espejo (2014): \u201cLa mirada sociol\u00f3gica hacia la alimentaci\u00f3n: an\u00e1lisis cr\u00edtico del desarrollo de la investigaci\u00f3n en el campo alimentario<em>\u201d, Pol\u00edtica y Sociedad<\/em>, vol. 51, n\u00ba 1, pp. 15-49.<\/li>\n<li>Cecilia D\u00edaz M\u00e9ndez e Isabel Garc\u00eda Espejo (2013): \u201cLa organizaci\u00f3n de la alimentaci\u00f3n cotidiana\u201d, Cecilia D\u00edaz M\u00e9ndez (Coord.) <em>H\u00e1bitos alimentarios de los espa\u00f1oles<\/em>, Ministerio de Agricultura, Alimentaci\u00f3n y Medio Ambiente, pp. 11-48. ISBN: M-28934-2013.<\/li>\n<li>Cecilia D\u00edaz M\u00e9ndez e Isabel Garc\u00eda Espejo (2013): \u201cLa alimentaci\u00f3n fuera del hogar\u201d, Cecilia D\u00edaz M\u00e9ndez (Coord.) <em>H\u00e1bitos alimentarios de los espa\u00f1oles<\/em>, Ministerio de Agricultura, Alimentaci\u00f3n\u00a0 y Medio Ambiente, pp. 49-63. ISBN: M-28934-2013.<\/li>\n<li>Cecilia D\u00edaz M\u00e9ndez e Isabel Garc\u00eda Espejo (2014): \u201cEating Practice Models in Spain and the United Kingdom: a Comparative Time Use Analysis\u201d, <em>International Journal of Comparative Sociology<\/em>, vol. 55, n\u00ba 1, pp. 24-44.<\/li>\n<li>Cecilia D\u00edaz e Isabel Garc\u00eda Espejo (2012): \u201cTendencias en la alimentaci\u00f3n contempor\u00e1nea: la homogeneizaci\u00f3n del gasto alimentario en Espa\u00f1a y Reino Unido\u201d, <em>Revista Espa\u00f1ola de Investigaciones Sociol\u00f3gicas<\/em>, n\u00ba 139, pp. 21-44.<\/li>\n<\/ul>\n","protected":false},"excerpt":{"rendered":"<p>Position: ASSOCIATE PROFESSOR (PhD in Sociology) Department: SOCIOLOGY Field: Sociology of Food Research Group. Address: Universidad de Oviedo. Departamento de Sociolog\u00eda. Facultad de Econom\u00eda y Empresa. Edificio Departamental, 2\u00ba Planta. Campus de El Cristo. 33006 Oviedo. Asturias (Espa\u00f1a). Email: igarcia@uniovi.es Phone: (+34) 985 105 043 Researchgate &nbsp; &nbsp; She received her degree in Sociology from [&hellip;]<\/p>\n","protected":false},"author":2,"featured_media":2532,"parent":2951,"menu_order":3,"comment_status":"closed","ping_status":"closed","template":"","meta":{"_genesis_hide_title":false,"_genesis_hide_breadcrumbs":false,"_genesis_hide_singular_image":false,"_genesis_hide_footer_widgets":false,"_genesis_custom_body_class":"","_genesis_custom_post_class":"","_genesis_layout":"","footnotes":""},"class_list":{"0":"post-2937","1":"page","2":"type-page","3":"status-publish","4":"has-post-thumbnail","6":"entry","7":"gs-1","8":"gs-odd","9":"gs-even","10":"gs-featured-content-entry"},"_links":{"self":[{"href":"https:\/\/www.unioviedo.es\/socialimen\/en\/wp-json\/wp\/v2\/pages\/2937","targetHints":{"allow":["GET"]}}],"collection":[{"href":"https:\/\/www.unioviedo.es\/socialimen\/en\/wp-json\/wp\/v2\/pages"}],"about":[{"href":"https:\/\/www.unioviedo.es\/socialimen\/en\/wp-json\/wp\/v2\/types\/page"}],"author":[{"embeddable":true,"href":"https:\/\/www.unioviedo.es\/socialimen\/en\/wp-json\/wp\/v2\/users\/2"}],"replies":[{"embeddable":true,"href":"https:\/\/www.unioviedo.es\/socialimen\/en\/wp-json\/wp\/v2\/comments?post=2937"}],"version-history":[{"count":2,"href":"https:\/\/www.unioviedo.es\/socialimen\/en\/wp-json\/wp\/v2\/pages\/2937\/revisions"}],"predecessor-version":[{"id":3876,"href":"https:\/\/www.unioviedo.es\/socialimen\/en\/wp-json\/wp\/v2\/pages\/2937\/revisions\/3876"}],"up":[{"embeddable":true,"href":"https:\/\/www.unioviedo.es\/socialimen\/en\/wp-json\/wp\/v2\/pages\/2951"}],"wp:featuredmedia":[{"embeddable":true,"href":"https:\/\/www.unioviedo.es\/socialimen\/en\/wp-json\/wp\/v2\/media\/2532"}],"wp:attachment":[{"href":"https:\/\/www.unioviedo.es\/socialimen\/en\/wp-json\/wp\/v2\/media?parent=2937"}],"curies":[{"name":"wp","href":"https:\/\/api.w.org\/{rel}","templated":true}]}}

María Isabel García Espejo

<figure id="attachment_2532" aria-describedby="caption-attachment-2532" style="width: 368px" class="wp-caption alignleft"><a href="https://www.unioviedo.es/socialimen/wp-content/uploads/2016/01/Isabel-Garcia-Espejo.jpg"><img loading="lazy" decoding="async" class="wp-image-2532 " title="Cecilia Díaz-Méndez" src="https://www.unioviedo.es/socialimen/wp-content/uploads/2016/01/Isabel-Garcia-Espejo.jpg" alt="María Isabel García Espejo ASSOCIATE PROFESSOR (PhD in Sociology) " width="368" height="508" /></a><figcaption id="caption-attachment-2532" class="wp-caption-text">Mª Isabel Garcia Espejo</figcaption></figure>
<p><strong>Position:</strong> ASSOCIATE PROFESSOR (PhD in Sociology)<br />
<strong>Department:</strong> SOCIOLOGY<br />
<strong>Field:</strong> Sociology of Food Research Group.<br />
<strong>Address:</strong> Universidad de Oviedo. Departamento de Sociología. Facultad de Economía y Empresa. Edificio Departamental, 2º Planta. Campus de El Cristo.<br />
33006 Oviedo. Asturias (España).<br />
<strong>Email: </strong><a href="mailto:igarcia@uniovi.es"> igarcia@uniovi.es</a><br />
<strong>Phone:</strong> (+34) 985 105 043</p>
<p><a href="https://www.researchgate.net/profile/Isabel_Garcia-Espejo">Researchgate</a></p>
<p>&nbsp;</p>
<p>&nbsp;</p>
<p>She received her degree in Sociology from the Complutense University of Madrid, and her PhD in Sociology from the University of Oviedo; she has been Professor of Sociology since 2000. Among other subjects in the field of Sociology, she has taught Social Research Techniques since 1988. She has conducted research and published numerous national and international works on young people’s entry to work, training and the labour market, labour mobility, in-company training, analysis of longitudinal data and social inequality. Her publications are the result of her participation in numerous publicly funded research projects. Since 2009 she has focused her research towards the Sociology of Food. In the field of social inequalities, it is worth singling out her participation in the European Commission’s RECWOWE “Reconciling Work and Welfare in Europe” Network of Excellence (6th Framework Programme for Research and Technological Development), which is made up of an interdisciplinary team of European researchers and experts. Within this Network she has published, together with Dr. Rodolfo Gutiérrez, “Spain: Persisting Inequalities in a Growing Employment Context”, in the book edited by Neil Fraser, Rodolfo Gutiérrez and Ramón Peña-Casas, <em>Working Poverty in Europe. A Comparative Approach</em>, Palgrave Macmillan (2011). Also noteworthy is the publication with Dr. Marta Ibáñez Pascual “Los trabajadores pobres y los bajos salarios en España: un análisis de los factores familiares y laborales asociados a las diferentes situaciones de pobreza” in <em>EMPIRIA</em> (2007). She is a member of the Research Group in Sociology of Food (approved by ANECA in November 2011) and is part of the Biotechnology and Health Cluster of the Campus of International Excellence of the University of Oviedo. Her collaboration in this Group has mainly been motivated by her expertise in methodology and social research techniques, providing methodological support for most of the projects carried out by the group at the University of Oviedo. In this area, with Dr. Cecilia Díaz Méndez, she has published “Eating Practice Models in Spain and the United Kingdom: A Comparative Time-Use Analysis” in the <em>International Journal of Comparative Sociology</em> (2014) and “Contemporary Food Trends: the homogenization of food expenditure in Spain and the United Kingdom” in the magazine <em>REIS</em> (2012). She participated, along with other colleagues, in the National Survey of Food Habits (ENHALI, 2012), published by the Ministry of Agriculture. In 2014, she co-edited the monograph “Metodologías para el estudio de la alimentación contemporánea” (“Methodologies for the study of contemporary food”) with Dr. Cecilia Díaz Méndez for the <em>Revista Política y Sociedad</em>.</p>
<h3><strong>Research Fields</strong></h3>
<ul>
<li><a href="http://www.unioviedo.es/socialimen/en/investigacion-2/lineas-de-investigacion/1-la-alimentacion-las-sociedades-modernas/"><span class="breadcrumb_last">Food in modern societies</span></a></li>
<li><a href="http://www.unioviedo.es/socialimen/en/investigacion-2/lineas-de-investigacion/2-alimentacion-estructura-social/">Food and social structure</a></li>
</ul>
<h3><strong>Project participation</strong></h3>
<ul>
<li><strong>Alimentación y estructura social. Análisis de las desigualdades sociales en España (2015-2019)<br />
</strong></li>
</ul>
<p style="padding-left: 60px;">Proyectos I+D+I del Programa Estatal de Investigación. Ref. CSO2015-68434-R</p>
<p style="padding-left: 60px;">Investigador Principal: Isabel García Espejo</p>
<h3><strong>Publications</strong></h3>
<ul>
<li>Laura Cabiedes- Miragaya, Cecilia Díaz Méndez and Isabel García Espejo (2021). “Well-Being and the Lifestyle Habits of the Spanish Population: The Association between SubjectiveWell-Being and Eating Habits”. <i>Environmental Research and Public Health,</i> vol. 18 (4), 1553. doi: 10.3390/ijerph18041553</li>
<li>Díaz-Méndez, Cecilia, Isabel García-Espejo and Sonia Otero-Estévez (2020).” New and old forms of poverty in Spain: exploring food consumption during the crisis”. <i>British Food Journal</i>, vol. 122 (9), 2807-2821. doi 10.1108/BFJ-07-2019-0527</li>
<li>Díaz-Méndez, Cecilia and Garcia Espejo, Isabel (2019). “Social inequalities in following official guidelines on healthy diet during the period of economic crisis in Spain”. International Journal of Health Services.  49 (3), 582-605. Disponible en: <a href="https://journals.sagepub.com/doi/abs/10.1177/0020731419847589">https://journals.sagepub.com/doi/abs/10.1177/0020731419847589</a></li>
<li>Díaz-Méndez C. y García-Espejo I. (2018). Homogeneidad y fragmentación en los hábitos alimentarios de los españoles: una respuesta a través del análisis de los horarios, las relaciones y las normas alimentarias. Revista Internacional de Sociología.  76 (3) e102. Disponible en: <a href="https://doi.org/10.3989/ris.2018.76.3.17.360">https://doi.org/10.3989/ris.2018.76.3.17.360</a></li>
<li>Díaz-Méndez, C. García-Espejo I. y Otero-Estévez S. (2018). Discursos sobre la escasez: estrategias de gestión de la privación alimentaria en tiempos de crisis. EMPIRIA (2018). 40, 85-105. Disponible en: <strong><a href="https://doi.org/10.5944/empiria.40.2018.22012">https://doi.org/10.5944/empiria.40.2018.22012</a></strong></li>
<li>García Espejo, I. y Novo Vázquez, A. (2017): “La emergencia del consumidor consciente: Un análisis de la participación política a través de las decisiones de compra”. <em>Revista Española de Investigaciones Científicas REIS</em>, 158, 59-78. Disponible en: <a href="https://www.ingentaconnect.com/contentone/cis/reis/2017/00000158/00000158/art00004?crawler=true&amp;mimetype=application/pdf">https://www.ingentaconnect.com/contentone/cis/reis/2017/00000158/00000158/art00004?crawler=true&amp;mimetype=application/pdf</a></li>
<li>Cecilia Díaz Méndez e Isabel García Espejo (2014): “La mirada sociológica hacia la alimentación: análisis crítico del desarrollo de la investigación en el campo alimentario<em>”, Política y Sociedad</em>, vol. 51, nº 1, pp. 15-49.</li>
<li>Cecilia Díaz Méndez e Isabel García Espejo (2013): “La organización de la alimentación cotidiana”, Cecilia Díaz Méndez (Coord.) <em>Hábitos alimentarios de los españoles</em>, Ministerio de Agricultura, Alimentación y Medio Ambiente, pp. 11-48. ISBN: M-28934-2013.</li>
<li>Cecilia Díaz Méndez e Isabel García Espejo (2013): “La alimentación fuera del hogar”, Cecilia Díaz Méndez (Coord.) <em>Hábitos alimentarios de los españoles</em>, Ministerio de Agricultura, Alimentación  y Medio Ambiente, pp. 49-63. ISBN: M-28934-2013.</li>
<li>Cecilia Díaz Méndez e Isabel García Espejo (2014): “Eating Practice Models in Spain and the United Kingdom: a Comparative Time Use Analysis”, <em>International Journal of Comparative Sociology</em>, vol. 55, nº 1, pp. 24-44.</li>
<li>Cecilia Díaz e Isabel García Espejo (2012): “Tendencias en la alimentación contemporánea: la homogeneización del gasto alimentario en España y Reino Unido”, <em>Revista Española de Investigaciones Sociológicas</em>, nº 139, pp. 21-44.</li>
</ul>

<p>Position: ASSOCIATE PROFESSOR (PhD in Sociology) Department: SOCIOLOGY Field: Sociology of Food Research Group. Address: Universidad de Oviedo. Departamento de Sociología. Facultad de Economía y Empresa. Edificio Departamental, 2º Planta. Campus de El Cristo. 33006 Oviedo. Asturias (España). Email: igarcia@uniovi.es Phone: (+34) 985 105 043 Researchgate &nbsp; &nbsp; She received her degree in Sociology from [&hellip;]</p>
