{"id":1218,"date":"2016-01-26T16:37:07","date_gmt":"2016-01-26T15:37:07","guid":{"rendered":"http:\/\/www.unioviedo.es\/socialimen\/?page_id=1218"},"modified":"2021-05-04T11:10:05","modified_gmt":"2021-05-04T09:10:05","slug":"presentacion","status":"publish","type":"page","link":"https:\/\/www.unioviedo.es\/socialimen\/equipo\/presentacion\/","title":{"rendered":"Presentaci\u00f3n"},"content":{"rendered":"<p><img loading=\"lazy\" decoding=\"async\" class=\"wp-image-1613 size-large aligncenter\" title=\"Grupo de Investigaci\u00f3n en Sociolog\u00eda de la Alimentaci\u00f3n\" src=\"http:\/\/www.unioviedo.es\/socialimen\/wp-content\/uploads\/2016\/01\/grupo-sociologia-de-la-alimentacion-1024x921.jpg\" alt=\"grupo-sociologia-de-la-alimentacion\" width=\"1024\" height=\"921\" srcset=\"https:\/\/www.unioviedo.es\/socialimen\/wp-content\/uploads\/2016\/01\/grupo-sociologia-de-la-alimentacion-1024x921.jpg 1024w, https:\/\/www.unioviedo.es\/socialimen\/wp-content\/uploads\/2016\/01\/grupo-sociologia-de-la-alimentacion-300x270.jpg 300w, https:\/\/www.unioviedo.es\/socialimen\/wp-content\/uploads\/2016\/01\/grupo-sociologia-de-la-alimentacion-768x691.jpg 768w, https:\/\/www.unioviedo.es\/socialimen\/wp-content\/uploads\/2016\/01\/grupo-sociologia-de-la-alimentacion.jpg 1500w\" sizes=\"auto, (max-width: 1024px) 100vw, 1024px\" \/><\/p>\n<p><strong>Grupo de Investigaci\u00f3n acreditado creado en el a\u00f1o 2000 e integrado en 2009 en el Campus de Excelencia Internacional, dentro del Cluster de Biomedicina y Salud.<\/strong><\/p>\n<p>La alimentaci\u00f3n ha comenzado a ser un asunto de debate p\u00fablico en las sociedades desarrolladas. A pesar del descenso de problemas ligados a la falta de alimentos ha crecido la preocupaci\u00f3n por lo que se come. Por este motivo, las Ciencias Sociales se han aproximado a la alimentaci\u00f3n y sus cambios en relaci\u00f3n directa con la modernizaci\u00f3n de las sociedades. En este contexto nace el Grupo de Sociolog\u00eda de la Alimentaci\u00f3n creado en el a\u00f1o 2000 e integrado en 2009 en el Campus de Excelencia Internacional (Cl\u00faster de Biomedicina y Salud). El grupo est\u00e1 dirigido por Cecilia D\u00edaz-M\u00e9ndez, catedr\u00e1tica de Sociolog\u00eda (acreditada) y consta de siete miembros de la Universidad de Oviedo y seis investigadores de otras universidades espa\u00f1olas.<\/p>\n<p>El objetivo principal del grupo de investigaci\u00f3n es describir y analizar las tendencias de cambio alimentario y los condicionantes sociales a los que est\u00e1n sujetos los h\u00e1bitos alimentarios en las sociedades modernas. Se pretende profundizar en los determinantes y las consecuencias de estos cambios y analizar c\u00f3mo afecta el proceso de modernizaci\u00f3n de las sociedades a la alimentaci\u00f3n y la salud de la poblaci\u00f3n.<\/p>\n<p>En la actualidad el grupo cuenta con un equipo formado por investigadores de universidades espa\u00f1olas con tradici\u00f3n en el estudio de la alimentaci\u00f3n, el consumo y la salud, todos con perspectiva social pero con diferentes aproximaciones: a unos les caracteriza el estudio del \u00e1mbito de la producci\u00f3n y los sistemas agroalimentarios, otros proceden de la ciencia pol\u00edtica o de la econom\u00eda, otros se han centrado en el estudio del consumo o las din\u00e1micas seguidas por las empresas agroalimentarias y casi todos han desarrollado estudios microsociales sobre el cambio social y la desigualdad.<\/p>\n<p>La perspectiva de g\u00e9nero impregna una buena parte de los trabajos, as\u00ed como tambi\u00e9n la investigaci\u00f3n hist\u00f3rica, ambas orientaciones constituyen dos soportes b\u00e1sicos de an\u00e1lisis e interpretaci\u00f3n sobre los que construimos nuestras investigaciones emp\u00edricas. Una prioridad para el grupo es realizar estudios comparados sobre los h\u00e1bitos alimentarios en diferentes pa\u00edses y analizar las acciones pol\u00edticas en un contexto de gobernanza global alimentaria. Esto nos ha llevado a completar el equipo con investigadores de fuera de Espa\u00f1a en cada una de las investigaciones que desarrollamos.<\/p>\n<p>Contamos con un <strong><u><a href=\"https:\/\/www.unioviedo.es\/socialimen\/investigacion-2\/observatorio-sociologia-la-alimentacion\/\">Observatorio Sociol\u00f3gico de la Alimentaci\u00f3n<\/a><\/u><\/strong> como instrumento de investigaci\u00f3n al servicio de los trabajos del grupo. Esto nos ofrece la oportunidad de responder a las demandas de empresas e instituciones en las \u00e1reas que afectan a la cadena agroalimentaria. La doctora Isabel Garc\u00eda Espejo es la coordinadora de este servicio que se apoya en el sistema CATI (Computer-assisted telephones intervierwing) y CAWI (Computer aided web interverwing) del Departamento de Sociolog\u00eda.<\/p>\n","protected":false},"excerpt":{"rendered":"<p>Grupo de Investigaci\u00f3n acreditado creado en el a\u00f1o 2000 e integrado en 2009 en el Campus de Excelencia Internacional, dentro del Cluster de Biomedicina y Salud. La alimentaci\u00f3n ha comenzado a ser un asunto de debate p\u00fablico en las sociedades desarrolladas. A pesar del descenso de problemas ligados a la falta de alimentos ha crecido [&hellip;]<\/p>\n","protected":false},"author":2,"featured_media":0,"parent":46,"menu_order":0,"comment_status":"closed","ping_status":"closed","template":"","meta":{"_genesis_hide_title":false,"_genesis_hide_breadcrumbs":false,"_genesis_hide_singular_image":false,"_genesis_hide_footer_widgets":false,"_genesis_custom_body_class":"","_genesis_custom_post_class":"","_genesis_layout":"","footnotes":""},"class_list":{"0":"post-1218","1":"page","2":"type-page","3":"status-publish","5":"entry","6":"has-post-thumbnail","7":"gs-1","8":"gs-odd","9":"gs-even","10":"gs-featured-content-entry"},"_links":{"self":[{"href":"https:\/\/www.unioviedo.es\/socialimen\/wp-json\/wp\/v2\/pages\/1218","targetHints":{"allow":["GET"]}}],"collection":[{"href":"https:\/\/www.unioviedo.es\/socialimen\/wp-json\/wp\/v2\/pages"}],"about":[{"href":"https:\/\/www.unioviedo.es\/socialimen\/wp-json\/wp\/v2\/types\/page"}],"author":[{"embeddable":true,"href":"https:\/\/www.unioviedo.es\/socialimen\/wp-json\/wp\/v2\/users\/2"}],"replies":[{"embeddable":true,"href":"https:\/\/www.unioviedo.es\/socialimen\/wp-json\/wp\/v2\/comments?post=1218"}],"version-history":[{"count":11,"href":"https:\/\/www.unioviedo.es\/socialimen\/wp-json\/wp\/v2\/pages\/1218\/revisions"}],"predecessor-version":[{"id":3349,"href":"https:\/\/www.unioviedo.es\/socialimen\/wp-json\/wp\/v2\/pages\/1218\/revisions\/3349"}],"up":[{"embeddable":true,"href":"https:\/\/www.unioviedo.es\/socialimen\/wp-json\/wp\/v2\/pages\/46"}],"wp:attachment":[{"href":"https:\/\/www.unioviedo.es\/socialimen\/wp-json\/wp\/v2\/media?parent=1218"}],"curies":[{"name":"wp","href":"https:\/\/api.w.org\/{rel}","templated":true}]}}

Presentación

<p><img loading="lazy" decoding="async" class="wp-image-1613 size-large aligncenter" title="Grupo de Investigación en Sociología de la Alimentación" src="http://www.unioviedo.es/socialimen/wp-content/uploads/2016/01/grupo-sociologia-de-la-alimentacion-1024x921.jpg" alt="grupo-sociologia-de-la-alimentacion" width="1024" height="921" srcset="https://www.unioviedo.es/socialimen/wp-content/uploads/2016/01/grupo-sociologia-de-la-alimentacion-1024x921.jpg 1024w, https://www.unioviedo.es/socialimen/wp-content/uploads/2016/01/grupo-sociologia-de-la-alimentacion-300x270.jpg 300w, https://www.unioviedo.es/socialimen/wp-content/uploads/2016/01/grupo-sociologia-de-la-alimentacion-768x691.jpg 768w, https://www.unioviedo.es/socialimen/wp-content/uploads/2016/01/grupo-sociologia-de-la-alimentacion.jpg 1500w" sizes="auto, (max-width: 1024px) 100vw, 1024px" /></p>
<p><strong>Grupo de Investigación acreditado creado en el año 2000 e integrado en 2009 en el Campus de Excelencia Internacional, dentro del Cluster de Biomedicina y Salud.</strong></p>
<p>La alimentación ha comenzado a ser un asunto de debate público en las sociedades desarrolladas. A pesar del descenso de problemas ligados a la falta de alimentos ha crecido la preocupación por lo que se come. Por este motivo, las Ciencias Sociales se han aproximado a la alimentación y sus cambios en relación directa con la modernización de las sociedades. En este contexto nace el Grupo de Sociología de la Alimentación creado en el año 2000 e integrado en 2009 en el Campus de Excelencia Internacional (Clúster de Biomedicina y Salud). El grupo está dirigido por Cecilia Díaz-Méndez, catedrática de Sociología (acreditada) y consta de siete miembros de la Universidad de Oviedo y seis investigadores de otras universidades españolas.</p>
<p>El objetivo principal del grupo de investigación es describir y analizar las tendencias de cambio alimentario y los condicionantes sociales a los que están sujetos los hábitos alimentarios en las sociedades modernas. Se pretende profundizar en los determinantes y las consecuencias de estos cambios y analizar cómo afecta el proceso de modernización de las sociedades a la alimentación y la salud de la población.</p>
<p>En la actualidad el grupo cuenta con un equipo formado por investigadores de universidades españolas con tradición en el estudio de la alimentación, el consumo y la salud, todos con perspectiva social pero con diferentes aproximaciones: a unos les caracteriza el estudio del ámbito de la producción y los sistemas agroalimentarios, otros proceden de la ciencia política o de la economía, otros se han centrado en el estudio del consumo o las dinámicas seguidas por las empresas agroalimentarias y casi todos han desarrollado estudios microsociales sobre el cambio social y la desigualdad.</p>
<p>La perspectiva de género impregna una buena parte de los trabajos, así como también la investigación histórica, ambas orientaciones constituyen dos soportes básicos de análisis e interpretación sobre los que construimos nuestras investigaciones empíricas. Una prioridad para el grupo es realizar estudios comparados sobre los hábitos alimentarios en diferentes países y analizar las acciones políticas en un contexto de gobernanza global alimentaria. Esto nos ha llevado a completar el equipo con investigadores de fuera de España en cada una de las investigaciones que desarrollamos.</p>
<p>Contamos con un <strong><u><a href="https://www.unioviedo.es/socialimen/investigacion-2/observatorio-sociologia-la-alimentacion/">Observatorio Sociológico de la Alimentación</a></u></strong> como instrumento de investigación al servicio de los trabajos del grupo. Esto nos ofrece la oportunidad de responder a las demandas de empresas e instituciones en las áreas que afectan a la cadena agroalimentaria. La doctora Isabel García Espejo es la coordinadora de este servicio que se apoya en el sistema CATI (Computer-assisted telephones intervierwing) y CAWI (Computer aided web interverwing) del Departamento de Sociología.</p>

<p>Grupo de Investigación acreditado creado en el año 2000 e integrado en 2009 en el Campus de Excelencia Internacional, dentro del Cluster de Biomedicina y Salud. La alimentación ha comenzado a ser un asunto de debate público en las sociedades desarrolladas. A pesar del descenso de problemas ligados a la falta de alimentos ha crecido [&hellip;]</p>
