{"id":1399,"date":"2016-01-26T19:09:58","date_gmt":"2016-01-26T18:09:58","guid":{"rendered":"http:\/\/www.unioviedo.es\/socialimen\/?page_id=1399"},"modified":"2021-10-25T16:24:35","modified_gmt":"2021-10-25T14:24:35","slug":"manuel-javier-callejo-gallego","status":"publish","type":"page","link":"https:\/\/www.unioviedo.es\/socialimen\/equipo\/investigadores-de-otras-universidades\/manuel-javier-callejo-gallego\/","title":{"rendered":"Manuel Javier Callejo Gallego"},"content":{"rendered":"<p><span class=\"org\"><strong><img loading=\"lazy\" decoding=\"async\" class=\"size-medium wp-image-3429 alignleft\" src=\"https:\/\/www.unioviedo.es\/socialimen\/wp-content\/uploads\/2021\/10\/javier-callejo-223x300.png\" alt=\"\" width=\"223\" height=\"300\" srcset=\"https:\/\/www.unioviedo.es\/socialimen\/wp-content\/uploads\/2021\/10\/javier-callejo-223x300.png 223w, https:\/\/www.unioviedo.es\/socialimen\/wp-content\/uploads\/2021\/10\/javier-callejo.png 336w\" sizes=\"auto, (max-width: 223px) 100vw, 223px\" \/>Categor\u00eda:<\/strong> CATEDR\u00c1TICO DE SOCIOLOG\u00cdA <span class=\"org\">(Universidad Nacional de Educaci\u00f3n a Distancia)<\/span><br \/>\n<\/span><strong>Departamento:<\/strong>\u00a0<span class=\"org\">SOCIOLOG\u00cdA<br \/>\n<\/span><strong>\u00c1rea:\u00a0<\/strong>Grupo de Investigaci\u00f3n en Sociolog\u00eda de la Alimentaci\u00f3n.<br \/>\n<strong>Direcci\u00f3n:\u00a0<\/strong>Universidad de Oviedo.\u00a0Departamento de Sociolog\u00eda.\u00a0Facultad de Econom\u00eda y Empresa.\u00a0Edificio Departamental, 2\u00ba Planta.\u00a0Campus de El Cristo.<br \/>\n33006 Oviedo. Asturias (Espa\u00f1a).<\/p>\n<p>Javier <span class=\"il\">Callejo<\/span> Profesor Titular de Universidad en la UNED. Departamento de Sociolog\u00eda I: Teor\u00eda, Metodolog\u00eda y Cambio Social, que actualmente dirige. \u00c1rea de Sociolog\u00eda. Docencia relacionada con la Sociolog\u00eda de la Alimentaci\u00f3n: T\u00e9cnicas de Investigaci\u00f3n Social I y II (Grado de Sociolog\u00eda, UNED) y Estilos de Vida y Consumo (M\u00e1ster Universitario An\u00e1lisis Sociocultural, UCM).<\/p>\n<h3><\/h3>\n<h3><strong>Publicaciones:<\/strong><\/h3>\n<ul>\n<li>Javier Callejo (2021): \u201cEl discurso ausente: el caso del cambio clim\u00e1tico\u201d. <em>Papers <\/em>(pendiente de asignar n\u00famero).<a href=\"http:\/\/dx.doi.org\/10.5565\/rev\/papers.2802\"> http:\/\/dx.doi.org\/10.5565\/rev\/papers.2802<\/a><\/li>\n<li>Javier Callejo (2020): \u201cLa sombra de la incertidumbre\u201d, en Ram\u00f3n Ramos Torre y Fernando J. Garc\u00eda Selgas, <em>Incertidumbres en las sociedades contempor\u00e1neas<\/em>, Madrid: Centro de Investigaciones Sociol\u00f3gicas, pp.47-68.<\/li>\n<li>\u00c1ngel Alonso-Dom\u00ednguez, Javier Callejo, Cecilia D\u00edaz-M\u00e9ndez (2020): \u201cHow the type of working day affects work\u2013life balance and mealtime balance: A study based on the time use survey\u201d, <em>Time &amp; Society<\/em>,\u00a0First Published 13 Aug 2020. Link: <a href=\"https:\/\/doi.org\/10.1177%2F0961463X20947531\">https:\/\/doi.org\/10.1177\/0961463X20947531<\/a><\/li>\n<li>Javier Callejo y Yolanda Agudo (2019): \u201cAn\u00e1lisis cuantitativo y cualitativo de las cuentas del Estado espa\u00f1ol en Facebook y Twitter\u201d, <em>El profesional de la informaci\u00f3n<\/em>, vol. 28 (5) <a href=\"https:\/\/doi.org\/10.3145\/EPI\">https:\/\/doi.org\/10.3145\/EPI<\/a><\/li>\n<li>Javier Callejo (2019): \u201cInvestigaci\u00f3n de audiencias: lost in transition\u201d, <em>CIC, Cuadernos de Informaci\u00f3n y Comunicaci\u00f3n,<\/em> n\u00ba. 24, 2019, pp. 155-173. <a href=\"http:\/\/dx.doi.org\/10.5209\/ciyc.64636\">http:\/\/dx.doi.org\/10.5209\/ciyc.64636<\/a><\/li>\n<li>Javier Callejo (2019): \u201cLo que callar y discurso quieren decir para la sociolog\u00eda emp\u00edrica\u201d, <em>Cinta moebio<\/em> 65: 194-208 doi: 10.4067\/S0717-554X2019000200194<\/li>\n<\/ul>\n","protected":false},"excerpt":{"rendered":"<p>Categor\u00eda: CATEDR\u00c1TICO DE SOCIOLOG\u00cdA (Universidad Nacional de Educaci\u00f3n a Distancia) Departamento:\u00a0SOCIOLOG\u00cdA \u00c1rea:\u00a0Grupo de Investigaci\u00f3n en Sociolog\u00eda de la Alimentaci\u00f3n. Direcci\u00f3n:\u00a0Universidad de Oviedo.\u00a0Departamento de Sociolog\u00eda.\u00a0Facultad de Econom\u00eda y Empresa.\u00a0Edificio Departamental, 2\u00ba Planta.\u00a0Campus de El Cristo. 33006 Oviedo. Asturias (Espa\u00f1a). Javier Callejo Profesor Titular de Universidad en la UNED. Departamento de Sociolog\u00eda I: Teor\u00eda, Metodolog\u00eda y Cambio [&hellip;]<\/p>\n","protected":false},"author":2,"featured_media":3429,"parent":1397,"menu_order":0,"comment_status":"closed","ping_status":"closed","template":"","meta":{"_genesis_hide_title":false,"_genesis_hide_breadcrumbs":false,"_genesis_hide_singular_image":false,"_genesis_hide_footer_widgets":false,"_genesis_custom_body_class":"","_genesis_custom_post_class":"","_genesis_layout":"","footnotes":""},"class_list":{"0":"post-1399","1":"page","2":"type-page","3":"status-publish","4":"has-post-thumbnail","6":"entry","7":"gs-1","8":"gs-odd","9":"gs-even","10":"gs-featured-content-entry"},"_links":{"self":[{"href":"https:\/\/www.unioviedo.es\/socialimen\/wp-json\/wp\/v2\/pages\/1399","targetHints":{"allow":["GET"]}}],"collection":[{"href":"https:\/\/www.unioviedo.es\/socialimen\/wp-json\/wp\/v2\/pages"}],"about":[{"href":"https:\/\/www.unioviedo.es\/socialimen\/wp-json\/wp\/v2\/types\/page"}],"author":[{"embeddable":true,"href":"https:\/\/www.unioviedo.es\/socialimen\/wp-json\/wp\/v2\/users\/2"}],"replies":[{"embeddable":true,"href":"https:\/\/www.unioviedo.es\/socialimen\/wp-json\/wp\/v2\/comments?post=1399"}],"version-history":[{"count":10,"href":"https:\/\/www.unioviedo.es\/socialimen\/wp-json\/wp\/v2\/pages\/1399\/revisions"}],"predecessor-version":[{"id":3432,"href":"https:\/\/www.unioviedo.es\/socialimen\/wp-json\/wp\/v2\/pages\/1399\/revisions\/3432"}],"up":[{"embeddable":true,"href":"https:\/\/www.unioviedo.es\/socialimen\/wp-json\/wp\/v2\/pages\/1397"}],"wp:featuredmedia":[{"embeddable":true,"href":"https:\/\/www.unioviedo.es\/socialimen\/wp-json\/wp\/v2\/media\/3429"}],"wp:attachment":[{"href":"https:\/\/www.unioviedo.es\/socialimen\/wp-json\/wp\/v2\/media?parent=1399"}],"curies":[{"name":"wp","href":"https:\/\/api.w.org\/{rel}","templated":true}]}}

<p><span class="org"><strong><img loading="lazy" decoding="async" class="size-medium wp-image-3429 alignleft" src="https://www.unioviedo.es/socialimen/wp-content/uploads/2021/10/javier-callejo-223x300.png" alt="" width="223" height="300" srcset="https://www.unioviedo.es/socialimen/wp-content/uploads/2021/10/javier-callejo-223x300.png 223w, https://www.unioviedo.es/socialimen/wp-content/uploads/2021/10/javier-callejo.png 336w" sizes="auto, (max-width: 223px) 100vw, 223px" />Categoría:</strong> CATEDRÁTICO DE SOCIOLOGÍA <span class="org">(Universidad Nacional de Educación a Distancia)</span><br />
</span><strong>Departamento:</strong> <span class="org">SOCIOLOGÍA<br />
</span><strong>Área: </strong>Grupo de Investigación en Sociología de la Alimentación.<br />
<strong>Dirección: </strong>Universidad de Oviedo. Departamento de Sociología. Facultad de Economía y Empresa. Edificio Departamental, 2º Planta. Campus de El Cristo.<br />
33006 Oviedo. Asturias (España).</p>
<p>Javier <span class="il">Callejo</span> Profesor Titular de Universidad en la UNED. Departamento de Sociología I: Teoría, Metodología y Cambio Social, que actualmente dirige. Área de Sociología. Docencia relacionada con la Sociología de la Alimentación: Técnicas de Investigación Social I y II (Grado de Sociología, UNED) y Estilos de Vida y Consumo (Máster Universitario Análisis Sociocultural, UCM).</p>
<h3></h3>
<h3><strong>Publicaciones:</strong></h3>
<ul>
<li>Javier Callejo (2021): “El discurso ausente: el caso del cambio climático”. <em>Papers </em>(pendiente de asignar número).<a href="http://dx.doi.org/10.5565/rev/papers.2802"> http://dx.doi.org/10.5565/rev/papers.2802</a></li>
<li>Javier Callejo (2020): “La sombra de la incertidumbre”, en Ramón Ramos Torre y Fernando J. García Selgas, <em>Incertidumbres en las sociedades contemporáneas</em>, Madrid: Centro de Investigaciones Sociológicas, pp.47-68.</li>
<li>Ángel Alonso-Domínguez, Javier Callejo, Cecilia Díaz-Méndez (2020): “How the type of working day affects work–life balance and mealtime balance: A study based on the time use survey”, <em>Time &amp; Society</em>, First Published 13 Aug 2020. Link: <a href="https://doi.org/10.1177%2F0961463X20947531">https://doi.org/10.1177/0961463X20947531</a></li>
<li>Javier Callejo y Yolanda Agudo (2019): “Análisis cuantitativo y cualitativo de las cuentas del Estado español en Facebook y Twitter”, <em>El profesional de la información</em>, vol. 28 (5) <a href="https://doi.org/10.3145/EPI">https://doi.org/10.3145/EPI</a></li>
<li>Javier Callejo (2019): “Investigación de audiencias: lost in transition”, <em>CIC, Cuadernos de Información y Comunicación,</em> nº. 24, 2019, pp. 155-173. <a href="http://dx.doi.org/10.5209/ciyc.64636">http://dx.doi.org/10.5209/ciyc.64636</a></li>
<li>Javier Callejo (2019): “Lo que callar y discurso quieren decir para la sociología empírica”, <em>Cinta moebio</em> 65: 194-208 doi: 10.4067/S0717-554X2019000200194</li>
</ul>

<p>Categoría: CATEDRÁTICO DE SOCIOLOGÍA (Universidad Nacional de Educación a Distancia) Departamento: SOCIOLOGÍA Área: Grupo de Investigación en Sociología de la Alimentación. Dirección: Universidad de Oviedo. Departamento de Sociología. Facultad de Economía y Empresa. Edificio Departamental, 2º Planta. Campus de El Cristo. 33006 Oviedo. Asturias (España). Javier Callejo Profesor Titular de Universidad en la UNED. Departamento de Sociología I: Teoría, Metodología y Cambio [&hellip;]</p>
