{"id":1433,"date":"2016-01-26T21:46:44","date_gmt":"2016-01-26T20:46:44","guid":{"rendered":"http:\/\/www.unioviedo.es\/socialimen\/?page_id=1433"},"modified":"2021-10-25T14:55:28","modified_gmt":"2021-10-25T12:55:28","slug":"jose-manuel-parrilla-fernandez","status":"publish","type":"page","link":"https:\/\/www.unioviedo.es\/socialimen\/equipo\/investigadores-uniovi\/jose-manuel-parrilla-fernandez\/","title":{"rendered":"Jos\u00e9 Manuel Parrilla Fern\u00e1ndez"},"content":{"rendered":"<p><strong><a href=\"http:\/\/www.unioviedo.es\/socialimen\/wp-content\/uploads\/2016\/01\/Jose-manuel-parrilla-1.jpg\" rel=\"attachment wp-att-1577\"><img loading=\"lazy\" decoding=\"async\" class=\" wp-image-1577 alignleft\" src=\"http:\/\/www.unioviedo.es\/socialimen\/wp-content\/uploads\/2016\/01\/Jose-manuel-parrilla-1-862x1024.jpg\" alt=\"Jos\u00e9 Manuel Parrilla\" width=\"457\" height=\"495\" \/><\/a>Categor\u00eda:<\/strong>\u00a0PROFESOR CONTRATADO<span class=\"org\">.\u00a0(Doctor en Sociolog\u00eda).<\/span><\/p>\n<p><strong>Departamento:<\/strong>\u00a0<span class=\"org\">SOCIOLOG\u00cdA<\/span><\/p>\n<p><strong>\u00c1rea: <\/strong>Sociolog\u00eda<\/p>\n<p><strong>Direcci\u00f3n:\u00a0<\/strong>Universidad de Oviedo.\u00a0Departamento de Sociolog\u00eda.\u00a0Facultad de Econom\u00eda y Empresa.\u00a0Edificio Departamental, 2\u00ba Planta.\u00a0Campus de El Cristo.<br \/>\n33006 Oviedo. Asturias (Espa\u00f1a).<\/p>\n<p><strong>Correo<\/strong>: <a class=\"email\" href=\"mailto:jmparril@uniovi.es\">jmparril@uniovi.es<\/a><\/p>\n<p><strong>Tel\u00e9fono:<\/strong> (+34) <a title=\"Llamada telef\u00f3nica\" href=\"tel:985105059\"><span class=\"tel\">985 105 059<\/span><\/a><\/p>\n<p><a href=\"https:\/\/www.researchgate.net\/profile\/Jose_Parrilla-Fernandez\">Researchgate<\/a><\/p>\n<p>&nbsp;<\/p>\n<p>&nbsp;<\/p>\n<p>&nbsp;<\/p>\n<p>&nbsp;<\/p>\n<p>&nbsp;<\/p>\n<p>Doctor en Sociolog\u00eda, con formaci\u00f3n universitaria en Oviedo, Salamanca, Madrid y Roma.<\/p>\n<p>Profesor Contratado Doctor adscrito al Departamento y \u00c1rea de Sociolog\u00eda de la Universidad de Oviedo.<\/p>\n<p>Desempe\u00f1a desde 2012 el cargo de Vicedecano de la Facultad de Comercio, Turismo y Ciencias Sociales Jovellanos (Universidad de Oviedo-Campus de Gij\u00f3n).<\/p>\n<p>Ha ense\u00f1ado principalmente Sociolog\u00eda General, Sociolog\u00eda de la Educaci\u00f3n y Pol\u00edtica Social. Actualmente es profesor en el Grado en Trabajo Social de las asignaturas de Sociolog\u00eda y Pol\u00edtica Social. Ha sido docente en el Master Universitario en Pol\u00edtica Social y Bienestar de la Universidad de Oviedo as\u00ed como en el Master en Gesti\u00f3n de Organizaciones de Cooperaci\u00f3n al Desarrollo y de Intervenci\u00f3n Social de la Universidad de Oviedo y del Master en Doctrina Social de la Iglesia de la Universidad Pontificia de Salamanca. Ha sido profesor en centros universitarios vinculados a la Universidad Pontificia de Salamanca (Facultad de Inform\u00e1tica, Instituto Superior de Ciencias Religiosas e Instituto Superior de estudios Teol\u00f3gicos de Oviedo).<\/p>\n<hr \/>\n<h3><strong>L\u00edneas de Investigaci\u00f3n<\/strong><\/h3>\n<p>&nbsp;<\/p>\n<ul>\n<li><a href=\"http:\/\/www.unioviedo.es\/socialimen\/investigacion-2\/lineas-de-investigacion\/2-alimentacion-estructura-social\/\">Alimentaci\u00f3n y estructura social<\/a><\/li>\n<\/ul>\n<p>&nbsp;<\/p>\n<p><strong>Salud y alimentaci\u00f3n<\/strong><\/p>\n<ul>\n<li>Deporte, alimentaci\u00f3n y salud<\/li>\n<li>Pol\u00edticas sociales e inclusi\u00f3n social<\/li>\n<\/ul>\n<h3><strong>Participaci\u00f3n en Proyectos<\/strong><\/h3>\n<ul>\n<li><strong>Alimentaci\u00f3n y estructura social. An\u00e1lisis de las desigualdades sociales en Espa\u00f1a (2015-2019)<br \/>\n<\/strong><\/li>\n<\/ul>\n<p style=\"padding-left: 60px;\">Proyectos I+D+I del Programa Estatal de Investigaci\u00f3n. Ref. CSO2015-68434-R<\/p>\n<p style=\"padding-left: 60px;\">Investigador Principal: Isabel Garc\u00eda Espejo<\/p>\n<ul>\n<li><strong>Mujeres, deporte y dictadura. Memoria oral de las mujeres deportistas durante el Franquismo (1939-1975) (2013-2016)<\/strong><em><br \/>\n<\/em><\/li>\n<\/ul>\n<p style=\"padding-left: 60px;\">Proyecto I + D + I del Programa Estatal de Investigaci\u00f3n. Ref. HAR2013-43652-R<\/p>\n<p style=\"padding-left: 60px;\">Investigador Principal: Xavier Pujadas Mart\u00ed<\/p>\n<h3><strong>Publicaciones<\/strong><\/h3>\n<ul>\n<li>Parrilla Fern\u00e1ndez, Jos\u00e9 M. y S\u00e1nchez-S\u00e1nchez, Sandra (2018). Transformaciones en la construcci\u00f3n de la identidad de las deportistas espa\u00f1olas. Entrenamiento, alimentaci\u00f3n y corporalidad. Papers 103(1): 101-128. <a href=\"http:\/\/dx.doi.org\/10.5565\/rev\/papers.2276\">http:\/\/dx.doi.org\/10.5565\/rev\/papers.2276<\/a><\/li>\n<li>Pujadas, X.; Parrilla, J.M.; Ramirez, G.; Garai, A.B.; Llopis, R.; Gimeno, F. (2016), Sports, morality, and body. The voices of sportswomen under Franco\u2019s dictatorship. International Review for the Sociology of Sport, 51(6): 679\u2013698. <a href=\"http:\/\/journals.sagepub.com\/doi\/abs\/10.1177\/1012690214551182\">http:\/\/journals.sagepub.com\/doi\/abs\/10.1177\/1012690214551182<\/a><\/li>\n<\/ul>\n","protected":false},"excerpt":{"rendered":"<p>Categor\u00eda:\u00a0PROFESOR CONTRATADO.\u00a0(Doctor en Sociolog\u00eda). Departamento:\u00a0SOCIOLOG\u00cdA \u00c1rea: Sociolog\u00eda Direcci\u00f3n:\u00a0Universidad de Oviedo.\u00a0Departamento de Sociolog\u00eda.\u00a0Facultad de Econom\u00eda y Empresa.\u00a0Edificio Departamental, 2\u00ba Planta.\u00a0Campus de El Cristo. 33006 Oviedo. Asturias (Espa\u00f1a). Correo: jmparril@uniovi.es Tel\u00e9fono: (+34) 985 105 059 Researchgate &nbsp; &nbsp; &nbsp; &nbsp; &nbsp; Doctor en Sociolog\u00eda, con formaci\u00f3n universitaria en Oviedo, Salamanca, Madrid y Roma. Profesor Contratado Doctor adscrito [&hellip;]<\/p>\n","protected":false},"author":2,"featured_media":1577,"parent":88,"menu_order":7,"comment_status":"closed","ping_status":"closed","template":"","meta":{"_genesis_hide_title":false,"_genesis_hide_breadcrumbs":false,"_genesis_hide_singular_image":false,"_genesis_hide_footer_widgets":false,"_genesis_custom_body_class":"","_genesis_custom_post_class":"","_genesis_layout":"","footnotes":""},"class_list":{"0":"post-1433","1":"page","2":"type-page","3":"status-publish","4":"has-post-thumbnail","6":"entry","7":"gs-1","8":"gs-odd","9":"gs-even","10":"gs-featured-content-entry"},"_links":{"self":[{"href":"https:\/\/www.unioviedo.es\/socialimen\/wp-json\/wp\/v2\/pages\/1433","targetHints":{"allow":["GET"]}}],"collection":[{"href":"https:\/\/www.unioviedo.es\/socialimen\/wp-json\/wp\/v2\/pages"}],"about":[{"href":"https:\/\/www.unioviedo.es\/socialimen\/wp-json\/wp\/v2\/types\/page"}],"author":[{"embeddable":true,"href":"https:\/\/www.unioviedo.es\/socialimen\/wp-json\/wp\/v2\/users\/2"}],"replies":[{"embeddable":true,"href":"https:\/\/www.unioviedo.es\/socialimen\/wp-json\/wp\/v2\/comments?post=1433"}],"version-history":[{"count":19,"href":"https:\/\/www.unioviedo.es\/socialimen\/wp-json\/wp\/v2\/pages\/1433\/revisions"}],"predecessor-version":[{"id":3416,"href":"https:\/\/www.unioviedo.es\/socialimen\/wp-json\/wp\/v2\/pages\/1433\/revisions\/3416"}],"up":[{"embeddable":true,"href":"https:\/\/www.unioviedo.es\/socialimen\/wp-json\/wp\/v2\/pages\/88"}],"wp:featuredmedia":[{"embeddable":true,"href":"https:\/\/www.unioviedo.es\/socialimen\/wp-json\/wp\/v2\/media\/1577"}],"wp:attachment":[{"href":"https:\/\/www.unioviedo.es\/socialimen\/wp-json\/wp\/v2\/media?parent=1433"}],"curies":[{"name":"wp","href":"https:\/\/api.w.org\/{rel}","templated":true}]}}

José Manuel Parrilla Fernández

<p><strong><a href="http://www.unioviedo.es/socialimen/wp-content/uploads/2016/01/Jose-manuel-parrilla-1.jpg" rel="attachment wp-att-1577"><img loading="lazy" decoding="async" class=" wp-image-1577 alignleft" src="http://www.unioviedo.es/socialimen/wp-content/uploads/2016/01/Jose-manuel-parrilla-1-862x1024.jpg" alt="José Manuel Parrilla" width="457" height="495" /></a>Categoría:</strong> PROFESOR CONTRATADO<span class="org">. (Doctor en Sociología).</span></p>
<p><strong>Departamento:</strong> <span class="org">SOCIOLOGÍA</span></p>
<p><strong>Área: </strong>Sociología</p>
<p><strong>Dirección: </strong>Universidad de Oviedo. Departamento de Sociología. Facultad de Economía y Empresa. Edificio Departamental, 2º Planta. Campus de El Cristo.<br />
33006 Oviedo. Asturias (España).</p>
<p><strong>Correo</strong>: <a class="email" href="mailto:jmparril@uniovi.es">jmparril@uniovi.es</a></p>
<p><strong>Teléfono:</strong> (+34) <a title="Llamada telefónica" href="tel:985105059"><span class="tel">985 105 059</span></a></p>
<p><a href="https://www.researchgate.net/profile/Jose_Parrilla-Fernandez">Researchgate</a></p>
<p>&nbsp;</p>
<p>&nbsp;</p>
<p>&nbsp;</p>
<p>&nbsp;</p>
<p>&nbsp;</p>
<p>Doctor en Sociología, con formación universitaria en Oviedo, Salamanca, Madrid y Roma.</p>
<p>Profesor Contratado Doctor adscrito al Departamento y Área de Sociología de la Universidad de Oviedo.</p>
<p>Desempeña desde 2012 el cargo de Vicedecano de la Facultad de Comercio, Turismo y Ciencias Sociales Jovellanos (Universidad de Oviedo-Campus de Gijón).</p>
<p>Ha enseñado principalmente Sociología General, Sociología de la Educación y Política Social. Actualmente es profesor en el Grado en Trabajo Social de las asignaturas de Sociología y Política Social. Ha sido docente en el Master Universitario en Política Social y Bienestar de la Universidad de Oviedo así como en el Master en Gestión de Organizaciones de Cooperación al Desarrollo y de Intervención Social de la Universidad de Oviedo y del Master en Doctrina Social de la Iglesia de la Universidad Pontificia de Salamanca. Ha sido profesor en centros universitarios vinculados a la Universidad Pontificia de Salamanca (Facultad de Informática, Instituto Superior de Ciencias Religiosas e Instituto Superior de estudios Teológicos de Oviedo).</p>
<hr />
<h3><strong>Líneas de Investigación</strong></h3>
<p>&nbsp;</p>
<ul>
<li><a href="http://www.unioviedo.es/socialimen/investigacion-2/lineas-de-investigacion/2-alimentacion-estructura-social/">Alimentación y estructura social</a></li>
</ul>
<p>&nbsp;</p>
<p><strong>Salud y alimentación</strong></p>
<ul>
<li>Deporte, alimentación y salud</li>
<li>Políticas sociales e inclusión social</li>
</ul>
<h3><strong>Participación en Proyectos</strong></h3>
<ul>
<li><strong>Alimentación y estructura social. Análisis de las desigualdades sociales en España (2015-2019)<br />
</strong></li>
</ul>
<p style="padding-left: 60px;">Proyectos I+D+I del Programa Estatal de Investigación. Ref. CSO2015-68434-R</p>
<p style="padding-left: 60px;">Investigador Principal: Isabel García Espejo</p>
<ul>
<li><strong>Mujeres, deporte y dictadura. Memoria oral de las mujeres deportistas durante el Franquismo (1939-1975) (2013-2016)</strong><em><br />
</em></li>
</ul>
<p style="padding-left: 60px;">Proyecto I + D + I del Programa Estatal de Investigación. Ref. HAR2013-43652-R</p>
<p style="padding-left: 60px;">Investigador Principal: Xavier Pujadas Martí</p>
<h3><strong>Publicaciones</strong></h3>
<ul>
<li>Parrilla Fernández, José M. y Sánchez-Sánchez, Sandra (2018). Transformaciones en la construcción de la identidad de las deportistas españolas. Entrenamiento, alimentación y corporalidad. Papers 103(1): 101-128. <a href="http://dx.doi.org/10.5565/rev/papers.2276">http://dx.doi.org/10.5565/rev/papers.2276</a></li>
<li>Pujadas, X.; Parrilla, J.M.; Ramirez, G.; Garai, A.B.; Llopis, R.; Gimeno, F. (2016), Sports, morality, and body. The voices of sportswomen under Franco’s dictatorship. International Review for the Sociology of Sport, 51(6): 679–698. <a href="http://journals.sagepub.com/doi/abs/10.1177/1012690214551182">http://journals.sagepub.com/doi/abs/10.1177/1012690214551182</a></li>
</ul>

<p>Categoría: PROFESOR CONTRATADO. (Doctor en Sociología). Departamento: SOCIOLOGÍA Área: Sociología Dirección: Universidad de Oviedo. Departamento de Sociología. Facultad de Economía y Empresa. Edificio Departamental, 2º Planta. Campus de El Cristo. 33006 Oviedo. Asturias (España). Correo: jmparril@uniovi.es Teléfono: (+34) 985 105 059 Researchgate &nbsp; &nbsp; &nbsp; &nbsp; &nbsp; Doctor en Sociología, con formación universitaria en Oviedo, Salamanca, Madrid y Roma. Profesor Contratado Doctor adscrito [&hellip;]</p>
