{"id":1472,"date":"2016-01-26T22:42:44","date_gmt":"2016-01-26T21:42:44","guid":{"rendered":"http:\/\/www.unioviedo.es\/socialimen\/?page_id=1472"},"modified":"2022-10-26T13:56:14","modified_gmt":"2022-10-26T11:56:14","slug":"sandra-sanchez-sanchez","status":"publish","type":"page","link":"https:\/\/www.unioviedo.es\/socialimen\/equipo\/investigadores-uniovi\/sandra-sanchez-sanchez\/","title":{"rendered":"Sandra S\u00e1nchez S\u00e1nchez"},"content":{"rendered":"<p><strong><img loading=\"lazy\" decoding=\"async\" class=\"size-medium wp-image-3423 alignleft\" src=\"https:\/\/www.unioviedo.es\/socialimen\/wp-content\/uploads\/2021\/10\/sandra-web-grupo-169x300.jpg\" alt=\"\" width=\"169\" height=\"300\" srcset=\"https:\/\/www.unioviedo.es\/socialimen\/wp-content\/uploads\/2021\/10\/sandra-web-grupo-169x300.jpg 169w, https:\/\/www.unioviedo.es\/socialimen\/wp-content\/uploads\/2021\/10\/sandra-web-grupo.jpg 540w\" sizes=\"auto, (max-width: 169px) 100vw, 169px\" \/>Categor\u00eda:<\/strong> Profesora Asociada<span class=\"org\"><br \/>\n<\/span><strong>Departamento:<\/strong> SOCIOLOG\u00cdA<span class=\"org\"><br \/>\n<\/span><strong>\u00c1rea: <\/strong>Sociolog\u00eda<br \/>\n<strong>Direcci\u00f3n:\u00a0<\/strong>Universidad de Oviedo.\u00a0Departamento de Sociolog\u00eda.\u00a0Facultad de Econom\u00eda y Empresa.\u00a0Edificio Departamental, 2\u00ba Planta.\u00a0Campus de El Cristo.<br \/>\n33006 Oviedo. Asturias (Espa\u00f1a).<br \/>\n<strong>Correo<\/strong>: <a href=\"mailto:sanchezssandra@uniovi.es\">sanchezssandra@uniovi.es<\/a><\/p>\n<p>&nbsp;<\/p>\n<p>&nbsp;<\/p>\n<p>&nbsp;<\/p>\n<p>&nbsp;<\/p>\n<p style=\"text-align: justify;\">Licenciada en Filosof\u00eda, M\u00e1ster en Historia y An\u00e1lisis Sociocultural, ambos por la Universidad de Oviedo y Doctora por la Universidad de Oviedo (julio, 2017) en el Programa de Doctorado en Econom\u00eda y Sociolog\u00eda de la Globalizaci\u00f3n, con una beca de Formaci\u00f3n del Profesorado Universitario del Ministerio de Educaci\u00f3n, Cultura y Deporte (2012).<\/p>\n<p style=\"text-align: justify;\">Pertenece al Grupo de Investigaci\u00f3n en Sociolog\u00eda de la Alimentaci\u00f3n de la Universidad de Oviedo, donde realiz\u00f3 su tesis doctoral \u00abDeporte, alimentaci\u00f3n y salud: estudio intergeneracional sobre la construcci\u00f3n del cuerpo\u00bb. En el desarroll\u00f3 la b\u00fasqueda de los cambios m\u00e1s importantes en relaci\u00f3n al deporte, la alimentaci\u00f3n, la salud y c\u00f3mo \u00e9stos influyen en las modificaciones (construcciones f\u00edsicas e ideales) de los cuerpos. Dado que la construcci\u00f3n corporal es tanto f\u00edsica como simb\u00f3lica y que la pr\u00e1ctica deportiva modifica f\u00edsicamente la forma y apariencia corporal, la muestra de la investigaci\u00f3n tuvo como grupo de estudio a hombres y mujeres que han practicado deporte con diferentes niveles de competici\u00f3n y pr\u00e1ctica deportiva.<\/p>\n<p style=\"text-align: justify;\">Actualmente participa como miembro del grupo de trabajo del Proyecto \u201cMujeres, Deporte y Dictadura (1939-1975)\u201d del Programa I+D+I 2013-2016.<\/p>\n<p>&nbsp;<\/p>\n<h3 style=\"text-align: justify;\"><strong>L\u00edneas de Investigaci\u00f3n<\/strong><\/h3>\n<ul style=\"text-align: justify;\">\n<li><a href=\"http:\/\/www.unioviedo.es\/socialimen\/investigacion-2\/lineas-de-investigacion\/2-alimentacion-estructura-social\/\">Alimentaci\u00f3n y estructura social<\/a>\n<ul>\n<li>Salud y Alimentaci\u00f3n<\/li>\n<\/ul>\n<\/li>\n<\/ul>\n<h3 style=\"text-align: justify;\"><strong>Participaci\u00f3n en Proyectos<\/strong><\/h3>\n<ul>\n<li><strong>Alimentaci\u00f3n y estructura social. An\u00e1lisis de las desigualdades sociales en Espa\u00f1a.<br \/>\n<\/strong><\/p>\n<ul>\n<li>Proyecto I + D + I del Programa Estatal de Investigaci\u00f3n.\u00a0 Ref. CSO2015-68434-R<\/li>\n<li>Investigadora Principal: Isabel Garc\u00eda Espejo<\/li>\n<\/ul>\n<\/li>\n<li><strong>Mujeres, deporte y dictadura. Memoria oral de las mujeres deportistas durante el Franquismo (1939-1975) (2013-2016)<\/strong><em><br \/>\n<\/em><\/p>\n<ul>\n<li style=\"text-align: justify;\">Proyecto I + D + I del Programa Estatal de Investigaci\u00f3n. Ref. HAR2013-43652-R<\/li>\n<li style=\"text-align: justify;\">Investigador Principal: Xavier Pujadas Mart\u00ed<\/li>\n<\/ul>\n<\/li>\n<li>Evaluaci\u00f3n socioecon\u00f3mica del Salario Social B\u00e1sico en Asturias\n<ul>\n<li>Fundaci\u00f3n Universidad de Oviedo. Ref. FUO-369-16<\/li>\n<li>Investigador Principal: Javier D\u00edaz Mato<\/li>\n<\/ul>\n<\/li>\n<\/ul>\n<h3>Publicaciones:<\/h3>\n<ul>\n<li>D\u00edaz-M\u00e9ndez, Cecilia y <strong>S\u00e1nchez-S\u00e1nchez, Sandra<\/strong> (2019). \u201cAspectos sociol\u00f3gicos de la alimentaci\u00f3n de los mayores\u201d en Libro Blanco de la nutrici\u00f3n de las personas mayores en Espa\u00f1a, de Garc\u00eda Navarro y Varela Moreiras. Madrid. Fundaci\u00f3n Espa\u00f1ola de la Nutrici\u00f3n. Sociedad Espa\u00f1ola de Geriatr\u00eda y Gerontolog\u00eda, pp.507-511.<\/li>\n<li><strong>S\u00e1nchez-S\u00e1nchez, Sandra<\/strong> (2017) \u201cLa Sociolog\u00eda de la Alimentaci\u00f3n en Espa\u00f1a: Origen y desarrollo de un campo de estudio a trav\u00e9s de los congresos cient\u00edficos de la disciplina\u201d. En Crist\u00f3bal G\u00f3mez Benito (coord.). Estudios de Socio-antropolog\u00eda de la alimentaci\u00f3n en Espa\u00f1a. Madrid: Ministerio de Agricultura, Pesca, Alimentaci\u00f3n y Medio Ambiente. 557-603<\/li>\n<li>Mato D\u00edaz, Javier (dir.), Otero Est\u00e9vez, Sonia y <strong>S\u00e1nchez S\u00e1nchez, Sandra<\/strong> y Valdavida Casta\u00f1o, Emiliano (2017). <em>Evaluaci\u00f3n socioecon\u00f3mica del Salario Social B\u00e1sico en Asturias. Evoluci\u00f3n, Perfiles, Procesos de salida y retorno econ\u00f3mico<\/em>. Asturias: Consejer\u00eda de Servicios y Derechos Sociales del Principado de Asturias. Gobierno del Principado de Asturias.<\/li>\n<li>Parrilla Fern\u00e1ndez, Jos\u00e9 Manuel y <strong>S\u00e1nchez S\u00e1nchez, Sandra<\/strong> (2018). \u201cTransformaciones en la construcci\u00f3n de la identidad de las deportistas espa\u00f1olas. Entrenamiento, alimentaci\u00f3n y corporalidad\u201d PAPERS, Revista de Sociolog\u00eda, 103 (1):101-128.<a href=\"http:\/\/dx.doi.org\/10.5565\/rev\/papers.2276\"> http:\/\/dx.doi.org\/10.5565\/rev\/papers.2276<\/a><\/li>\n<\/ul>\n","protected":false},"excerpt":{"rendered":"<p>Categor\u00eda: Profesora Asociada Departamento: SOCIOLOG\u00cdA \u00c1rea: Sociolog\u00eda Direcci\u00f3n:\u00a0Universidad de Oviedo.\u00a0Departamento de Sociolog\u00eda.\u00a0Facultad de Econom\u00eda y Empresa.\u00a0Edificio Departamental, 2\u00ba Planta.\u00a0Campus de El Cristo. 33006 Oviedo. Asturias (Espa\u00f1a). Correo: sanchezssandra@uniovi.es &nbsp; &nbsp; &nbsp; &nbsp; Licenciada en Filosof\u00eda, M\u00e1ster en Historia y An\u00e1lisis Sociocultural, ambos por la Universidad de Oviedo y Doctora por la Universidad de Oviedo (julio, [&hellip;]<\/p>\n","protected":false},"author":2,"featured_media":3423,"parent":88,"menu_order":10,"comment_status":"closed","ping_status":"closed","template":"","meta":{"_genesis_hide_title":false,"_genesis_hide_breadcrumbs":false,"_genesis_hide_singular_image":false,"_genesis_hide_footer_widgets":false,"_genesis_custom_body_class":"","_genesis_custom_post_class":"","_genesis_layout":"","footnotes":""},"class_list":{"0":"post-1472","1":"page","2":"type-page","3":"status-publish","4":"has-post-thumbnail","6":"entry","7":"gs-1","8":"gs-odd","9":"gs-even","10":"gs-featured-content-entry"},"_links":{"self":[{"href":"https:\/\/www.unioviedo.es\/socialimen\/wp-json\/wp\/v2\/pages\/1472","targetHints":{"allow":["GET"]}}],"collection":[{"href":"https:\/\/www.unioviedo.es\/socialimen\/wp-json\/wp\/v2\/pages"}],"about":[{"href":"https:\/\/www.unioviedo.es\/socialimen\/wp-json\/wp\/v2\/types\/page"}],"author":[{"embeddable":true,"href":"https:\/\/www.unioviedo.es\/socialimen\/wp-json\/wp\/v2\/users\/2"}],"replies":[{"embeddable":true,"href":"https:\/\/www.unioviedo.es\/socialimen\/wp-json\/wp\/v2\/comments?post=1472"}],"version-history":[{"count":17,"href":"https:\/\/www.unioviedo.es\/socialimen\/wp-json\/wp\/v2\/pages\/1472\/revisions"}],"predecessor-version":[{"id":3425,"href":"https:\/\/www.unioviedo.es\/socialimen\/wp-json\/wp\/v2\/pages\/1472\/revisions\/3425"}],"up":[{"embeddable":true,"href":"https:\/\/www.unioviedo.es\/socialimen\/wp-json\/wp\/v2\/pages\/88"}],"wp:featuredmedia":[{"embeddable":true,"href":"https:\/\/www.unioviedo.es\/socialimen\/wp-json\/wp\/v2\/media\/3423"}],"wp:attachment":[{"href":"https:\/\/www.unioviedo.es\/socialimen\/wp-json\/wp\/v2\/media?parent=1472"}],"curies":[{"name":"wp","href":"https:\/\/api.w.org\/{rel}","templated":true}]}}

Sandra Sánchez Sánchez

<p><strong><img loading="lazy" decoding="async" class="size-medium wp-image-3423 alignleft" src="https://www.unioviedo.es/socialimen/wp-content/uploads/2021/10/sandra-web-grupo-169x300.jpg" alt="" width="169" height="300" srcset="https://www.unioviedo.es/socialimen/wp-content/uploads/2021/10/sandra-web-grupo-169x300.jpg 169w, https://www.unioviedo.es/socialimen/wp-content/uploads/2021/10/sandra-web-grupo.jpg 540w" sizes="auto, (max-width: 169px) 100vw, 169px" />Categoría:</strong> Profesora Asociada<span class="org"><br />
</span><strong>Departamento:</strong> SOCIOLOGÍA<span class="org"><br />
</span><strong>Área: </strong>Sociología<br />
<strong>Dirección: </strong>Universidad de Oviedo. Departamento de Sociología. Facultad de Economía y Empresa. Edificio Departamental, 2º Planta. Campus de El Cristo.<br />
33006 Oviedo. Asturias (España).<br />
<strong>Correo</strong>: <a href="mailto:sanchezssandra@uniovi.es">sanchezssandra@uniovi.es</a></p>
<p>&nbsp;</p>
<p>&nbsp;</p>
<p>&nbsp;</p>
<p>&nbsp;</p>
<p style="text-align: justify;">Licenciada en Filosofía, Máster en Historia y Análisis Sociocultural, ambos por la Universidad de Oviedo y Doctora por la Universidad de Oviedo (julio, 2017) en el Programa de Doctorado en Economía y Sociología de la Globalización, con una beca de Formación del Profesorado Universitario del Ministerio de Educación, Cultura y Deporte (2012).</p>
<p style="text-align: justify;">Pertenece al Grupo de Investigación en Sociología de la Alimentación de la Universidad de Oviedo, donde realizó su tesis doctoral «Deporte, alimentación y salud: estudio intergeneracional sobre la construcción del cuerpo». En el desarrolló la búsqueda de los cambios más importantes en relación al deporte, la alimentación, la salud y cómo éstos influyen en las modificaciones (construcciones físicas e ideales) de los cuerpos. Dado que la construcción corporal es tanto física como simbólica y que la práctica deportiva modifica físicamente la forma y apariencia corporal, la muestra de la investigación tuvo como grupo de estudio a hombres y mujeres que han practicado deporte con diferentes niveles de competición y práctica deportiva.</p>
<p style="text-align: justify;">Actualmente participa como miembro del grupo de trabajo del Proyecto “Mujeres, Deporte y Dictadura (1939-1975)” del Programa I+D+I 2013-2016.</p>
<p>&nbsp;</p>
<h3 style="text-align: justify;"><strong>Líneas de Investigación</strong></h3>
<ul style="text-align: justify;">
<li><a href="http://www.unioviedo.es/socialimen/investigacion-2/lineas-de-investigacion/2-alimentacion-estructura-social/">Alimentación y estructura social</a>
<ul>
<li>Salud y Alimentación</li>
</ul>
</li>
</ul>
<h3 style="text-align: justify;"><strong>Participación en Proyectos</strong></h3>
<ul>
<li><strong>Alimentación y estructura social. Análisis de las desigualdades sociales en España.<br />
</strong></p>
<ul>
<li>Proyecto I + D + I del Programa Estatal de Investigación.  Ref. CSO2015-68434-R</li>
<li>Investigadora Principal: Isabel García Espejo</li>
</ul>
</li>
<li><strong>Mujeres, deporte y dictadura. Memoria oral de las mujeres deportistas durante el Franquismo (1939-1975) (2013-2016)</strong><em><br />
</em></p>
<ul>
<li style="text-align: justify;">Proyecto I + D + I del Programa Estatal de Investigación. Ref. HAR2013-43652-R</li>
<li style="text-align: justify;">Investigador Principal: Xavier Pujadas Martí</li>
</ul>
</li>
<li>Evaluación socioeconómica del Salario Social Básico en Asturias
<ul>
<li>Fundación Universidad de Oviedo. Ref. FUO-369-16</li>
<li>Investigador Principal: Javier Díaz Mato</li>
</ul>
</li>
</ul>
<h3>Publicaciones:</h3>
<ul>
<li>Díaz-Méndez, Cecilia y <strong>Sánchez-Sánchez, Sandra</strong> (2019). “Aspectos sociológicos de la alimentación de los mayores” en Libro Blanco de la nutrición de las personas mayores en España, de García Navarro y Varela Moreiras. Madrid. Fundación Española de la Nutrición. Sociedad Española de Geriatría y Gerontología, pp.507-511.</li>
<li><strong>Sánchez-Sánchez, Sandra</strong> (2017) “La Sociología de la Alimentación en España: Origen y desarrollo de un campo de estudio a través de los congresos científicos de la disciplina”. En Cristóbal Gómez Benito (coord.). Estudios de Socio-antropología de la alimentación en España. Madrid: Ministerio de Agricultura, Pesca, Alimentación y Medio Ambiente. 557-603</li>
<li>Mato Díaz, Javier (dir.), Otero Estévez, Sonia y <strong>Sánchez Sánchez, Sandra</strong> y Valdavida Castaño, Emiliano (2017). <em>Evaluación socioeconómica del Salario Social Básico en Asturias. Evolución, Perfiles, Procesos de salida y retorno económico</em>. Asturias: Consejería de Servicios y Derechos Sociales del Principado de Asturias. Gobierno del Principado de Asturias.</li>
<li>Parrilla Fernández, José Manuel y <strong>Sánchez Sánchez, Sandra</strong> (2018). “Transformaciones en la construcción de la identidad de las deportistas españolas. Entrenamiento, alimentación y corporalidad” PAPERS, Revista de Sociología, 103 (1):101-128.<a href="http://dx.doi.org/10.5565/rev/papers.2276"> http://dx.doi.org/10.5565/rev/papers.2276</a></li>
</ul>

<p>Categoría: Profesora Asociada Departamento: SOCIOLOGÍA Área: Sociología Dirección: Universidad de Oviedo. Departamento de Sociología. Facultad de Economía y Empresa. Edificio Departamental, 2º Planta. Campus de El Cristo. 33006 Oviedo. Asturias (España). Correo: sanchezssandra@uniovi.es &nbsp; &nbsp; &nbsp; &nbsp; Licenciada en Filosofía, Máster en Historia y Análisis Sociocultural, ambos por la Universidad de Oviedo y Doctora por la Universidad de Oviedo (julio, [&hellip;]</p>
