{"id":1618,"date":"2016-02-23T16:37:37","date_gmt":"2016-02-23T15:37:37","guid":{"rendered":"http:\/\/www.unioviedo.es\/socialimen\/?page_id=1618"},"modified":"2021-10-25T16:40:09","modified_gmt":"2021-10-25T14:40:09","slug":"maycon-noremberg-schubert","status":"publish","type":"page","link":"https:\/\/www.unioviedo.es\/socialimen\/equipo\/investigadores-de-otras-universidades\/maycon-noremberg-schubert\/","title":{"rendered":"Maycon Noremberg Schubert"},"content":{"rendered":"<p><strong><img loading=\"lazy\" decoding=\"async\" class=\"size-full wp-image-3443 alignleft\" src=\"https:\/\/www.unioviedo.es\/socialimen\/wp-content\/uploads\/2021\/10\/Maycon.png\" alt=\"\" width=\"158\" height=\"210\" \/>Categor\u00eda:<\/strong> <span class=\"org\">PROFESSOS ADJUNTO CLASSE C, N\u00cdVEL 1<\/span><br \/>\n<strong>Departamento:<\/strong> SOCIOLOG\u00cdA<span class=\"org\"><br \/>\n<strong>Direcci\u00f3n: <\/strong>Universidade Federal do Rio Grande do Sul. Av. Bento Gon\u00e7alves, 9.500. Departamento de Sociologia. Campus do Vale. Porto Alegre, Rio Grande do Sul, Brasil. CEP: 91501-970.<br \/>\n<strong>Correo<\/strong>: <a href=\"mailto:maycon.schubert@gmail.com\">maycon.schubert@gmail.com<\/a><br \/>\n<strong>Tel\u00e9fono:<\/strong> +55 51 998772501<\/span><\/p>\n<p>&nbsp;<\/p>\n<p style=\"text-align: justify;\">Maycon Noremberg Schubert es Ingeniero Agr\u00f3nomo y tiene un master en Desarrollo Rural por la Universidade Federal do Rio Grande do Sul (2012). Doctor en Sociolog\u00eda por la Universidade Federal do Rio Grande do Sul en co-tutela con la Universidad de Oviedo (julio, 2017). Desarroll\u00f3 su tesis en el campo de conocimiento de Sociolog\u00eda de la Alimentaci\u00f3n, espec\u00edficamente, sus estudios se centran en la comparaci\u00f3n de las pr\u00e1cticas de la \u201calimentaci\u00f3n fuera del hogar\u201d, entre los pa\u00edses Brasil, Espa\u00f1a y Reino Unido.<\/p>\n<p style=\"text-align: justify;\">Colabora en el Grupo de Estudios e Investigaciones en Agricultura Familiar y Desarrollo Rural con el que ha participado en las comisiones organizadoras de los siguientes eventos: <em>III e IV<\/em> <em>Coloquio da Agricultura Familiar<\/em> (2011 y 2014), <em>II<\/em> <em>Semin\u00e1rio Internacional de Pesquisa Comparada de Desenvolvimento Rural no Brasil, China e Uni\u00e3o Europ\u00e9ia<\/em> (2011), y el <em>I Workshop sobre as Estrat\u00e9gias Alimentares e de Abastecimento <\/em>(2013).<\/p>\n<p style=\"text-align: justify;\">Fuera del \u00e1mbito acad\u00e9mico, ha trabajado en la Empresa de Investigaci\u00f3n Agropecuaria y Extensi\u00f3n Rural en Santa Catarina (2007-2012), \u00a0y en la Secretaria de Desarrollo Rural, Pesca y Cooperativismo del Estado del Rio Grande do Sul (2011-2014).<\/p>\n<p style=\"text-align: justify;\">Ha Impartido docencia en la Universidade Aberta do Brasil en dos cursos: Planteamiento y Gesti\u00f3n para el Desarrollo Rural \u00a0(2010-2012) y Especializaci\u00f3n en Sociolog\u00eda (2014).<\/p>\n<p style=\"text-align: justify;\">Sus principales campos de estudios son: Desarrollo Rural, Econom\u00eda Rural, Sociolog\u00eda Econ\u00f3mica, Sociolog\u00eda de la Alimentaci\u00f3n, Mercados y Pol\u00edticas P\u00fablicas.<\/p>\n<h3 style=\"text-align: justify;\"><strong>L\u00edneas de Investigaci\u00f3n<\/strong><\/h3>\n<ul style=\"text-align: justify;\">\n<li><a href=\"http:\/\/www.unioviedo.es\/socialimen\/investigacion-2\/lineas-de-investigacion\/1-la-alimentacion-las-sociedades-modernas\/\"><span class=\"breadcrumb_last\">La alimentaci\u00f3n en las sociedades modernas<\/span><\/a>\n<ul>\n<li>Desarrollo Rural, Econom\u00eda Rural, Sociolog\u00eda Econ\u00f3mica, Sociolog\u00eda de la Alimentaci\u00f3n, Mercados y Pol\u00edticas P\u00fablicas.<\/li>\n<\/ul>\n<\/li>\n<\/ul>\n<h3 style=\"text-align: justify;\"><strong>Proyectos<\/strong><\/h3>\n<ul style=\"text-align: justify;\">\n<li><strong>Normatizar em nome de qual desenvolvimento? A constru\u00e7\u00e3o dos mecanismos de regula\u00e7\u00e3o nos novos mercados alimentares<\/strong><\/li>\n<\/ul>\n<p style=\"padding-left: 60px;\">Coordinador: Paulo Andr\u00e9 Nierdele<\/p>\n<p style=\"padding-left: 60px;\">Financiador: Conselho Nacional de Desenvolvimento Cient\u00edfico e Tecnol\u00f3gico (CNPq)<\/p>\n<ul style=\"text-align: justify;\">\n<li><strong>BRICS Initiative for Critical Agrarian Studies<\/strong><\/li>\n<\/ul>\n<p style=\"padding-left: 60px;\">Coordinador: Sergio Schneider<\/p>\n<p style=\"padding-left: 60px;\">Financiador: Funda\u00e7\u00e3o Ford<\/p>\n<ul style=\"text-align: justify;\">\n<li><strong>Constru\u00e7\u00e3o de Mercados e Pol\u00edticas Alimentares no Brasil atores, pr\u00e1ticas e processos<\/strong><\/li>\n<\/ul>\n<p style=\"padding-left: 60px;\">Coordinador: Sergio Schneider<\/p>\n<p style=\"padding-left: 60px;\">Financiador: Conselho Nacional de Desenvolvimento Cient\u00edfico e Tecnol\u00f3gico (CNPq)<\/p>\n<h3 style=\"text-align: justify;\"><strong>Publicaciones<\/strong><\/h3>\n<ul>\n<li>SCHUBERT, Maycon Noremberg. O estruturalismo gen\u00e9tico do eating out: Defini\u00e7\u00f5es e significados das pr\u00e1ticas alimentares em torno do comer fora do ambiente dom\u00e9stico. Inter-legere (UFRN), v. 4, p. 1-24, 2021. <a href=\"https:\/\/doi.org\/10.21680\/1982-1662.2021v4n30ID20367\">https:\/\/doi.org\/10.21680\/1982-1662.2021v4n30ID20367<\/a><\/li>\n<li>NIEDERLE, PAULO; SCHUBERT, Maycon Noremberg. HOW does veganism contribute to shape sustainable food systems? Practices, meanings and identities of vegan restaurants in Porto Alegre, Brazil. JOURNAL OF RURAL STUDIES, v. 78, p. 304-313, 2020. <a href=\"https:\/\/doi.org\/10.1016\/j.jrurstud.2020.06.021\">https:\/\/doi.org\/10.1016\/j.jrurstud.2020.06.021<\/a><\/li>\n<li>SCHUBERT, Maycon Noremberg; AVALOS, D. E. Sistemas alimentarios globales y ley de etiquetado de alimentos en Chile. REDES (SANTA CRUZ DO SUL. ONLINE), v. 25, p. 128-145, 2020. <a href=\"http:\/\/dx.doi.org\/10.17058\/redes.v25i2.14850\">http:\/\/dx.doi.org\/10.17058\/redes.v25i2.14850<\/a><\/li>\n<li>NIEDERLE, Paulo Andr\u00e9; SCHNEIDER, Tha\u00eds Cristina; SCHUBERT, Maycon Noremberg. Comida relacional: produ\u00e7\u00e3o de sentidos e sociabilidades nas pr\u00e1ticas alimentares da quinta da videira. Revista Theomai (En l\u00ednea), v. 38, p. 138-149, 2018. http:\/\/revista-theomai.unq.edu.ar\/NUMERO_38\/9_Niederle-et-al_38.pdf<\/li>\n<li>BARBOSA, L\u00edvia; SCHUBERT, Maycon Noremberg; SCHNEIDER, S\u00e9rgio. Eating out in Brazil today. Revista Espanola de Sociologia, v. 27, n. 2, p. 281-299, 2018. <a href=\"https:\/\/doi.org\/10.22325\/fes\/res.2018.43\">https:\/\/doi.org\/10.22325\/fes\/res.2018.43<\/a><\/li>\n<li>SCHUBERT, Maycon Noremberg. The practice of eating. TEMPO SOCIAL (ONLINE), v. 29, p. 329-339, 2017. <a href=\"https:\/\/doi.org\/10.11606\/0103-2070.ts.2017.116091\">https:\/\/doi.org\/10.11606\/0103-2070.ts.2017.116091<\/a><\/li>\n<li>SCHUBERT, Maycon Noremberg; SCHNEIDER, S\u00e9rgio; D\u00edaz Mendez, C. O &#8216;comer fora de casa&#8217; no Brasil, Reino Unido e na Espanha: uma revis\u00e3o das bases de dados estat\u00edsticos oficiais e perspectivas para compara\u00e7\u00e3o. Revista Estudos Sociedade e Agricultura, v. 25, n. 2, p. 276-304, 2017. <a href=\"https:\/\/doi.org\/10.36920\/esa-v25n2-4\">https:\/\/doi.org\/10.36920\/esa-v25n2-4<\/a><\/li>\n<li>SCHNEIDER, S\u00e9rgio; SCHUBERT, Maycon Noremberg; ESCHER, F. Regimes agroalimentares e o lugar da agricultura familiar uma apresenta\u00e7\u00e3o ao debate. Revista Mundi, v. 1, p. 1-20, 2016. <a href=\"http:\/\/dx.doi.org\/10.21575\/25254790rmmaa2016vol1n1134\">http:\/\/dx.doi.org\/10.21575\/25254790rmmaa2016vol1n1134<\/a><\/li>\n<li>SCHUBERT, Maycon Noremberg; SCHNEIDER, S\u00e9rgio. Constru\u00e7\u00e3o social de mercados e as tend\u00eancias de consumo: o caso do Pavilh\u00e3o da Agricultura Familiar da EXPOINTER (RS). Revista Ci\u00eancias Sociais Unisinos, v. 52, p. 373-382, 2016. <a href=\"https:\/\/doi.org\/10.4013\/csu.2016.52.3.08\">https:\/\/doi.org\/10.4013\/csu.2016.52.3.08<\/a><\/li>\n<\/ul>\n","protected":false},"excerpt":{"rendered":"<p>Categor\u00eda: PROFESSOS ADJUNTO CLASSE C, N\u00cdVEL 1 Departamento: SOCIOLOG\u00cdA Direcci\u00f3n: Universidade Federal do Rio Grande do Sul. Av. Bento Gon\u00e7alves, 9.500. Departamento de Sociologia. Campus do Vale. Porto Alegre, Rio Grande do Sul, Brasil. CEP: 91501-970. Correo: maycon.schubert@gmail.com Tel\u00e9fono: +55 51 998772501 &nbsp; Maycon Noremberg Schubert es Ingeniero Agr\u00f3nomo y tiene un master en Desarrollo [&hellip;]<\/p>\n","protected":false},"author":3,"featured_media":3443,"parent":1397,"menu_order":5,"comment_status":"closed","ping_status":"closed","template":"","meta":{"_genesis_hide_title":false,"_genesis_hide_breadcrumbs":false,"_genesis_hide_singular_image":false,"_genesis_hide_footer_widgets":false,"_genesis_custom_body_class":"","_genesis_custom_post_class":"","_genesis_layout":"","footnotes":""},"class_list":{"0":"post-1618","1":"page","2":"type-page","3":"status-publish","4":"has-post-thumbnail","6":"entry","7":"gs-1","8":"gs-odd","9":"gs-even","10":"gs-featured-content-entry"},"_links":{"self":[{"href":"https:\/\/www.unioviedo.es\/socialimen\/wp-json\/wp\/v2\/pages\/1618","targetHints":{"allow":["GET"]}}],"collection":[{"href":"https:\/\/www.unioviedo.es\/socialimen\/wp-json\/wp\/v2\/pages"}],"about":[{"href":"https:\/\/www.unioviedo.es\/socialimen\/wp-json\/wp\/v2\/types\/page"}],"author":[{"embeddable":true,"href":"https:\/\/www.unioviedo.es\/socialimen\/wp-json\/wp\/v2\/users\/3"}],"replies":[{"embeddable":true,"href":"https:\/\/www.unioviedo.es\/socialimen\/wp-json\/wp\/v2\/comments?post=1618"}],"version-history":[{"count":11,"href":"https:\/\/www.unioviedo.es\/socialimen\/wp-json\/wp\/v2\/pages\/1618\/revisions"}],"predecessor-version":[{"id":3445,"href":"https:\/\/www.unioviedo.es\/socialimen\/wp-json\/wp\/v2\/pages\/1618\/revisions\/3445"}],"up":[{"embeddable":true,"href":"https:\/\/www.unioviedo.es\/socialimen\/wp-json\/wp\/v2\/pages\/1397"}],"wp:featuredmedia":[{"embeddable":true,"href":"https:\/\/www.unioviedo.es\/socialimen\/wp-json\/wp\/v2\/media\/3443"}],"wp:attachment":[{"href":"https:\/\/www.unioviedo.es\/socialimen\/wp-json\/wp\/v2\/media?parent=1618"}],"curies":[{"name":"wp","href":"https:\/\/api.w.org\/{rel}","templated":true}]}}

<p><strong><img loading="lazy" decoding="async" class="size-full wp-image-3443 alignleft" src="https://www.unioviedo.es/socialimen/wp-content/uploads/2021/10/Maycon.png" alt="" width="158" height="210" />Categoría:</strong> <span class="org">PROFESSOS ADJUNTO CLASSE C, NÍVEL 1</span><br />
<strong>Departamento:</strong> SOCIOLOGÍA<span class="org"><br />
<strong>Dirección: </strong>Universidade Federal do Rio Grande do Sul. Av. Bento Gonçalves, 9.500. Departamento de Sociologia. Campus do Vale. Porto Alegre, Rio Grande do Sul, Brasil. CEP: 91501-970.<br />
<strong>Correo</strong>: <a href="mailto:maycon.schubert@gmail.com">maycon.schubert@gmail.com</a><br />
<strong>Teléfono:</strong> +55 51 998772501</span></p>
<p>&nbsp;</p>
<p style="text-align: justify;">Maycon Noremberg Schubert es Ingeniero Agrónomo y tiene un master en Desarrollo Rural por la Universidade Federal do Rio Grande do Sul (2012). Doctor en Sociología por la Universidade Federal do Rio Grande do Sul en co-tutela con la Universidad de Oviedo (julio, 2017). Desarrolló su tesis en el campo de conocimiento de Sociología de la Alimentación, específicamente, sus estudios se centran en la comparación de las prácticas de la “alimentación fuera del hogar”, entre los países Brasil, España y Reino Unido.</p>
<p style="text-align: justify;">Colabora en el Grupo de Estudios e Investigaciones en Agricultura Familiar y Desarrollo Rural con el que ha participado en las comisiones organizadoras de los siguientes eventos: <em>III e IV</em> <em>Coloquio da Agricultura Familiar</em> (2011 y 2014), <em>II</em> <em>Seminário Internacional de Pesquisa Comparada de Desenvolvimento Rural no Brasil, China e União Européia</em> (2011), y el <em>I Workshop sobre as Estratégias Alimentares e de Abastecimento </em>(2013).</p>
<p style="text-align: justify;">Fuera del ámbito académico, ha trabajado en la Empresa de Investigación Agropecuaria y Extensión Rural en Santa Catarina (2007-2012),  y en la Secretaria de Desarrollo Rural, Pesca y Cooperativismo del Estado del Rio Grande do Sul (2011-2014).</p>
<p style="text-align: justify;">Ha Impartido docencia en la Universidade Aberta do Brasil en dos cursos: Planteamiento y Gestión para el Desarrollo Rural  (2010-2012) y Especialización en Sociología (2014).</p>
<p style="text-align: justify;">Sus principales campos de estudios son: Desarrollo Rural, Economía Rural, Sociología Económica, Sociología de la Alimentación, Mercados y Políticas Públicas.</p>
<h3 style="text-align: justify;"><strong>Líneas de Investigación</strong></h3>
<ul style="text-align: justify;">
<li><a href="http://www.unioviedo.es/socialimen/investigacion-2/lineas-de-investigacion/1-la-alimentacion-las-sociedades-modernas/"><span class="breadcrumb_last">La alimentación en las sociedades modernas</span></a>
<ul>
<li>Desarrollo Rural, Economía Rural, Sociología Económica, Sociología de la Alimentación, Mercados y Políticas Públicas.</li>
</ul>
</li>
</ul>
<h3 style="text-align: justify;"><strong>Proyectos</strong></h3>
<ul style="text-align: justify;">
<li><strong>Normatizar em nome de qual desenvolvimento? A construção dos mecanismos de regulação nos novos mercados alimentares</strong></li>
</ul>
<p style="padding-left: 60px;">Coordinador: Paulo André Nierdele</p>
<p style="padding-left: 60px;">Financiador: Conselho Nacional de Desenvolvimento Científico e Tecnológico (CNPq)</p>
<ul style="text-align: justify;">
<li><strong>BRICS Initiative for Critical Agrarian Studies</strong></li>
</ul>
<p style="padding-left: 60px;">Coordinador: Sergio Schneider</p>
<p style="padding-left: 60px;">Financiador: Fundação Ford</p>
<ul style="text-align: justify;">
<li><strong>Construção de Mercados e Políticas Alimentares no Brasil atores, práticas e processos</strong></li>
</ul>
<p style="padding-left: 60px;">Coordinador: Sergio Schneider</p>
<p style="padding-left: 60px;">Financiador: Conselho Nacional de Desenvolvimento Científico e Tecnológico (CNPq)</p>
<h3 style="text-align: justify;"><strong>Publicaciones</strong></h3>
<ul>
<li>SCHUBERT, Maycon Noremberg. O estruturalismo genético do eating out: Definições e significados das práticas alimentares em torno do comer fora do ambiente doméstico. Inter-legere (UFRN), v. 4, p. 1-24, 2021. <a href="https://doi.org/10.21680/1982-1662.2021v4n30ID20367">https://doi.org/10.21680/1982-1662.2021v4n30ID20367</a></li>
<li>NIEDERLE, PAULO; SCHUBERT, Maycon Noremberg. HOW does veganism contribute to shape sustainable food systems? Practices, meanings and identities of vegan restaurants in Porto Alegre, Brazil. JOURNAL OF RURAL STUDIES, v. 78, p. 304-313, 2020. <a href="https://doi.org/10.1016/j.jrurstud.2020.06.021">https://doi.org/10.1016/j.jrurstud.2020.06.021</a></li>
<li>SCHUBERT, Maycon Noremberg; AVALOS, D. E. Sistemas alimentarios globales y ley de etiquetado de alimentos en Chile. REDES (SANTA CRUZ DO SUL. ONLINE), v. 25, p. 128-145, 2020. <a href="http://dx.doi.org/10.17058/redes.v25i2.14850">http://dx.doi.org/10.17058/redes.v25i2.14850</a></li>
<li>NIEDERLE, Paulo André; SCHNEIDER, Thaís Cristina; SCHUBERT, Maycon Noremberg. Comida relacional: produção de sentidos e sociabilidades nas práticas alimentares da quinta da videira. Revista Theomai (En línea), v. 38, p. 138-149, 2018. http://revista-theomai.unq.edu.ar/NUMERO_38/9_Niederle-et-al_38.pdf</li>
<li>BARBOSA, Lívia; SCHUBERT, Maycon Noremberg; SCHNEIDER, Sérgio. Eating out in Brazil today. Revista Espanola de Sociologia, v. 27, n. 2, p. 281-299, 2018. <a href="https://doi.org/10.22325/fes/res.2018.43">https://doi.org/10.22325/fes/res.2018.43</a></li>
<li>SCHUBERT, Maycon Noremberg. The practice of eating. TEMPO SOCIAL (ONLINE), v. 29, p. 329-339, 2017. <a href="https://doi.org/10.11606/0103-2070.ts.2017.116091">https://doi.org/10.11606/0103-2070.ts.2017.116091</a></li>
<li>SCHUBERT, Maycon Noremberg; SCHNEIDER, Sérgio; Díaz Mendez, C. O &#8216;comer fora de casa&#8217; no Brasil, Reino Unido e na Espanha: uma revisão das bases de dados estatísticos oficiais e perspectivas para comparação. Revista Estudos Sociedade e Agricultura, v. 25, n. 2, p. 276-304, 2017. <a href="https://doi.org/10.36920/esa-v25n2-4">https://doi.org/10.36920/esa-v25n2-4</a></li>
<li>SCHNEIDER, Sérgio; SCHUBERT, Maycon Noremberg; ESCHER, F. Regimes agroalimentares e o lugar da agricultura familiar uma apresentação ao debate. Revista Mundi, v. 1, p. 1-20, 2016. <a href="http://dx.doi.org/10.21575/25254790rmmaa2016vol1n1134">http://dx.doi.org/10.21575/25254790rmmaa2016vol1n1134</a></li>
<li>SCHUBERT, Maycon Noremberg; SCHNEIDER, Sérgio. Construção social de mercados e as tendências de consumo: o caso do Pavilhão da Agricultura Familiar da EXPOINTER (RS). Revista Ciências Sociais Unisinos, v. 52, p. 373-382, 2016. <a href="https://doi.org/10.4013/csu.2016.52.3.08">https://doi.org/10.4013/csu.2016.52.3.08</a></li>
</ul>

<p>Categoría: PROFESSOS ADJUNTO CLASSE C, NÍVEL 1 Departamento: SOCIOLOGÍA Dirección: Universidade Federal do Rio Grande do Sul. Av. Bento Gonçalves, 9.500. Departamento de Sociologia. Campus do Vale. Porto Alegre, Rio Grande do Sul, Brasil. CEP: 91501-970. Correo: maycon.schubert@gmail.com Teléfono: +55 51 998772501 &nbsp; Maycon Noremberg Schubert es Ingeniero Agrónomo y tiene un master en Desarrollo [&hellip;]</p>
