{"id":1634,"date":"2016-02-24T10:29:40","date_gmt":"2016-02-24T09:29:40","guid":{"rendered":"http:\/\/www.unioviedo.es\/socialimen\/?page_id=1634"},"modified":"2021-10-22T14:05:00","modified_gmt":"2021-10-22T12:05:00","slug":"nuria-hernandez-nanclares","status":"publish","type":"page","link":"https:\/\/www.unioviedo.es\/socialimen\/equipo\/investigadores-uniovi\/nuria-hernandez-nanclares\/","title":{"rendered":"N\u00faria Hern\u00e1ndez Nanclares"},"content":{"rendered":"<p style=\"text-align: left;\"><img loading=\"lazy\" decoding=\"async\" class=\"size-medium wp-image-1635 alignleft\" src=\"http:\/\/www.unioviedo.es\/socialimen\/wp-content\/uploads\/2016\/02\/N\u00faria-Hernandez-Nanclares-250x300.jpg\" alt=\"N\u00faria Hernandez Nanclares\" width=\"250\" height=\"300\" srcset=\"https:\/\/www.unioviedo.es\/socialimen\/wp-content\/uploads\/2016\/02\/N\u00faria-Hernandez-Nanclares-250x300.jpg 250w, https:\/\/www.unioviedo.es\/socialimen\/wp-content\/uploads\/2016\/02\/N\u00faria-Hernandez-Nanclares-768x923.jpg 768w, https:\/\/www.unioviedo.es\/socialimen\/wp-content\/uploads\/2016\/02\/N\u00faria-Hernandez-Nanclares-852x1024.jpg 852w, https:\/\/www.unioviedo.es\/socialimen\/wp-content\/uploads\/2016\/02\/N\u00faria-Hernandez-Nanclares.jpg 999w\" sizes=\"auto, (max-width: 250px) 100vw, 250px\" \/><strong>Categor\u00eda:<\/strong> PROFESORA TITULAR<span class=\"org\"><br \/>\n<\/span>(Doctora en Econom\u00eda).<span class=\"org\"><br \/>\n<\/span><strong>Departamento:<\/strong> ECONOM\u00cdA<span class=\"org\"><br \/>\n<\/span><strong>\u00c1rea: <\/strong>Econom\u00eda<br \/>\n<strong>Direcci\u00f3n:\u00a0<\/strong>Universidad de Oviedo.\u00a0Departamento de Econom\u00eda Aplicada.\u00a0Facultad de Econom\u00eda y Empresa.\u00a0Edificio Departamental, 2\u00ba Planta.\u00a0Campus de El Cristo.<br \/>\n33006 Oviedo. Asturias (Espa\u00f1a).<br \/>\n<strong>Correo<\/strong>: <a class=\"email\" href=\"mailto:rgutier@uniovi.es\"><span class=\"gI\"><span class=\"go\">nhernan@uniovi.es<\/span><\/span><br \/>\n<\/a><strong>Tel\u00e9fono:\u00a0<\/strong>(+ 34) 985 104 990<\/p>\n<p style=\"text-align: left;\"><a href=\"https:\/\/www.researchgate.net\/profile\/Nuria_Hernandez_Nanclares\">Researchgate<\/a><\/p>\n<p>&nbsp;<\/p>\n<p>&nbsp;<\/p>\n<p><strong>N\u00faria Hern\u00e1ndez Nanclares<\/strong> es doctora en Econom\u00eda y Profesora Titular del Departamento de Econom\u00eda Aplicada de la Universidad de Oviedo. Lleva impartiendo clases en\u00a0 la Universidad desde 1992, principalmente en el campo de la econom\u00eda internacional, la econom\u00eda europea y las relaciones internacionales. Est\u00e1 especializada en innovaci\u00f3n docente en Econom\u00eda y en Educaci\u00f3n Superior, siendo sus principales \u00e1reas de trabajo los m\u00e9todos de evaluaci\u00f3n y la evaluaci\u00f3n alternativa, el uso de metodolog\u00edas activas en Educaci\u00f3n Superior y el estudio de las redes sociales y de aprendizaje. Actualmente, est\u00e1 involucrada en la docencia biling\u00fce con un enfoque CLIL\/AICLE (Aprendizaje Integrado de Contenidos y Lengua). Tambi\u00e9n se ha especializado en la formaci\u00f3n de profesores y participa activamente en el M\u00e1ster de formaci\u00f3n del profesorado de secundaria. En su docencia en este M\u00e1ster aplica de forma intensa el aprendizaje activo y colaborativo, dise\u00f1ando para los futuros profesores experiencias de aprendizaje innovadoras que les permitan experimentar, a trav\u00e9s de su propio aprendizaje, otras formas de ense\u00f1anza.\u00a0 En estos campos centra actualmente su investigaci\u00f3n y sus principales publicaciones cient\u00edficas en revistas como \u201cInteractive Learning Environments\u201d, \u201cInternational Journal of Bilingual Education and Bilingualism\u201d or \u201cJournal of Interactive Media in Education\u201d.<\/p>\n<p>Ha participado en varios proyectos de investigaci\u00f3n en el campo educativo, principalmente dirigidos a estudiar la red social dentro de la clase y el papel que la amistad y la tecnolog\u00eda juegan en la difusi\u00f3n del conocimiento. Tambi\u00e9n tiene experiencia en el uso de la tecnolog\u00eda aplicada a la docencia, tanto en plataformas de ense\u00f1anza virtual como en aplicaciones web para la ense\u00f1anza y el aprendizaje. Como evaluadora, ha participado en procesos de evaluaci\u00f3n de la calidad en la Facultad de Econom\u00eda y Empresa y en la Escuela de Inform\u00e1tica de Oviedo. As\u00ed mismo, ha sido miembro de la Comisi\u00f3n de Asesores para el Desarrollo del Espacio Europeo de Educaci\u00f3n Superior en ambas facultades, ayudando a los profesores a dise\u00f1ar gu\u00edas docentes adaptadas a los nuevos requerimientos. Actualmente, colabora como evaluadora con la Agencia de Evaluaci\u00f3n del Sistema Universitario de Castilla y Le\u00f3n (ACSUCyL).<\/p>\n<p>L\u00edneas de Investigaci\u00f3n<\/p>\n<ul>\n<li><a href=\"http:\/\/www.unioviedo.es\/socialimen\/investigacion-2\/lineas-de-investigacion\/1-la-alimentacion-las-sociedades-modernas\/\"><span class=\"breadcrumb_last\">La alimentaci\u00f3n en las sociedades modernas<\/span><\/a><\/li>\n<li><a href=\"http:\/\/www.unioviedo.es\/socialimen\/investigacion-2\/lineas-de-investigacion\/2-alimentacion-estructura-social\/\">Alimentaci\u00f3n y estructura social<\/a><\/li>\n<\/ul>\n<h3><strong>Participaci\u00f3n en Proyectos<\/strong><\/h3>\n<ul>\n<li><strong>FLIPPED CLASSROOM EN ECONOM\u00cdA MUNDIAL: APLICACI\u00d3N EN UN ENTORNO BILING\u00dcE<\/strong><\/li>\n<\/ul>\n<p style=\"padding-left: 60px;\">(PINN 14-037); \u00a0Coordinadora Proyecto de Innovaci\u00f3n Docente de la Universidad de Oviedo.<\/p>\n<ul>\n<li><strong>HERRAMIENTAS DE MEDICI\u00d3N DEL IMPACTO DE LA INMERSI\u00d3N LING\u00dc\u00cdSTICA EN LA COMPETENCIA DE LOS ALUMNOS DE PRIMERO DEL GRADO EN ECONOM\u00cdA<\/strong><\/li>\n<\/ul>\n<p style=\"padding-left: 60px;\">(PINN-13-023); miembro del equipo Proyecto de Innovaci\u00f3n Docente coordinado por D. ANTONIO JOS\u00c9 JIM\u00c9NEZ MU\u00d1OZ.<\/p>\n<h3><strong>Publicaciones<\/strong><\/h3>\n<ul>\n<li>Hern\u00e1ndez Nanclares, N., Garcia Mu\u00f1iz, S., Rienties, B. (2017). Making the most of \u201cexternal\u201d group members in blended and online environments. Interactive Learning Environments, 25 (4) <a href=\"http:\/\/dx.doi.org\/10.1080\/10494820.2016.1140656%20\">http:\/\/dx.doi.org\/10.1080\/10494820.2016.1140656<\/a><\/li>\n<li>Hernandez-Nanclares, N., &amp; Jimenez-Munoz, A. (2016). ICT in EMI programmes at tertiary level in Spain: a holistic model. In A. Pareja-Lora, C. Calle-Mart\u00ednez, &amp; P. Rodr\u00edguez-Aranc\u00f3n (Eds), New perspectives on teaching and working with languages in the digital era (pp. 259-268). Dublin: Research-publishing.net. <a href=\"http:\/\/dx.doi.org\/10.14705\/rpnet.2016.tislid2014.439\">http:\/\/dx.doi.org\/10.14705\/rpnet.2016.tislid2014.439<\/a><\/li>\n<li>Hern\u00e1ndez Nanclares, N.; Jimenez Mu\u00f1oz, A. (2017). English as a Medium of Instruction: Evidence for Language and Content Targets in Bilingual Education in Economics. International Journal of Bilingual Education and Bilingualism. Volume 20, (7) <a href=\"http:\/\/dx.doi.org\/10.1080\/13670050.2015.1125847\">http:\/\/dx.doi.org\/10.1080\/13670050.2015.1125847<\/a>.<\/li>\n<li>Hern\u00e1ndez Nanclares, N.; Perez Rodriguez, M. (2015). Students\u2019 Satisfaction with a Blended Instructional Design: The Potential of \u201cFlipped Classroom\u201d in Higher Education. Journal of Interactive Media in Education, 2016(1): 4, 1\u201312 <a href=\"http:\/\/dx.doi.org\/10.5334\/jime.397\">http:\/\/dx.doi.org\/10.5334\/jime.397<\/a><\/li>\n<\/ul>\n","protected":false},"excerpt":{"rendered":"<p>Categor\u00eda: PROFESORA TITULAR (Doctora en Econom\u00eda). Departamento: ECONOM\u00cdA \u00c1rea: Econom\u00eda Direcci\u00f3n:\u00a0Universidad de Oviedo.\u00a0Departamento de Econom\u00eda Aplicada.\u00a0Facultad de Econom\u00eda y Empresa.\u00a0Edificio Departamental, 2\u00ba Planta.\u00a0Campus de El Cristo. 33006 Oviedo. Asturias (Espa\u00f1a). Correo: nhernan@uniovi.es Tel\u00e9fono:\u00a0(+ 34) 985 104 990 Researchgate &nbsp; &nbsp; N\u00faria Hern\u00e1ndez Nanclares es doctora en Econom\u00eda y Profesora Titular del Departamento de Econom\u00eda Aplicada [&hellip;]<\/p>\n","protected":false},"author":3,"featured_media":1635,"parent":88,"menu_order":4,"comment_status":"closed","ping_status":"closed","template":"","meta":{"_genesis_hide_title":false,"_genesis_hide_breadcrumbs":false,"_genesis_hide_singular_image":false,"_genesis_hide_footer_widgets":false,"_genesis_custom_body_class":"","_genesis_custom_post_class":"","_genesis_layout":"","footnotes":""},"class_list":{"0":"post-1634","1":"page","2":"type-page","3":"status-publish","4":"has-post-thumbnail","6":"entry","7":"gs-1","8":"gs-odd","9":"gs-even","10":"gs-featured-content-entry"},"_links":{"self":[{"href":"https:\/\/www.unioviedo.es\/socialimen\/wp-json\/wp\/v2\/pages\/1634","targetHints":{"allow":["GET"]}}],"collection":[{"href":"https:\/\/www.unioviedo.es\/socialimen\/wp-json\/wp\/v2\/pages"}],"about":[{"href":"https:\/\/www.unioviedo.es\/socialimen\/wp-json\/wp\/v2\/types\/page"}],"author":[{"embeddable":true,"href":"https:\/\/www.unioviedo.es\/socialimen\/wp-json\/wp\/v2\/users\/3"}],"replies":[{"embeddable":true,"href":"https:\/\/www.unioviedo.es\/socialimen\/wp-json\/wp\/v2\/comments?post=1634"}],"version-history":[{"count":11,"href":"https:\/\/www.unioviedo.es\/socialimen\/wp-json\/wp\/v2\/pages\/1634\/revisions"}],"predecessor-version":[{"id":3402,"href":"https:\/\/www.unioviedo.es\/socialimen\/wp-json\/wp\/v2\/pages\/1634\/revisions\/3402"}],"up":[{"embeddable":true,"href":"https:\/\/www.unioviedo.es\/socialimen\/wp-json\/wp\/v2\/pages\/88"}],"wp:featuredmedia":[{"embeddable":true,"href":"https:\/\/www.unioviedo.es\/socialimen\/wp-json\/wp\/v2\/media\/1635"}],"wp:attachment":[{"href":"https:\/\/www.unioviedo.es\/socialimen\/wp-json\/wp\/v2\/media?parent=1634"}],"curies":[{"name":"wp","href":"https:\/\/api.w.org\/{rel}","templated":true}]}}

Núria Hernández Nanclares

<p style="text-align: left;"><img loading="lazy" decoding="async" class="size-medium wp-image-1635 alignleft" src="http://www.unioviedo.es/socialimen/wp-content/uploads/2016/02/Núria-Hernandez-Nanclares-250x300.jpg" alt="Núria Hernandez Nanclares" width="250" height="300" srcset="https://www.unioviedo.es/socialimen/wp-content/uploads/2016/02/Núria-Hernandez-Nanclares-250x300.jpg 250w, https://www.unioviedo.es/socialimen/wp-content/uploads/2016/02/Núria-Hernandez-Nanclares-768x923.jpg 768w, https://www.unioviedo.es/socialimen/wp-content/uploads/2016/02/Núria-Hernandez-Nanclares-852x1024.jpg 852w, https://www.unioviedo.es/socialimen/wp-content/uploads/2016/02/Núria-Hernandez-Nanclares.jpg 999w" sizes="auto, (max-width: 250px) 100vw, 250px" /><strong>Categoría:</strong> PROFESORA TITULAR<span class="org"><br />
</span>(Doctora en Economía).<span class="org"><br />
</span><strong>Departamento:</strong> ECONOMÍA<span class="org"><br />
</span><strong>Área: </strong>Economía<br />
<strong>Dirección: </strong>Universidad de Oviedo. Departamento de Economía Aplicada. Facultad de Economía y Empresa. Edificio Departamental, 2º Planta. Campus de El Cristo.<br />
33006 Oviedo. Asturias (España).<br />
<strong>Correo</strong>: <a class="email" href="mailto:rgutier@uniovi.es"><span class="gI"><span class="go">nhernan@uniovi.es</span></span><br />
</a><strong>Teléfono: </strong>(+ 34) 985 104 990</p>
<p style="text-align: left;"><a href="https://www.researchgate.net/profile/Nuria_Hernandez_Nanclares">Researchgate</a></p>
<p>&nbsp;</p>
<p>&nbsp;</p>
<p><strong>Núria Hernández Nanclares</strong> es doctora en Economía y Profesora Titular del Departamento de Economía Aplicada de la Universidad de Oviedo. Lleva impartiendo clases en  la Universidad desde 1992, principalmente en el campo de la economía internacional, la economía europea y las relaciones internacionales. Está especializada en innovación docente en Economía y en Educación Superior, siendo sus principales áreas de trabajo los métodos de evaluación y la evaluación alternativa, el uso de metodologías activas en Educación Superior y el estudio de las redes sociales y de aprendizaje. Actualmente, está involucrada en la docencia bilingüe con un enfoque CLIL/AICLE (Aprendizaje Integrado de Contenidos y Lengua). También se ha especializado en la formación de profesores y participa activamente en el Máster de formación del profesorado de secundaria. En su docencia en este Máster aplica de forma intensa el aprendizaje activo y colaborativo, diseñando para los futuros profesores experiencias de aprendizaje innovadoras que les permitan experimentar, a través de su propio aprendizaje, otras formas de enseñanza.  En estos campos centra actualmente su investigación y sus principales publicaciones científicas en revistas como “Interactive Learning Environments”, “International Journal of Bilingual Education and Bilingualism” or “Journal of Interactive Media in Education”.</p>
<p>Ha participado en varios proyectos de investigación en el campo educativo, principalmente dirigidos a estudiar la red social dentro de la clase y el papel que la amistad y la tecnología juegan en la difusión del conocimiento. También tiene experiencia en el uso de la tecnología aplicada a la docencia, tanto en plataformas de enseñanza virtual como en aplicaciones web para la enseñanza y el aprendizaje. Como evaluadora, ha participado en procesos de evaluación de la calidad en la Facultad de Economía y Empresa y en la Escuela de Informática de Oviedo. Así mismo, ha sido miembro de la Comisión de Asesores para el Desarrollo del Espacio Europeo de Educación Superior en ambas facultades, ayudando a los profesores a diseñar guías docentes adaptadas a los nuevos requerimientos. Actualmente, colabora como evaluadora con la Agencia de Evaluación del Sistema Universitario de Castilla y León (ACSUCyL).</p>
<p>Líneas de Investigación</p>
<ul>
<li><a href="http://www.unioviedo.es/socialimen/investigacion-2/lineas-de-investigacion/1-la-alimentacion-las-sociedades-modernas/"><span class="breadcrumb_last">La alimentación en las sociedades modernas</span></a></li>
<li><a href="http://www.unioviedo.es/socialimen/investigacion-2/lineas-de-investigacion/2-alimentacion-estructura-social/">Alimentación y estructura social</a></li>
</ul>
<h3><strong>Participación en Proyectos</strong></h3>
<ul>
<li><strong>FLIPPED CLASSROOM EN ECONOMÍA MUNDIAL: APLICACIÓN EN UN ENTORNO BILINGÜE</strong></li>
</ul>
<p style="padding-left: 60px;">(PINN 14-037);  Coordinadora Proyecto de Innovación Docente de la Universidad de Oviedo.</p>
<ul>
<li><strong>HERRAMIENTAS DE MEDICIÓN DEL IMPACTO DE LA INMERSIÓN LINGÜÍSTICA EN LA COMPETENCIA DE LOS ALUMNOS DE PRIMERO DEL GRADO EN ECONOMÍA</strong></li>
</ul>
<p style="padding-left: 60px;">(PINN-13-023); miembro del equipo Proyecto de Innovación Docente coordinado por D. ANTONIO JOSÉ JIMÉNEZ MUÑOZ.</p>
<h3><strong>Publicaciones</strong></h3>
<ul>
<li>Hernández Nanclares, N., Garcia Muñiz, S., Rienties, B. (2017). Making the most of “external” group members in blended and online environments. Interactive Learning Environments, 25 (4) <a href="http://dx.doi.org/10.1080/10494820.2016.1140656%20">http://dx.doi.org/10.1080/10494820.2016.1140656</a></li>
<li>Hernandez-Nanclares, N., &amp; Jimenez-Munoz, A. (2016). ICT in EMI programmes at tertiary level in Spain: a holistic model. In A. Pareja-Lora, C. Calle-Martínez, &amp; P. Rodríguez-Arancón (Eds), New perspectives on teaching and working with languages in the digital era (pp. 259-268). Dublin: Research-publishing.net. <a href="http://dx.doi.org/10.14705/rpnet.2016.tislid2014.439">http://dx.doi.org/10.14705/rpnet.2016.tislid2014.439</a></li>
<li>Hernández Nanclares, N.; Jimenez Muñoz, A. (2017). English as a Medium of Instruction: Evidence for Language and Content Targets in Bilingual Education in Economics. International Journal of Bilingual Education and Bilingualism. Volume 20, (7) <a href="http://dx.doi.org/10.1080/13670050.2015.1125847">http://dx.doi.org/10.1080/13670050.2015.1125847</a>.</li>
<li>Hernández Nanclares, N.; Perez Rodriguez, M. (2015). Students’ Satisfaction with a Blended Instructional Design: The Potential of “Flipped Classroom” in Higher Education. Journal of Interactive Media in Education, 2016(1): 4, 1–12 <a href="http://dx.doi.org/10.5334/jime.397">http://dx.doi.org/10.5334/jime.397</a></li>
</ul>

<p>Categoría: PROFESORA TITULAR (Doctora en Economía). Departamento: ECONOMÍA Área: Economía Dirección: Universidad de Oviedo. Departamento de Economía Aplicada. Facultad de Economía y Empresa. Edificio Departamental, 2º Planta. Campus de El Cristo. 33006 Oviedo. Asturias (España). Correo: nhernan@uniovi.es Teléfono: (+ 34) 985 104 990 Researchgate &nbsp; &nbsp; Núria Hernández Nanclares es doctora en Economía y Profesora Titular del Departamento de Economía Aplicada [&hellip;]</p>
