{"id":2028,"date":"2016-10-27T12:18:27","date_gmt":"2016-10-27T10:18:27","guid":{"rendered":"http:\/\/www.unioviedo.es\/socialimen\/?page_id=2028"},"modified":"2016-10-27T12:23:23","modified_gmt":"2016-10-27T10:23:23","slug":"grados","status":"publish","type":"page","link":"https:\/\/www.unioviedo.es\/socialimen\/docencia\/grados\/","title":{"rendered":"Grados"},"content":{"rendered":"<p>La docencia en Grados impartida por miembros del Grupo de Investigaci\u00f3n en Sociolog\u00eda de la Alimentaci\u00f3n est\u00e1 integrada dentro de la docencia impartida por el Departamento de Sociolog\u00eda de la Universidad de Oviedo en los siguientes <a href=\"https:\/\/sociologia.uniovi.es\/docencia\/grados\">Grados<\/a>.<\/p>\n","protected":false},"excerpt":{"rendered":"<p>La docencia en Grados impartida por miembros del Grupo de Investigaci\u00f3n en Sociolog\u00eda de la Alimentaci\u00f3n est\u00e1 integrada dentro de la docencia impartida por el Departamento de Sociolog\u00eda de la Universidad de Oviedo en los siguientes Grados.<\/p>\n","protected":false},"author":3,"featured_media":0,"parent":2030,"menu_order":0,"comment_status":"closed","ping_status":"closed","template":"","meta":{"_genesis_hide_title":false,"_genesis_hide_breadcrumbs":false,"_genesis_hide_singular_image":false,"_genesis_hide_footer_widgets":false,"_genesis_custom_body_class":"","_genesis_custom_post_class":"","_genesis_layout":"","footnotes":""},"class_list":{"0":"post-2028","1":"page","2":"type-page","3":"status-publish","5":"entry","6":"gs-1","7":"gs-odd","8":"gs-even","9":"gs-featured-content-entry"},"_links":{"self":[{"href":"https:\/\/www.unioviedo.es\/socialimen\/wp-json\/wp\/v2\/pages\/2028","targetHints":{"allow":["GET"]}}],"collection":[{"href":"https:\/\/www.unioviedo.es\/socialimen\/wp-json\/wp\/v2\/pages"}],"about":[{"href":"https:\/\/www.unioviedo.es\/socialimen\/wp-json\/wp\/v2\/types\/page"}],"author":[{"embeddable":true,"href":"https:\/\/www.unioviedo.es\/socialimen\/wp-json\/wp\/v2\/users\/3"}],"replies":[{"embeddable":true,"href":"https:\/\/www.unioviedo.es\/socialimen\/wp-json\/wp\/v2\/comments?post=2028"}],"version-history":[{"count":1,"href":"https:\/\/www.unioviedo.es\/socialimen\/wp-json\/wp\/v2\/pages\/2028\/revisions"}],"predecessor-version":[{"id":2029,"href":"https:\/\/www.unioviedo.es\/socialimen\/wp-json\/wp\/v2\/pages\/2028\/revisions\/2029"}],"up":[{"embeddable":true,"href":"https:\/\/www.unioviedo.es\/socialimen\/wp-json\/wp\/v2\/pages\/2030"}],"wp:attachment":[{"href":"https:\/\/www.unioviedo.es\/socialimen\/wp-json\/wp\/v2\/media?parent=2028"}],"curies":[{"name":"wp","href":"https:\/\/api.w.org\/{rel}","templated":true}]}}