{"id":2241,"date":"2018-03-15T11:50:15","date_gmt":"2018-03-15T10:50:15","guid":{"rendered":"http:\/\/www.unioviedo.es\/socialimen\/?page_id=2241"},"modified":"2018-06-01T20:23:50","modified_gmt":"2018-06-01T18:23:50","slug":"programa","status":"publish","type":"page","link":"https:\/\/www.unioviedo.es\/socialimen\/iii-congreso-espanol-sociologia-la-alimentacion-retos-cientificos-los-estudios-sociales-la-alimentacion-conflictos-torno-la-dieta-saludable\/programa\/","title":{"rendered":"Programa"},"content":{"rendered":"<p><img loading=\"lazy\" decoding=\"async\" class=\"aligncenter wp-image-2247 size-large\" src=\"http:\/\/www.unioviedo.es\/socialimen\/wp-content\/uploads\/2018\/03\/III-Congreso-FES-SOCIALIMEN_v1-1024x539.jpg\" alt=\"III Congreso FES-SOCIALIMEN_v1\" width=\"1024\" height=\"539\" srcset=\"https:\/\/www.unioviedo.es\/socialimen\/wp-content\/uploads\/2018\/03\/III-Congreso-FES-SOCIALIMEN_v1-1024x539.jpg 1024w, https:\/\/www.unioviedo.es\/socialimen\/wp-content\/uploads\/2018\/03\/III-Congreso-FES-SOCIALIMEN_v1-300x158.jpg 300w, https:\/\/www.unioviedo.es\/socialimen\/wp-content\/uploads\/2018\/03\/III-Congreso-FES-SOCIALIMEN_v1-768x404.jpg 768w, https:\/\/www.unioviedo.es\/socialimen\/wp-content\/uploads\/2018\/03\/III-Congreso-FES-SOCIALIMEN_v1.jpg 1949w\" sizes=\"auto, (max-width: 1024px) 100vw, 1024px\" \/><\/p>\n<p>Se puede descargar el programa completo (provisional) a continuaci\u00f3n: <strong><a href=\"http:\/\/www.unioviedo.es\/socialimen\/wp-content\/uploads\/2018\/06\/programa-fes-socialimen-2018.pdf\">programa<\/a><\/strong><\/p>\n<p><strong>JUEVES, 27 DE SEPTIEMBRE<\/strong><\/p>\n<p><strong><em>9:00h-9:30h.<u> Acto de apertura<\/u><\/em><\/strong><\/p>\n<p><strong>Santiago Garc\u00eda Granda<\/strong> (Rector de la Universidad de Oviedo)<\/p>\n<p><strong>Representante<\/strong> (Federaci\u00f3n Espa\u00f1ola de Sociolog\u00eda)<\/p>\n<p><strong>Guadalupe Ramos<\/strong> Truchero (Presidenta del Comit\u00e9 Investigador de Sociolog\u00eda de la Alimentaci\u00f3n en la Federaci\u00f3n Espa\u00f1ola de Sociolog\u00eda, UVA)<\/p>\n<p><strong>Cecilia D\u00edaz-M\u00e9ndez<\/strong> (directora del Grupo de Investigaci\u00f3n en Sociolog\u00eda de la Alimentaci\u00f3n UNIOVI)<\/p>\n<p><strong>Levi P\u00e9rez Carcedo<\/strong> (Decano de la Facultad \u201cJovellanos\u201d)<\/p>\n<p><strong><em>9:30h-10:45h. <u>Conferencia inaugural: \u201cEl Malestar en la Alimentaci\u00f3n Contempor\u00e1nea: de la Protesta a la Ciudadan\u00eda Alimentaria\u201d<\/u><\/em><\/strong><\/p>\n<p><strong>Crist\u00f3bal G\u00f3mez Benito <\/strong>(Soci\u00f3logo. Universidad Nacional de Educaci\u00f3n a Distancia)<\/p>\n<p><strong><em>Modera y presenta:<\/em><\/strong><\/p>\n<p><em>Cecilia D\u00edaz-M\u00e9ndez (Soci\u00f3loga. Universidad de Oviedo)<\/em><\/p>\n<p><strong><em>10:45h-11:00h. <u>Pausa-caf\u00e9<\/u><\/em><\/strong><\/p>\n<p><strong><em>11:00h-13:00h.<\/em><\/strong><strong> <em><u>Grupos de trabajo<\/u><\/em><\/strong><\/p>\n<p><strong>GT 1: <\/strong><em>Consumo alimentario, pobreza y salud<\/em><\/p>\n<p><strong>GT 2: <\/strong><em>Sistema agroalimentario, ruralidad, agricultura urbana y nuevas formas de producci\u00f3n y comercializaci\u00f3n<\/em><\/p>\n<p><strong>GT 3: <\/strong><em>H\u00e1bitos alimentarios, percepciones y significados de la alimentaci\u00f3n y la salud <\/em><\/p>\n<p><strong>GT 4: <\/strong><em>(In)seguridad alimentaria: pol\u00edticas alimentarias y pol\u00edticas de salud<\/em><\/p>\n<p><strong>GT 5: <\/strong><em>Estilos de vida saludables y modernidad: alimentaci\u00f3n, deporte y salud <\/em><\/p>\n<p><strong>GT 6: <\/strong><em>Obesidad, salud y dieta: aspectos sociol\u00f3gicos y sociosanitarios<\/em><\/p>\n<p><strong><em>13:00h-14:00h. <u>Plenaria I: \u201cDesigualdades Sociales y Consumo Alimentario<\/u><\/em><\/strong><strong><em><u>\u201d<\/u><\/em><\/strong><\/p>\n<p><strong><em>Participan:<\/em><\/strong><\/p>\n<ul>\n<li><strong>Rosa Urbanos Garrido<\/strong> (Economista. Universidad Complutense de Madrid)<\/li>\n<\/ul>\n<p><em>\u201cEfectos del estatus socioecon\u00f3mico sobre la obesidad: un an\u00e1lisis de la poblaci\u00f3n adulta espa\u00f1ola\u201d<\/em><\/p>\n<ul>\n<li><strong>Mabel Gracia Arnaiz<\/strong> (Antrop\u00f3loga. Universidad Rovira i Virgili)<\/li>\n<\/ul>\n<p><em>\u201cItinerarios alimentarios en contextos de creciente precarizaci\u00f3n\u201d<\/em><\/p>\n<p><strong><em>Modera y presenta: <\/em><\/strong><\/p>\n<p><em>Mario Margolles (Epidemi\u00f3logo. Consejer\u00eda de Salud del Principado de Asturias)<\/em><\/p>\n<p><strong><em>14:00h-16:30h <u>Comida<\/u><\/em><\/strong><\/p>\n<p><strong><em>16:30h-18:30h. <u>Grupos de trabajo<\/u><\/em><\/strong><\/p>\n<p><strong>GT 1: <\/strong><em>Consumo alimentario, pobreza y salud<\/em><\/p>\n<p><strong>GT 2: <\/strong><em>Sistema agroalimentario, ruralidad, agricultura urbana y nuevas formas de producci\u00f3n y comercializaci\u00f3n<\/em><\/p>\n<p><strong>GT 3: <\/strong><em>H\u00e1bitos alimentarios, percepciones y significados de la alimentaci\u00f3n y la salud <\/em><\/p>\n<p><strong>GT 4: <\/strong><em>(In)seguridad alimentaria: pol\u00edticas alimentarias y pol\u00edticas de salud<\/em><\/p>\n<p><strong>GT 5: <\/strong><em>Estilos de vida saludables y modernidad: alimentaci\u00f3n, deporte y salud <\/em><\/p>\n<p><strong>GT 6: <\/strong><em>Obesidad, salud y dieta: aspectos sociol\u00f3gicos y sociosanitarios<\/em><\/p>\n<p><strong><em>18:30h-19:00h. Descanso<\/em><\/strong><\/p>\n<p><strong><em>19:00h- 20:00h. <u>Plenaria 2: \u201cSalud y Riesgos Medioambientales en el \u00c1mbito de la Alimentaci\u00f3n\u201d<\/u><\/em><\/strong><\/p>\n<p><strong>Participan:<\/strong><\/p>\n<ul>\n<li><strong>Javier Aranceta Bartrina <\/strong>(M\u00e9dico nutricionista. Sociedad Espa\u00f1ola de Nutrici\u00f3n Comunitaria)<\/li>\n<\/ul>\n<p><em>\u201cAlimentaci\u00f3n, salud y sostenibilidad: gu\u00edas para una alimentaci\u00f3n responsable\u201d<\/em><\/p>\n<ul>\n<li><strong>Adonina Tard\u00f3n <\/strong>(Epidemi\u00f3loga. Universidad de Oviedo)<\/li>\n<\/ul>\n<p><em>\u201cCompuestos org\u00e1nicos persistentes y salud. El caso concreto de la industria alimentaria\u201d<\/em><\/p>\n<p><strong>\u00a0<em>Modera:<\/em><\/strong><\/p>\n<p><em>Venancio Mart\u00ednez <\/em>(Pediatra. Servicio de Salud del Principado de Asturias)<\/p>\n<p><em>\u00a0<\/em><strong><br \/>\n<\/strong><\/p>\n<p><strong>VIERNES, 28 DE SEPTIEMBRE<\/strong><\/p>\n<p><strong><em>\u00a09:00h-10:00h. <u>Plenaria 3: \u201cNuevos y viejos valores en el consumo alimentario\u201d<\/u><\/em><\/strong><\/p>\n<p><strong>Participan:<\/strong><\/p>\n<ul>\n<li>Jos\u00e9 Ram\u00f3n Maule\u00f3n (Soci\u00f3logo. Universidad del Pa\u00eds Vasco)<\/li>\n<\/ul>\n<p><em>\u201c\u00bbRazones de consumo de los alimentos ecol\u00f3gicos\u00bb<\/em><\/p>\n<ul>\n<li><em>\u00a0<\/em>Isabel Garc\u00eda Espejo (Soci\u00f3loga. Universidad de Oviedo)<\/li>\n<\/ul>\n<p><em>\u201c<\/em><em>Relaciones sociales y alimentaci\u00f3n. El caso de Espa\u00f1a\u201d<\/em><\/p>\n<p><strong><em>Modera:<\/em><\/strong><\/p>\n<p><em>Laura Cabiedes (Universidad de Oviedo)<\/em><\/p>\n<p><strong><em>10:00h-10:15h. <u>Pausa-caf\u00e9 <\/u><\/em><\/strong><\/p>\n<p><strong><em>10:15h-12:15h. <u>Grupos de trabajo<\/u><\/em><\/strong><\/p>\n<p><strong>GT 1: <\/strong><em>Consumo alimentario, pobreza y salud<\/em><\/p>\n<p><strong>GT 2: <\/strong><em>Sistema agroalimentario, ruralidad, agricultura urbana y nuevas formas de producci\u00f3n y comercializaci\u00f3n<\/em><\/p>\n<p><strong>GT 3: <\/strong><em>H\u00e1bitos alimentarios, percepciones y significados de la alimentaci\u00f3n y la salud <\/em><\/p>\n<p><strong>GT 4: <\/strong><em>(In)seguridad alimentaria: pol\u00edticas alimentarias y pol\u00edticas de salud<\/em><\/p>\n<p><strong>GT 5: <\/strong><em>Estilos de vida saludables y modernidad: alimentaci\u00f3n, deporte y salud <\/em><\/p>\n<p><strong>GT 6: <\/strong><em>Obesidad, salud y dieta: aspectos sociol\u00f3gicos y sociosanitarios<\/em><\/p>\n<p><strong><em>12:15h-13:15h. <u>Plenaria 4: \u201cConsumo pol\u00edtico alimentario y gobernanza global\u201d <\/u><\/em><\/strong><\/p>\n<p><strong>Participan: <\/strong><\/p>\n<ul>\n<li>Cecilia D\u00edaz-M\u00e9ndez (Soci\u00f3loga. Universidad de Oviedo)<\/li>\n<\/ul>\n<p><em>\u201cConflictos entre los agentes del sistema agroalimentario: en busca de una dieta saludable para todos\u201d<\/em><\/p>\n<ul>\n<li>Mar\u00eda Amparo Novo V\u00e1zquez (Polit\u00f3loga. Universidad de Oviedo)<\/li>\n<\/ul>\n<p><em>\u201cConsumo pol\u00edtico alimentario: Ciudadan\u00eda, Activistas e Instituciones\u201d<\/em><\/p>\n<p><strong><em>Modera: <\/em><\/strong><\/p>\n<p><em>Javier Callejo (Soci\u00f3logo. Universidad Nacional de Educaci\u00f3n a Distancia) <\/em><\/p>\n<p><strong><em>13:15h-15:15h. <u>Comida<\/u><\/em><\/strong><\/p>\n<p><strong><em>15:15h- 16:15h. <u>Encuentro con expertos y sus grupos de investigaci\u00f3n<\/u><\/em><\/strong><\/p>\n<p><strong>Center for Food Policy<\/strong>, City University of London. UK. Kelly Parsons<\/p>\n<p><strong>CEDAR<\/strong> (<a href=\"http:\/\/www.cedar.iph.cam.ac.uk\/\">Centre for Diet and Activity Research<\/a>), University of Cambridge.UK. Jean Adams<\/p>\n<p><strong>SOCIALIMEN <\/strong>(Grupo de investigaci\u00f3n en Sociolog\u00eda de la Alimentaci\u00f3n), Universidad de Oviedo. Spain. Sandra S\u00e1nchez S\u00e1nchez<\/p>\n<p><strong>ODELA<\/strong> (L\u2019Observatori de l\u2019Alimentaci\u00f3) Universidad de Barcelona, Spain. Jes\u00fas Contreras<\/p>\n<p><strong>SOLAL (<\/strong>Sociologie de l\u00b4alimentation, INRA-Centre Maurice Halbwachs<strong>). <\/strong>Anne Lhuissier<\/p>\n<p><strong>IFRO<\/strong> (Department of Food and Resource Economics). University of Copenhagen. Lotte Holm<\/p>\n<p><strong><em>Modera: <\/em><\/strong><\/p>\n<p><em>Hans Van den Broek (Soci\u00f3logo. Universidad de Oviedo) <\/em><\/p>\n<p><strong><em>16:15h-16:30h.<\/em><\/strong><em> <strong><u>Descanso<\/u><\/strong><\/em><\/p>\n<p><strong><em>16:30h-17:45h. <u>Grupos de trabajo <\/u><\/em><\/strong><\/p>\n<p><strong>GT 1: <\/strong><em>Consumo alimentario, pobreza y salud<\/em><\/p>\n<p><strong>GT 2: <\/strong><em>Sistema agroalimentario, ruralidad, agricultura urbana y nuevas formas de producci\u00f3n y comercializaci\u00f3n<\/em><\/p>\n<p><strong>GT 3: <\/strong><em>H\u00e1bitos alimentarios, percepciones y significados de la alimentaci\u00f3n y la salud <\/em><\/p>\n<p><strong>GT 4: <\/strong><em>(In)seguridad alimentaria: pol\u00edticas alimentarias y pol\u00edticas de salud<\/em><\/p>\n<p><strong>GT 5: <\/strong><em>Estilos de vida saludables y modernidad: alimentaci\u00f3n, deporte y salud <\/em><\/p>\n<p><strong>GT 6: <\/strong><em>Obesidad, salud y dieta: aspectos sociol\u00f3gicos y sociosanitarios<\/em><\/p>\n<p><strong><em>17:45- 18:00h. <u>Descanso<\/u><\/em><\/strong><\/p>\n<p><strong><em>18:00h-19:30h. <u>Conferencia de clausura: \u201c<\/u><\/em><\/strong><strong><em><u>\u00a0Changing tastes: the effects of eating out<\/u><\/em><\/strong><strong><em><u>\u201d<\/u><\/em><\/strong><\/p>\n<p><strong>Alan Warde <\/strong>(Soci\u00f3logo. University of Cambridge)<\/p>\n<p><strong><em>Modera y presenta:<\/em><\/strong><\/p>\n<p><em>Guadalupe Ramos Truchero (Soci\u00f3loga. Universidad de Valladolid)<\/em><\/p>\n<p><strong><em>19:30h-20:00h. <u>Acto de clausura<\/u><\/em><\/strong><em>:<\/em><\/p>\n<p><strong>Guadalupe Ramos Truchero<\/strong> (Presidenta del Comit\u00e9 Investigador de Sociolog\u00eda de la Alimentaci\u00f3n en la Federaci\u00f3n Espa\u00f1ola de Sociolog\u00eda, UVA)<\/p>\n<p><strong>Jos\u00e9 Ram\u00f3n Obeso Su\u00e1rez <\/strong>(Vicerrector de Investigaci\u00f3n de la Universidad de Oviedo)<\/p>\n<p><strong>Isabel Garc\u00eda Espejo<\/strong> (Directora del Departamento de Sociolog\u00eda de la Universidad de Oviedo y miembro del Grupo de Investigaci\u00f3n en Sociolog\u00eda de la Alimentaci\u00f3n)<\/p>\n<p><strong>Representante<\/strong> (Ciudad de Gij\u00f3n)<\/p>\n<p>Presidente de la Asociaci\u00f3n Asturiana de Sociolog\u00eda<\/p>\n<p>&nbsp;<\/p>\n<p><strong>MI\u00c9RCOLES 26 Y S\u00c1BADO 29 DE SEPTIEMBRE<\/strong><\/p>\n<p><strong>(Sesi\u00f3n de formaci\u00f3n)<\/strong><\/p>\n<p><strong><em><u>GT7: Grupo de Estudiantes<\/u><\/em><\/strong><\/p>\n<p><strong>Mi\u00e9rcoles 26 de septiembre<\/strong><\/p>\n<p>Hora: 10:00h- 13:00h<\/p>\n<p><em>Coordina<\/em><\/p>\n<ul>\n<li><strong>Sonia Otero Est\u00e9vez.<\/strong> Departamento de Sociolog\u00eda, Universidad de Oviedo<\/li>\n<\/ul>\n<p><strong>Qu\u00e9 es el grupo de trabajo para estudiantes.\u00a0<\/strong>Este grupo de trabajo se dirige a facilitar la participaci\u00f3n de estudiantes de distintos campos cient\u00edficos en el Congreso (Sociolog\u00eda, Antropolog\u00eda, Medicina, Enfermer\u00eda, Marketing y Trabajo Social). La idea principal es su involucraci\u00f3n y aprendizaje a trav\u00e9s del contraste de sus trabajos con las de otros colegas y la presencia de investigadores de reconocido prestigio en el campo. Se busca fomentar as\u00ed la participaci\u00f3n de los estudiantes en los aspectos relacionados con la alimentaci\u00f3n. Asimismo, se realizar\u00e1n otras actividades formativas con el objetivo de ofrecerles herramientas \u00fatiles para la realizaci\u00f3n de Trabajos Fin de Grado, Trabajos Fin de M\u00e1ster o Tesis Doctorales.<\/p>\n<p><strong><em><u>Reuni\u00f3n del Grupo de Investigaci\u00f3n en Sociolog\u00eda de la Alimentaci\u00f3n (SOCIALIMEN) (UNIOVI)<\/u><\/em><\/strong><\/p>\n<p><strong>S\u00e1bado 29 de septiembre<\/strong><\/p>\n<p>Hora: 10:00h- 12:00h<\/p>\n<p><em>Coordina<\/em><\/p>\n<ul>\n<li><strong>Guadalupe Ramos Truchero <\/strong><em>(Soci\u00f3loga. Universidad de Valladolid)<\/em><strong>, Philippe Cardon. <\/strong><em>(Soci\u00f3logo, Universit\u00e9 de Lille)<\/em> y <strong>Cecilia D\u00edaz M\u00e9ndez<\/strong> <em>(Soci\u00f3loga, Universidad de Oviedo)<\/em><\/li>\n<\/ul>\n<p><strong><em><u>Talleres de formaci\u00f3n<\/u><\/em><\/strong><\/p>\n<p><strong><em><u>Taller de iniciaci\u00f3n al software de tratamiento de datos cualitativos MAXQDA<a href=\"#_ftn1\" name=\"_ftnref1\">[1]<\/a><\/u><\/em><\/strong><\/p>\n<ul>\n<li><strong><em>Presentaci\u00f3n del curso:<\/em><\/strong> <strong><em>Innovaci\u00f3n en T\u00e9cnicas para la Investigaci\u00f3n en Ciencias Sociales<\/em><\/strong><\/li>\n<\/ul>\n<p><strong>N\u00faria Hern\u00e1ndez Nanclares<\/strong> (Economista. Universidad de Oviedo)<\/p>\n<p><em>Profesorado <\/em><\/p>\n<ul>\n<li><strong>Sandra S\u00e1nchez S\u00e1nchez.<\/strong> Departamento de Sociolog\u00eda, Universidad de Oviedo<\/li>\n<li><strong>Sonia Otero Est\u00e9vez.<\/strong> Departamento de Sociolog\u00eda, Universidad de Oviedo<\/li>\n<\/ul>\n<p><strong>Horarios<\/strong> (se realizar\u00e1n dos talleres para facilitar la asistencia*):<\/p>\n<ul>\n<li><strong>Mi\u00e9rcoles, 26 de septiembre de 2018<\/strong><\/li>\n<\/ul>\n<p>Hora: 15:00 h-20:00h<\/p>\n<ul>\n<li><strong>S\u00e1bado, 29 de septiembre de 2018<\/strong><\/li>\n<\/ul>\n<p>Hora: 9:00h- 14:00h<\/p>\n<p><strong>Precio:<\/strong><\/p>\n<ul>\n<li>35\u20ac (inscritos al congreso)<\/li>\n<li>55\u20ac (no inscritos al congreso)<\/li>\n<\/ul>\n<p>Plazas disponibles (por cada horario): 25*<\/p>\n<p><strong><em><u>Taller de Iniciaci\u00f3n al software de tratamiento de datos cuantitativos SPSS<a href=\"#_ftn2\" name=\"_ftnref2\">[2]<\/a><\/u><\/em><\/strong><\/p>\n<p><em>Profesorado <\/em><\/p>\n<ul>\n<li><strong>Aroa Tejero P\u00e9rez.<\/strong> Departamento de Sociolog\u00eda, Universidad de Oviedo<\/li>\n<li><strong>Sigita Doblyte.<\/strong> Departamento de Sociolog\u00eda, Universidad de Oviedo<\/li>\n<\/ul>\n<p><strong>Horarios<\/strong> (se realizar\u00e1n dos talleres*):<\/p>\n<ul>\n<li><strong>Mi\u00e9rcoles, 26 de septiembre de 2018<\/strong><\/li>\n<\/ul>\n<p>Hora: 15:00 h-20:00h<\/p>\n<ul>\n<li><strong>S\u00e1bado, 29 de septiembre de 2018<\/strong><\/li>\n<\/ul>\n<p>Hora: 9:00h- 14:00h<\/p>\n<p>&nbsp;<\/p>\n<p><strong>Precio:<\/strong><\/p>\n<ul>\n<li>35\u20ac (inscritos al congreso)<\/li>\n<li>55\u20ac (no inscritos al congreso)<\/li>\n<\/ul>\n<p><strong>Plazas disponibles (por cada horario):<\/strong> 25*<\/p>\n<p><a href=\"#_ftnref1\" name=\"_ftn1\"><em><strong>[1]<\/strong><\/em><\/a><em> El curso se impartir\u00e1 en espa\u00f1ol, aunque se podr\u00e1 disponer de apoyo en ingl\u00e9s si as\u00ed se requiere por parte de los solicitantes.<\/em><\/p>\n<p><em>*Siempre y cuando haya alumnado suficiente. En caso contrario, se contactar\u00e1 con los participantes para reagruparlo en un d\u00eda. <\/em><\/p>\n<p><a href=\"#_ftnref2\" name=\"_ftn2\"><em><strong>[2]<\/strong><\/em><\/a><em> El curso se impartir\u00e1 en espa\u00f1ol, aunque se podr\u00e1 disponer de apoyo en ingl\u00e9s si as\u00ed se requiere por parte de los solicitantes.<\/em><\/p>\n<p><em>*Siempre y cuando haya alumnado suficiente. En caso contrario, se contactar\u00e1 con los participantes para reagruparlo en un d\u00eda. <\/em><\/p>\n","protected":false},"excerpt":{"rendered":"<p>Se puede descargar el programa completo (provisional) a continuaci\u00f3n: programa JUEVES, 27 DE SEPTIEMBRE 9:00h-9:30h. Acto de apertura Santiago Garc\u00eda Granda (Rector de la Universidad de Oviedo) Representante (Federaci\u00f3n Espa\u00f1ola de Sociolog\u00eda) Guadalupe Ramos Truchero (Presidenta del Comit\u00e9 Investigador de Sociolog\u00eda de la Alimentaci\u00f3n en la Federaci\u00f3n Espa\u00f1ola de Sociolog\u00eda, UVA) Cecilia D\u00edaz-M\u00e9ndez (directora del [&hellip;]<\/p>\n","protected":false},"author":3,"featured_media":2247,"parent":2221,"menu_order":1,"comment_status":"closed","ping_status":"closed","template":"","meta":{"_genesis_hide_title":false,"_genesis_hide_breadcrumbs":false,"_genesis_hide_singular_image":false,"_genesis_hide_footer_widgets":false,"_genesis_custom_body_class":"","_genesis_custom_post_class":"","_genesis_layout":"","footnotes":""},"class_list":{"0":"post-2241","1":"page","2":"type-page","3":"status-publish","4":"has-post-thumbnail","6":"entry","7":"gs-1","8":"gs-odd","9":"gs-even","10":"gs-featured-content-entry"},"_links":{"self":[{"href":"https:\/\/www.unioviedo.es\/socialimen\/wp-json\/wp\/v2\/pages\/2241","targetHints":{"allow":["GET"]}}],"collection":[{"href":"https:\/\/www.unioviedo.es\/socialimen\/wp-json\/wp\/v2\/pages"}],"about":[{"href":"https:\/\/www.unioviedo.es\/socialimen\/wp-json\/wp\/v2\/types\/page"}],"author":[{"embeddable":true,"href":"https:\/\/www.unioviedo.es\/socialimen\/wp-json\/wp\/v2\/users\/3"}],"replies":[{"embeddable":true,"href":"https:\/\/www.unioviedo.es\/socialimen\/wp-json\/wp\/v2\/comments?post=2241"}],"version-history":[{"count":9,"href":"https:\/\/www.unioviedo.es\/socialimen\/wp-json\/wp\/v2\/pages\/2241\/revisions"}],"predecessor-version":[{"id":2312,"href":"https:\/\/www.unioviedo.es\/socialimen\/wp-json\/wp\/v2\/pages\/2241\/revisions\/2312"}],"up":[{"embeddable":true,"href":"https:\/\/www.unioviedo.es\/socialimen\/wp-json\/wp\/v2\/pages\/2221"}],"wp:featuredmedia":[{"embeddable":true,"href":"https:\/\/www.unioviedo.es\/socialimen\/wp-json\/wp\/v2\/media\/2247"}],"wp:attachment":[{"href":"https:\/\/www.unioviedo.es\/socialimen\/wp-json\/wp\/v2\/media?parent=2241"}],"curies":[{"name":"wp","href":"https:\/\/api.w.org\/{rel}","templated":true}]}}