{"id":3171,"date":"2020-01-20T22:57:00","date_gmt":"2020-01-20T21:57:00","guid":{"rendered":"http:\/\/www.unioviedo.es\/socialimen\/?page_id=3171"},"modified":"2023-03-07T12:25:34","modified_gmt":"2023-03-07T11:25:34","slug":"nerea-esmoris-varela","status":"publish","type":"page","link":"https:\/\/www.unioviedo.es\/socialimen\/equipo\/personal-en-formacion\/nerea-esmoris-varela\/","title":{"rendered":"Nerea Esmor\u00eds Varela"},"content":{"rendered":"<p><strong><img loading=\"lazy\" decoding=\"async\" class=\"size-medium wp-image-3455 alignleft\" src=\"https:\/\/www.unioviedo.es\/socialimen\/wp-content\/uploads\/2021\/10\/nerea1-201x300.jpg\" alt=\"\" width=\"201\" height=\"300\" srcset=\"https:\/\/www.unioviedo.es\/socialimen\/wp-content\/uploads\/2021\/10\/nerea1-201x300.jpg 201w, https:\/\/www.unioviedo.es\/socialimen\/wp-content\/uploads\/2021\/10\/nerea1-685x1024.jpg 685w, https:\/\/www.unioviedo.es\/socialimen\/wp-content\/uploads\/2021\/10\/nerea1-768x1147.jpg 768w, https:\/\/www.unioviedo.es\/socialimen\/wp-content\/uploads\/2021\/10\/nerea1-1028x1536.jpg 1028w, https:\/\/www.unioviedo.es\/socialimen\/wp-content\/uploads\/2021\/10\/nerea1-1371x2048.jpg 1371w, https:\/\/www.unioviedo.es\/socialimen\/wp-content\/uploads\/2021\/10\/nerea1-scaled.jpg 1714w\" sizes=\"auto, (max-width: 201px) 100vw, 201px\" \/>Categor\u00eda:<\/strong> BECARIA PREDOCTORAL<\/p>\n<p><strong>Departamento:<\/strong> SOCIOLOG\u00cdA<\/p>\n<p style=\"text-align: justify;\">T\u00e9cnica superior en Integraci\u00f3n Social (2014), Graduada en Sociolog\u00eda por la Universidad de A Coru\u00f1a (2018 y \u00a0M\u00e1ster en Historia y An\u00e1lisis Sociocultural por la Universidad de Oviedo (2019). Actualmente es estudiante predoctoral en el Departamento de Sociolog\u00eda de la Universidad de Oviedo dentro del programa de Ayudas a la Investigaci\u00f3n Severo Ochoa 2020.<\/p>\n<h3><strong>L\u00edneas de Investigaci\u00f3n<\/strong><\/h3>\n<p>Sostenibilidad alimentaria, Gobernanza alimentaria, Pol\u00edticas alimentarias sostenibles.<\/p>\n","protected":false},"excerpt":{"rendered":"<p>Categor\u00eda: BECARIA PREDOCTORAL Departamento: SOCIOLOG\u00cdA T\u00e9cnica superior en Integraci\u00f3n Social (2014), Graduada en Sociolog\u00eda por la Universidad de A Coru\u00f1a (2018 y \u00a0M\u00e1ster en Historia y An\u00e1lisis Sociocultural por la Universidad de Oviedo (2019). Actualmente es estudiante predoctoral en el Departamento de Sociolog\u00eda de la Universidad de Oviedo dentro del programa de Ayudas a la [&hellip;]<\/p>\n","protected":false},"author":3,"featured_media":3455,"parent":560,"menu_order":1,"comment_status":"closed","ping_status":"closed","template":"","meta":{"_genesis_hide_title":false,"_genesis_hide_breadcrumbs":false,"_genesis_hide_singular_image":false,"_genesis_hide_footer_widgets":false,"_genesis_custom_body_class":"","_genesis_custom_post_class":"","_genesis_layout":"","footnotes":""},"class_list":{"0":"post-3171","1":"page","2":"type-page","3":"status-publish","4":"has-post-thumbnail","6":"entry","7":"gs-1","8":"gs-odd","9":"gs-even","10":"gs-featured-content-entry"},"_links":{"self":[{"href":"https:\/\/www.unioviedo.es\/socialimen\/wp-json\/wp\/v2\/pages\/3171","targetHints":{"allow":["GET"]}}],"collection":[{"href":"https:\/\/www.unioviedo.es\/socialimen\/wp-json\/wp\/v2\/pages"}],"about":[{"href":"https:\/\/www.unioviedo.es\/socialimen\/wp-json\/wp\/v2\/types\/page"}],"author":[{"embeddable":true,"href":"https:\/\/www.unioviedo.es\/socialimen\/wp-json\/wp\/v2\/users\/3"}],"replies":[{"embeddable":true,"href":"https:\/\/www.unioviedo.es\/socialimen\/wp-json\/wp\/v2\/comments?post=3171"}],"version-history":[{"count":3,"href":"https:\/\/www.unioviedo.es\/socialimen\/wp-json\/wp\/v2\/pages\/3171\/revisions"}],"predecessor-version":[{"id":3457,"href":"https:\/\/www.unioviedo.es\/socialimen\/wp-json\/wp\/v2\/pages\/3171\/revisions\/3457"}],"up":[{"embeddable":true,"href":"https:\/\/www.unioviedo.es\/socialimen\/wp-json\/wp\/v2\/pages\/560"}],"wp:featuredmedia":[{"embeddable":true,"href":"https:\/\/www.unioviedo.es\/socialimen\/wp-json\/wp\/v2\/media\/3455"}],"wp:attachment":[{"href":"https:\/\/www.unioviedo.es\/socialimen\/wp-json\/wp\/v2\/media?parent=3171"}],"curies":[{"name":"wp","href":"https:\/\/api.w.org\/{rel}","templated":true}]}}

Nerea Esmorís Varela

<p><strong><img loading="lazy" decoding="async" class="size-medium wp-image-3455 alignleft" src="https://www.unioviedo.es/socialimen/wp-content/uploads/2021/10/nerea1-201x300.jpg" alt="" width="201" height="300" srcset="https://www.unioviedo.es/socialimen/wp-content/uploads/2021/10/nerea1-201x300.jpg 201w, https://www.unioviedo.es/socialimen/wp-content/uploads/2021/10/nerea1-685x1024.jpg 685w, https://www.unioviedo.es/socialimen/wp-content/uploads/2021/10/nerea1-768x1147.jpg 768w, https://www.unioviedo.es/socialimen/wp-content/uploads/2021/10/nerea1-1028x1536.jpg 1028w, https://www.unioviedo.es/socialimen/wp-content/uploads/2021/10/nerea1-1371x2048.jpg 1371w, https://www.unioviedo.es/socialimen/wp-content/uploads/2021/10/nerea1-scaled.jpg 1714w" sizes="auto, (max-width: 201px) 100vw, 201px" />Categoría:</strong> BECARIA PREDOCTORAL</p>
<p><strong>Departamento:</strong> SOCIOLOGÍA</p>
<p style="text-align: justify;">Técnica superior en Integración Social (2014), Graduada en Sociología por la Universidad de A Coruña (2018 y  Máster en Historia y Análisis Sociocultural por la Universidad de Oviedo (2019). Actualmente es estudiante predoctoral en el Departamento de Sociología de la Universidad de Oviedo dentro del programa de Ayudas a la Investigación Severo Ochoa 2020.</p>
<h3><strong>Líneas de Investigación</strong></h3>
<p>Sostenibilidad alimentaria, Gobernanza alimentaria, Políticas alimentarias sostenibles.</p>

<p>Categoría: BECARIA PREDOCTORAL Departamento: SOCIOLOGÍA Técnica superior en Integración Social (2014), Graduada en Sociología por la Universidad de A Coruña (2018 y  Máster en Historia y Análisis Sociocultural por la Universidad de Oviedo (2019). Actualmente es estudiante predoctoral en el Departamento de Sociología de la Universidad de Oviedo dentro del programa de Ayudas a la [&hellip;]</p>
