{"id":3527,"date":"2022-10-26T14:04:35","date_gmt":"2022-10-26T12:04:35","guid":{"rendered":"https:\/\/www.unioviedo.es\/socialimen\/?page_id=3527"},"modified":"2022-10-26T14:04:35","modified_gmt":"2022-10-26T12:04:35","slug":"rocio-perez-ganan","status":"publish","type":"page","link":"https:\/\/www.unioviedo.es\/socialimen\/equipo\/investigadores-uniovi\/rocio-perez-ganan\/","title":{"rendered":"Roc\u00edo P\u00e9rez Ga\u00f1\u00e1n"},"content":{"rendered":"<p><strong><img loading=\"lazy\" decoding=\"async\" class=\"size-medium wp-image-3528 alignleft\" src=\"https:\/\/www.unioviedo.es\/socialimen\/wp-content\/uploads\/2022\/10\/Rofoto_opt-267x300.jpg\" alt=\"\" width=\"267\" height=\"300\" srcset=\"https:\/\/www.unioviedo.es\/socialimen\/wp-content\/uploads\/2022\/10\/Rofoto_opt-267x300.jpg 267w, https:\/\/www.unioviedo.es\/socialimen\/wp-content\/uploads\/2022\/10\/Rofoto_opt.jpg 400w\" sizes=\"auto, (max-width: 267px) 100vw, 267px\" \/>Categor\u00eda: <\/strong>Profesora Ayudante (Doctora en Antropolog\u00eda)<br \/>\n<strong>Departamento:<\/strong> SOCIOLOG\u00cdA<br \/>\n<strong>\u00c1rea:<\/strong> Sociolog\u00eda<br \/>\n<strong>Direcci\u00f3n:<\/strong> Universidad de Oviedo. Departamento de Sociolog\u00eda. Facultad de Comercio, Turismo y Ciencias Sociales \u00abJovellanos\u00bb, Gij\u00f3n. Asturias (Espa\u00f1a). Despacho: 313-A.<br \/>\n<strong>Correo: <a href=\"mailto:perezganmaria@uniovi.es\">perezganmaria@uniovi.es<br \/>\n<\/a><\/strong><strong>Tel\u00e9fono:<\/strong> (+34) 985 18 23 64<\/p>\n<p style=\"text-align: justify;\">Profesora Ayudante Doctora en la Universidad de Oviedo. Becaria Postdoctoral en el Consejo Nacional de Investigaciones Cient\u00edficas y T\u00e9cnicas de Argentina (CONICET) (2017-2020). Doctora en Antropolog\u00eda Social y Cultural con menci\u00f3n Internacional (2015) y licenciada en Geograf\u00eda (2006) y Antropolog\u00eda Social y Cultural (2015). M\u00e1ster en Cooperaci\u00f3n Internacional al Desarrollo con Iberoam\u00e9rica (2011). M\u00e1ster en G\u00e9nero y Pol\u00edticas P\u00fablicas (2010). L\u00edneas de investigaci\u00f3n: antropolog\u00eda del desarrollo, antropolog\u00eda rural, an\u00e1lisis socio-territorial, sistemas alimentarios, estudios de g\u00e9nero y movilidades contempor\u00e1neas. Como investigadora ha participado y coordinado varios proyectos de investigaci\u00f3n en Argentina y Ecuador vinculados al an\u00e1lisis territorial y desarrollo rural y sistemas agrarios con enfoque de g\u00e9nero, lo que le ha permitido profundizar en el estudio de los espacios rurales latinoamericanos, los sistemas agroalimentarios, sus actores\/as y sus problem\u00e1ticas. De su participaci\u00f3n en los diferentes proyectos de investigaci\u00f3n tiene 37 publicaciones, de las cuales 23 son art\u00edculos y 17 est\u00e1n publicados en revistas de impacto como SCOPUS y JCR (Mundo Agrario, 2021; Perfiles Latinoamericanos, 2022; Journal of Disaster Risk Reduction, 2022). Ha colaborado en la producci\u00f3n de libros y cap\u00edtulos de libros tanto acad\u00e9micos (con 2 publicaciones en SPI) (Universidad de Valladolid, 2021; TESEO, 2020; CICCUS, 2019; Universidad de Cantabria, 2014), como divulgativos (Nowtilus, 2019, 2021, 2022). Ha participado en m\u00e1s de una treintena de\u00a0 congresos y conferencias internacionales (LASA, 2020, 2021, 2022; ISA, 2021; FES, 2022). Actualmente es tesorera de la Asociaci\u00f3n Asturiana de Sociolog\u00eda (AAS).<\/p>\n<h3><strong>L\u00edneas de Investigaci\u00f3n<\/strong><\/h3>\n<ul>\n<li><a href=\"https:\/\/www.unioviedo.es\/socialimen\/investigacion-2\/lineas-de-investigacion\/3-poder-politica-movimientos-sociales-alimentarios\/\">Poder, pol\u00edtica y movimientos sociales alimentarios<\/a><\/li>\n<\/ul>\n<h3><strong>Participaci\u00f3n en Proyectos<\/strong><\/h3>\n<ul>\n<li>Proyecto \u201cLa Argentina desigual. Ambiente, producci\u00f3n y calidad de vida en el \u00e1mbito rural (1960-2019)\u201d. Programa I+D. PUNQ. CEAR\/Universidad de Quilmes, Argentina 2019-2023.<\/li>\n<li>Proyecto \u201cLa Argentina fragmentada: econom\u00edas regionales agrarias. Transformaciones territoriales, impactos socio ambientales y pol\u00edticas p\u00fablicas (siglos XX-XXI)\u201d. Proyecto Plurianual de Investigaci\u00f3n PIP\/CONICET, CEAR\/Universidad de Quilmes, Argentina 2017-2019.<\/li>\n<li>Proyecto: \u201cLa Argentina rural del siglo XX. Espacios regionales, sujetos sociales y pol\u00edticas p\u00fablicas\u201d. Programa Prioritario de Investigaci\u00f3n I+D. CEAR\/Universidad de Quilmes, Argentina. 2016-2019.<\/li>\n<li>Proyecto PEACH (Medici\u00f3n de impacto migratorio en la educaci\u00f3n reglada en el cant\u00f3n Bibli\u00e1n, Azuay, Ecuador). Proyecto VLIR Migraci\u00f3n Internacional y Desarrollo Local\/Universidad de Cuenca, Ecuador. 2015.<\/li>\n<li>Proyecto MIMM (Medici\u00f3n de impacto migratorio en el desarrollo local en el cant\u00f3n Bibli\u00e1n, Azuay, Ecuador. Proyecto VLIR Migraci\u00f3n Internacional y Desarrollo Local\/Universidad de Cuenca, Ecuador. 2015.<\/li>\n<\/ul>\n<h3><strong>Publicaciones<\/strong><\/h3>\n<ul>\n<li>Muzlera, J. y P\u00e9rez Ga\u00f1\u00e1n, R. (2022). \u201cHerencias de los mega pools y chacareras en la Pampa H\u00fameda Argentina (2010-2015). <em>Perfiles Latinoamericanos<\/em>, 30(60) (en prensa).<\/li>\n<li>P\u00e9rez Ga\u00f1\u00e1n, R. y Rodr\u00edguez Fari\u00f1as, J. (2022). \u201cLa experiencia cuencana como \u2018rito de paso\u2019 de la migraci\u00f3n acad\u00e9mica espa\u00f1ola a Ecuador\u00bb. Revista Iberoamericana de Estudios de Desarrollo (en prensa).<\/li>\n<li>Dema Moreno, S., Gonz\u00e1lez Arias, R. y Perez Ga\u00f1\u00e1n, R. (2022). Women and Children First? An Analysis of Gender Roles in the Rescue of People Following the 2011 Lorca Earthquake. <em>International Journal of Disaster Risk Reduction<\/em>, 73: 102902.<\/li>\n<li>P\u00e9rez Ga\u00f1\u00e1n, R. (2021). \u201cLa construcci\u00f3n del sujeto antropol\u00f3gico en Ecuador y Bolivia: de una otredad ind\u00edgena a una otredad plural y descentrada\u201d. <em>Gazeta de Antropolog\u00eda<\/em>, 36(2), en prensa.<\/li>\n<li>Muzlera, J. y P\u00e9rez Ga\u00f1\u00e1n, R. (2021). \u201cTensiones identitarias y l\u00f3gicas adaptativas en la oferta de servicios agr\u00edcolas Pampeanas (2009-2015)\u201d. <em>Mundo Agrario<\/em>, 21(48), 156. https:\/\/dx.doi.org\/https:\/\/doi.org\/10.24215\/15155994e156<\/li>\n<li>P\u00e9rez Ga\u00f1\u00e1n, R. (2020). \u201cMetabolismo agrario: una herramienta de an\u00e1lisis de las transiciones, las transformaciones territoriales y el espacio social argentino\u201d. En J. M. Cerd\u00e1 y G. Mateo (Eds.), La Ruralidad en Tensi\u00f3n (pp.111-146). Editorial Teseo.<\/li>\n<li>De Arce, Alejandra y Roc\u00edo P\u00e9rez Ga\u00f1\u00e1n (2019). \u201cTrabajar con el hogar a cuestas\u201d. Tensiones de g\u00e9nero en el cooperativismo agrario argentino: el caso de CONINAGRO\u201d. Revista Latinoamericana de Antropolog\u00eda del trabajo, 3(5), 1-28.<\/li>\n<li>De Arce, A. y P\u00e9rez Ga\u00f1\u00e1n, R. (2019). \u201cTiempos de producci\u00f3n y tiempos de sostenibilidad de la vida en el norte rural argentino a mediados del siglo XX\u201d. En, A. de Arce y A. Franca (Eds.), G\u00e9nero, ruralidades y asociacionismo en Am\u00e9rica Latina (pp.37-61). Editorial CICCUS.<\/li>\n<li>P\u00e9rez Ga\u00f1\u00e1n, R. (2018). \u201cEntre \u2018C\u00e1ritas\u2019 y \u2018trabajar demasiado\u2019: etnia y religi\u00f3n en la experiencia migratoria del austro ecuatoriano y el centro-levante espa\u00f1ol\u201d. Obets, 13(2), 621-644.<\/li>\n<li>P\u00e9rez Ga\u00f1\u00e1n, R. (2018). \u201c\u201cEl fuego que arde en las calles, tambi\u00e9n arde en la cocina\u201d. Mujeres ind\u00edgenas y otras formas de hacer pol\u00edtica en los espacios rurales del Buen Vivir ecuatoriano y el Vivir Bien boliviano\u201d. Revista Arenal. Revista de historia de las mujeres, 25(1), 95-121.<\/li>\n<li>P\u00e9rez Ga\u00f1\u00e1n, R. y Moreno, G. (2018). \u201cLa emigraci\u00f3n acad\u00e9mica Espa\u00f1a-Ecuador durante el periodo de recesi\u00f3n econ\u00f3mica: \u00bfUna geoestrategia de supervivencia de docentes e investigadores espa\u00f1oles?\u201d Iberoamerican Journal of Development Studies, 7(1): 6-28.<\/li>\n<li>Hayes, M. y P\u00e9rez Ga\u00f1\u00e1n, R. (2017). \u201cNorth-South Migrations and the Asymmetric Expulsions of Late Capitalism: Global Inequality, Arbitrage, and New Dynamics of North-South Transnationalism\u201d. Migration Studies, 5 (1), 116-135.<\/li>\n<li>P\u00e9rez Ga\u00f1\u00e1n, R. y Neira, A. (2017). \u201cLas abuelas de la migraci\u00f3n. Cuidados, reciprocidad y relaciones de poder en la familia transnacional\u201d. Migraciones, 41, 55-77.<\/li>\n<\/ul>\n","protected":false},"excerpt":{"rendered":"<p>Categor\u00eda: Profesora Ayudante (Doctora en Antropolog\u00eda) Departamento: SOCIOLOG\u00cdA \u00c1rea: Sociolog\u00eda Direcci\u00f3n: Universidad de Oviedo. Departamento de Sociolog\u00eda. Facultad de Comercio, Turismo y Ciencias Sociales \u00abJovellanos\u00bb, Gij\u00f3n. Asturias (Espa\u00f1a). Despacho: 313-A. Correo: perezganmaria@uniovi.es Tel\u00e9fono: (+34) 985 18 23 64 Profesora Ayudante Doctora en la Universidad de Oviedo. Becaria Postdoctoral en el Consejo Nacional de Investigaciones Cient\u00edficas [&hellip;]<\/p>\n","protected":false},"author":3,"featured_media":3528,"parent":88,"menu_order":9,"comment_status":"closed","ping_status":"closed","template":"","meta":{"_genesis_hide_title":false,"_genesis_hide_breadcrumbs":false,"_genesis_hide_singular_image":false,"_genesis_hide_footer_widgets":false,"_genesis_custom_body_class":"","_genesis_custom_post_class":"","_genesis_layout":"","footnotes":""},"class_list":{"0":"post-3527","1":"page","2":"type-page","3":"status-publish","4":"has-post-thumbnail","6":"entry","7":"gs-1","8":"gs-odd","9":"gs-even","10":"gs-featured-content-entry"},"_links":{"self":[{"href":"https:\/\/www.unioviedo.es\/socialimen\/wp-json\/wp\/v2\/pages\/3527","targetHints":{"allow":["GET"]}}],"collection":[{"href":"https:\/\/www.unioviedo.es\/socialimen\/wp-json\/wp\/v2\/pages"}],"about":[{"href":"https:\/\/www.unioviedo.es\/socialimen\/wp-json\/wp\/v2\/types\/page"}],"author":[{"embeddable":true,"href":"https:\/\/www.unioviedo.es\/socialimen\/wp-json\/wp\/v2\/users\/3"}],"replies":[{"embeddable":true,"href":"https:\/\/www.unioviedo.es\/socialimen\/wp-json\/wp\/v2\/comments?post=3527"}],"version-history":[{"count":3,"href":"https:\/\/www.unioviedo.es\/socialimen\/wp-json\/wp\/v2\/pages\/3527\/revisions"}],"predecessor-version":[{"id":3532,"href":"https:\/\/www.unioviedo.es\/socialimen\/wp-json\/wp\/v2\/pages\/3527\/revisions\/3532"}],"up":[{"embeddable":true,"href":"https:\/\/www.unioviedo.es\/socialimen\/wp-json\/wp\/v2\/pages\/88"}],"wp:featuredmedia":[{"embeddable":true,"href":"https:\/\/www.unioviedo.es\/socialimen\/wp-json\/wp\/v2\/media\/3528"}],"wp:attachment":[{"href":"https:\/\/www.unioviedo.es\/socialimen\/wp-json\/wp\/v2\/media?parent=3527"}],"curies":[{"name":"wp","href":"https:\/\/api.w.org\/{rel}","templated":true}]}}

Rocío Pérez Gañán

<p><strong><img loading="lazy" decoding="async" class="size-medium wp-image-3528 alignleft" src="https://www.unioviedo.es/socialimen/wp-content/uploads/2022/10/Rofoto_opt-267x300.jpg" alt="" width="267" height="300" srcset="https://www.unioviedo.es/socialimen/wp-content/uploads/2022/10/Rofoto_opt-267x300.jpg 267w, https://www.unioviedo.es/socialimen/wp-content/uploads/2022/10/Rofoto_opt.jpg 400w" sizes="auto, (max-width: 267px) 100vw, 267px" />Categoría: </strong>Profesora Ayudante (Doctora en Antropología)<br />
<strong>Departamento:</strong> SOCIOLOGÍA<br />
<strong>Área:</strong> Sociología<br />
<strong>Dirección:</strong> Universidad de Oviedo. Departamento de Sociología. Facultad de Comercio, Turismo y Ciencias Sociales «Jovellanos», Gijón. Asturias (España). Despacho: 313-A.<br />
<strong>Correo: <a href="mailto:perezganmaria@uniovi.es">perezganmaria@uniovi.es<br />
</a></strong><strong>Teléfono:</strong> (+34) 985 18 23 64</p>
<p style="text-align: justify;">Profesora Ayudante Doctora en la Universidad de Oviedo. Becaria Postdoctoral en el Consejo Nacional de Investigaciones Científicas y Técnicas de Argentina (CONICET) (2017-2020). Doctora en Antropología Social y Cultural con mención Internacional (2015) y licenciada en Geografía (2006) y Antropología Social y Cultural (2015). Máster en Cooperación Internacional al Desarrollo con Iberoamérica (2011). Máster en Género y Políticas Públicas (2010). Líneas de investigación: antropología del desarrollo, antropología rural, análisis socio-territorial, sistemas alimentarios, estudios de género y movilidades contemporáneas. Como investigadora ha participado y coordinado varios proyectos de investigación en Argentina y Ecuador vinculados al análisis territorial y desarrollo rural y sistemas agrarios con enfoque de género, lo que le ha permitido profundizar en el estudio de los espacios rurales latinoamericanos, los sistemas agroalimentarios, sus actores/as y sus problemáticas. De su participación en los diferentes proyectos de investigación tiene 37 publicaciones, de las cuales 23 son artículos y 17 están publicados en revistas de impacto como SCOPUS y JCR (Mundo Agrario, 2021; Perfiles Latinoamericanos, 2022; Journal of Disaster Risk Reduction, 2022). Ha colaborado en la producción de libros y capítulos de libros tanto académicos (con 2 publicaciones en SPI) (Universidad de Valladolid, 2021; TESEO, 2020; CICCUS, 2019; Universidad de Cantabria, 2014), como divulgativos (Nowtilus, 2019, 2021, 2022). Ha participado en más de una treintena de  congresos y conferencias internacionales (LASA, 2020, 2021, 2022; ISA, 2021; FES, 2022). Actualmente es tesorera de la Asociación Asturiana de Sociología (AAS).</p>
<h3><strong>Líneas de Investigación</strong></h3>
<ul>
<li><a href="https://www.unioviedo.es/socialimen/investigacion-2/lineas-de-investigacion/3-poder-politica-movimientos-sociales-alimentarios/">Poder, política y movimientos sociales alimentarios</a></li>
</ul>
<h3><strong>Participación en Proyectos</strong></h3>
<ul>
<li>Proyecto “La Argentina desigual. Ambiente, producción y calidad de vida en el ámbito rural (1960-2019)”. Programa I+D. PUNQ. CEAR/Universidad de Quilmes, Argentina 2019-2023.</li>
<li>Proyecto “La Argentina fragmentada: economías regionales agrarias. Transformaciones territoriales, impactos socio ambientales y políticas públicas (siglos XX-XXI)”. Proyecto Plurianual de Investigación PIP/CONICET, CEAR/Universidad de Quilmes, Argentina 2017-2019.</li>
<li>Proyecto: “La Argentina rural del siglo XX. Espacios regionales, sujetos sociales y políticas públicas”. Programa Prioritario de Investigación I+D. CEAR/Universidad de Quilmes, Argentina. 2016-2019.</li>
<li>Proyecto PEACH (Medición de impacto migratorio en la educación reglada en el cantón Biblián, Azuay, Ecuador). Proyecto VLIR Migración Internacional y Desarrollo Local/Universidad de Cuenca, Ecuador. 2015.</li>
<li>Proyecto MIMM (Medición de impacto migratorio en el desarrollo local en el cantón Biblián, Azuay, Ecuador. Proyecto VLIR Migración Internacional y Desarrollo Local/Universidad de Cuenca, Ecuador. 2015.</li>
</ul>
<h3><strong>Publicaciones</strong></h3>
<ul>
<li>Muzlera, J. y Pérez Gañán, R. (2022). “Herencias de los mega pools y chacareras en la Pampa Húmeda Argentina (2010-2015). <em>Perfiles Latinoamericanos</em>, 30(60) (en prensa).</li>
<li>Pérez Gañán, R. y Rodríguez Fariñas, J. (2022). “La experiencia cuencana como ‘rito de paso’ de la migración académica española a Ecuador». Revista Iberoamericana de Estudios de Desarrollo (en prensa).</li>
<li>Dema Moreno, S., González Arias, R. y Perez Gañán, R. (2022). Women and Children First? An Analysis of Gender Roles in the Rescue of People Following the 2011 Lorca Earthquake. <em>International Journal of Disaster Risk Reduction</em>, 73: 102902.</li>
<li>Pérez Gañán, R. (2021). “La construcción del sujeto antropológico en Ecuador y Bolivia: de una otredad indígena a una otredad plural y descentrada”. <em>Gazeta de Antropología</em>, 36(2), en prensa.</li>
<li>Muzlera, J. y Pérez Gañán, R. (2021). “Tensiones identitarias y lógicas adaptativas en la oferta de servicios agrícolas Pampeanas (2009-2015)”. <em>Mundo Agrario</em>, 21(48), 156. https://dx.doi.org/https://doi.org/10.24215/15155994e156</li>
<li>Pérez Gañán, R. (2020). “Metabolismo agrario: una herramienta de análisis de las transiciones, las transformaciones territoriales y el espacio social argentino”. En J. M. Cerdá y G. Mateo (Eds.), La Ruralidad en Tensión (pp.111-146). Editorial Teseo.</li>
<li>De Arce, Alejandra y Rocío Pérez Gañán (2019). “Trabajar con el hogar a cuestas”. Tensiones de género en el cooperativismo agrario argentino: el caso de CONINAGRO”. Revista Latinoamericana de Antropología del trabajo, 3(5), 1-28.</li>
<li>De Arce, A. y Pérez Gañán, R. (2019). “Tiempos de producción y tiempos de sostenibilidad de la vida en el norte rural argentino a mediados del siglo XX”. En, A. de Arce y A. Franca (Eds.), Género, ruralidades y asociacionismo en América Latina (pp.37-61). Editorial CICCUS.</li>
<li>Pérez Gañán, R. (2018). “Entre ‘Cáritas’ y ‘trabajar demasiado’: etnia y religión en la experiencia migratoria del austro ecuatoriano y el centro-levante español”. Obets, 13(2), 621-644.</li>
<li>Pérez Gañán, R. (2018). ““El fuego que arde en las calles, también arde en la cocina”. Mujeres indígenas y otras formas de hacer política en los espacios rurales del Buen Vivir ecuatoriano y el Vivir Bien boliviano”. Revista Arenal. Revista de historia de las mujeres, 25(1), 95-121.</li>
<li>Pérez Gañán, R. y Moreno, G. (2018). “La emigración académica España-Ecuador durante el periodo de recesión económica: ¿Una geoestrategia de supervivencia de docentes e investigadores españoles?” Iberoamerican Journal of Development Studies, 7(1): 6-28.</li>
<li>Hayes, M. y Pérez Gañán, R. (2017). “North-South Migrations and the Asymmetric Expulsions of Late Capitalism: Global Inequality, Arbitrage, and New Dynamics of North-South Transnationalism”. Migration Studies, 5 (1), 116-135.</li>
<li>Pérez Gañán, R. y Neira, A. (2017). “Las abuelas de la migración. Cuidados, reciprocidad y relaciones de poder en la familia transnacional”. Migraciones, 41, 55-77.</li>
</ul>

<p>Categoría: Profesora Ayudante (Doctora en Antropología) Departamento: SOCIOLOGÍA Área: Sociología Dirección: Universidad de Oviedo. Departamento de Sociología. Facultad de Comercio, Turismo y Ciencias Sociales «Jovellanos», Gijón. Asturias (España). Despacho: 313-A. Correo: perezganmaria@uniovi.es Teléfono: (+34) 985 18 23 64 Profesora Ayudante Doctora en la Universidad de Oviedo. Becaria Postdoctoral en el Consejo Nacional de Investigaciones Científicas [&hellip;]</p>
