{"id":560,"date":"2015-12-24T11:40:09","date_gmt":"2015-12-24T10:40:09","guid":{"rendered":"http:\/\/www.unioviedo.es\/socialimen\/?page_id=560"},"modified":"2016-01-25T22:23:58","modified_gmt":"2016-01-25T21:23:58","slug":"personal-en-formacion","status":"publish","type":"page","link":"https:\/\/www.unioviedo.es\/socialimen\/equipo\/personal-en-formacion\/","title":{"rendered":"Personal en formaci\u00f3n"},"content":{"rendered":"\n<!-- Page-list plugin v.5.2 wordpress.org\/plugins\/page-list\/ -->\n<div class=\"page-list page-list-ext \">\n<div class=\"page-list-ext-item\"><div class=\"page-list-ext-image\"><a href=\"https:\/\/www.unioviedo.es\/socialimen\/equipo\/personal-en-formacion\/lydia-castellanos-hevia\/\" title=\"Lydia Castellanos Hevia\"><img decoding=\"async\" src=\"https:\/\/www.unioviedo.es\/socialimen\/wp-content\/uploads\/2023\/10\/foto-CV-100x100.jpg\" width=\"100\" alt=\"Lydia Castellanos Hevia\" \/><\/a><\/div> <h3 class=\"page-list-ext-title\"><a href=\"https:\/\/www.unioviedo.es\/socialimen\/equipo\/personal-en-formacion\/lydia-castellanos-hevia\/\" title=\"Lydia Castellanos Hevia\">Lydia Castellanos Hevia<\/a><\/h3><div class=\"page-list-ext-item-content\">\r\n\r\nCategor\u00eda:  BECARIA PREDOCTORAL\r\n\r\nDepartamento:  SOCIOLOG\u00cdA\r\n\r\nCorreo:  castellanoslydia@uniovi.es || UO251223@uniovi.es\r\nLydia Castellanos Hevia es graduada en Trabajo Social por la Universidad de Oviedo (2021) y M\u00e1ster en Prevenci\u00f3n de Riesgos Lab...<\/div><\/div>\n<div class=\"page-list-ext-item\"><div class=\"page-list-ext-image\"><a href=\"https:\/\/www.unioviedo.es\/socialimen\/equipo\/personal-en-formacion\/nerea-esmoris-varela\/\" title=\"Nerea Esmor\u00eds Varela\"><img decoding=\"async\" src=\"https:\/\/www.unioviedo.es\/socialimen\/wp-content\/uploads\/2021\/10\/nerea1-100x100.jpg\" width=\"100\" alt=\"Nerea Esmor\u00eds Varela\" \/><\/a><\/div> <h3 class=\"page-list-ext-title\"><a href=\"https:\/\/www.unioviedo.es\/socialimen\/equipo\/personal-en-formacion\/nerea-esmoris-varela\/\" title=\"Nerea Esmor\u00eds Varela\">Nerea Esmor\u00eds Varela<\/a><\/h3><div class=\"page-list-ext-item-content\">Categor\u00eda:  BECARIA PREDOCTORAL\r\n\r\nDepartamento:  SOCIOLOG\u00cdA\r\nT\u00e9cnica superior en Integraci\u00f3n Social (2014), Graduada en Sociolog\u00eda por la Universidad de A Coru\u00f1a (2018 y \u00a0M\u00e1ster en Historia y An\u00e1lisis Sociocultural por la Universidad de Oviedo (2019). ...<\/div><\/div>\n<div class=\"page-list-ext-item\"><div class=\"page-list-ext-image\"><a href=\"https:\/\/www.unioviedo.es\/socialimen\/equipo\/personal-en-formacion\/maria-gonzalez-alvarez\/\" title=\"Mar\u00eda Gonz\u00e1lez \u00c1lvarez\"><img decoding=\"async\" src=\"https:\/\/www.unioviedo.es\/socialimen\/wp-content\/uploads\/2016\/01\/Maria-Gonzalez-Alvarez-100x100.jpg\" width=\"100\" alt=\"Mar\u00eda Gonz\u00e1lez \u00c1lvarez\" \/><\/a><\/div> <h3 class=\"page-list-ext-title\"><a href=\"https:\/\/www.unioviedo.es\/socialimen\/equipo\/personal-en-formacion\/maria-gonzalez-alvarez\/\" title=\"Mar\u00eda Gonz\u00e1lez \u00c1lvarez\">Mar\u00eda Gonz\u00e1lez \u00c1lvarez<\/a><\/h3><div class=\"page-list-ext-item-content\">\r\n\r\nCategor\u00eda:  INVESTIGADORA\r\n\r\nDepartamento:  SOCIOLOG\u00cdA\r\n\r\n\u00c1rea:  Sociolog\u00eda\r\n\r\nDirecci\u00f3n:\u00a0 Universidad de Oviedo.\u00a0Departamento de Sociolog\u00eda.\u00a0Facultad de Econom\u00eda y Empresa.\u00a0Edificio Departamental, 2\u00ba Planta.\u00a0Campus de El Cristo.\r\n33006 Oviedo. Astu...<\/div><\/div>\n<div class=\"page-list-ext-item\"><div class=\"page-list-ext-image\"><a href=\"https:\/\/www.unioviedo.es\/socialimen\/equipo\/personal-en-formacion\/beatriz-rosete-alvarez\/\" title=\"Beatriz Rosete \u00c1lvarez\"><img decoding=\"async\" src=\"https:\/\/www.unioviedo.es\/socialimen\/wp-content\/uploads\/2020\/01\/beatriz-becaria-100x100.png\" width=\"100\" alt=\"Beatriz Rosete \u00c1lvarez\" \/><\/a><\/div> <h3 class=\"page-list-ext-title\"><a href=\"https:\/\/www.unioviedo.es\/socialimen\/equipo\/personal-en-formacion\/beatriz-rosete-alvarez\/\" title=\"Beatriz Rosete \u00c1lvarez\">Beatriz Rosete \u00c1lvarez<\/a><\/h3><div class=\"page-list-ext-item-content\">Categor\u00eda:  INVESTIGADORA. \r\n\r\nDepartamento:  SOCIOLOG\u00cdA\r\n\r\nEstudiante de Grado en Turismo de la Facultad de Turismo, Comercio y Ciencias Sociales \u201cJovellanos\u201d. Universidad de Oviedo. Gij\u00f3n. Ha obtenido la beca departamental para la realizaci\u00f3n del tra...<\/div><\/div>\n<div class=\"page-list-ext-item\"><div class=\"page-list-ext-image\"><a href=\"https:\/\/www.unioviedo.es\/socialimen\/equipo\/personal-en-formacion\/sergio-sanchez-jimenez\/\" title=\"Sergio S\u00e1nchez Jim\u00e9nez\"><img decoding=\"async\" src=\"https:\/\/www.unioviedo.es\/socialimen\/wp-content\/uploads\/2023\/10\/Sergio-web-100x100.jpg\" width=\"100\" alt=\"Sergio S\u00e1nchez Jim\u00e9nez\" \/><\/a><\/div> <h3 class=\"page-list-ext-title\"><a href=\"https:\/\/www.unioviedo.es\/socialimen\/equipo\/personal-en-formacion\/sergio-sanchez-jimenez\/\" title=\"Sergio S\u00e1nchez Jim\u00e9nez\">Sergio S\u00e1nchez Jim\u00e9nez<\/a><\/h3><div class=\"page-list-ext-item-content\">\r\n\r\nCategor\u00eda:  BECARIO PREDOCTORAL\r\n\r\nDepartamento:  SOCIOLOG\u00cdA\r\nGraduado en Sociolog\u00eda (2020) y M\u00e1ster en Servicios P\u00fablicos y Pol\u00edticas Sociales (2021), ambos por la Universidad de Salamanca. Ha trabajado en el medio rural salmantino evaluando el pr...<\/div><\/div>\n\n<\/div>\n","protected":false},"excerpt":{"rendered":"","protected":false},"author":2,"featured_media":0,"parent":46,"menu_order":0,"comment_status":"closed","ping_status":"closed","template":"","meta":{"_genesis_hide_title":false,"_genesis_hide_breadcrumbs":false,"_genesis_hide_singular_image":false,"_genesis_hide_footer_widgets":false,"_genesis_custom_body_class":"","_genesis_custom_post_class":"","_genesis_layout":"","footnotes":""},"class_list":{"0":"post-560","1":"page","2":"type-page","3":"status-publish","5":"entry","6":"gs-1","7":"gs-odd","8":"gs-even","9":"gs-featured-content-entry"},"_links":{"self":[{"href":"https:\/\/www.unioviedo.es\/socialimen\/wp-json\/wp\/v2\/pages\/560","targetHints":{"allow":["GET"]}}],"collection":[{"href":"https:\/\/www.unioviedo.es\/socialimen\/wp-json\/wp\/v2\/pages"}],"about":[{"href":"https:\/\/www.unioviedo.es\/socialimen\/wp-json\/wp\/v2\/types\/page"}],"author":[{"embeddable":true,"href":"https:\/\/www.unioviedo.es\/socialimen\/wp-json\/wp\/v2\/users\/2"}],"replies":[{"embeddable":true,"href":"https:\/\/www.unioviedo.es\/socialimen\/wp-json\/wp\/v2\/comments?post=560"}],"version-history":[{"count":1,"href":"https:\/\/www.unioviedo.es\/socialimen\/wp-json\/wp\/v2\/pages\/560\/revisions"}],"predecessor-version":[{"id":1072,"href":"https:\/\/www.unioviedo.es\/socialimen\/wp-json\/wp\/v2\/pages\/560\/revisions\/1072"}],"up":[{"embeddable":true,"href":"https:\/\/www.unioviedo.es\/socialimen\/wp-json\/wp\/v2\/pages\/46"}],"wp:attachment":[{"href":"https:\/\/www.unioviedo.es\/socialimen\/wp-json\/wp\/v2\/media?parent=560"}],"curies":[{"name":"wp","href":"https:\/\/api.w.org\/{rel}","templated":true}]}}

Personal en formación

<!-- Page-list plugin v.5.2 wordpress.org/plugins/page-list/ -->
<div class="page-list page-list-ext ">
<div class="page-list-ext-item"><div class="page-list-ext-image"><a href="https://www.unioviedo.es/socialimen/equipo/personal-en-formacion/lydia-castellanos-hevia/" title="Lydia Castellanos Hevia"><img decoding="async" src="https://www.unioviedo.es/socialimen/wp-content/uploads/2023/10/foto-CV-100x100.jpg" width="100" alt="Lydia Castellanos Hevia" /></a></div> <h3 class="page-list-ext-title"><a href="https://www.unioviedo.es/socialimen/equipo/personal-en-formacion/lydia-castellanos-hevia/" title="Lydia Castellanos Hevia">Lydia Castellanos Hevia</a></h3><div class="page-list-ext-item-content">

Categoría:  BECARIA PREDOCTORAL

Departamento:  SOCIOLOGÍA

Correo:  castellanoslydia@uniovi.es || UO251223@uniovi.es
Lydia Castellanos Hevia es graduada en Trabajo Social por la Universidad de Oviedo (2021) y Máster en Prevención de Riesgos Lab...</div></div>
<div class="page-list-ext-item"><div class="page-list-ext-image"><a href="https://www.unioviedo.es/socialimen/equipo/personal-en-formacion/nerea-esmoris-varela/" title="Nerea Esmorís Varela"><img decoding="async" src="https://www.unioviedo.es/socialimen/wp-content/uploads/2021/10/nerea1-100x100.jpg" width="100" alt="Nerea Esmorís Varela" /></a></div> <h3 class="page-list-ext-title"><a href="https://www.unioviedo.es/socialimen/equipo/personal-en-formacion/nerea-esmoris-varela/" title="Nerea Esmorís Varela">Nerea Esmorís Varela</a></h3><div class="page-list-ext-item-content">Categoría:  BECARIA PREDOCTORAL

Departamento:  SOCIOLOGÍA
Técnica superior en Integración Social (2014), Graduada en Sociología por la Universidad de A Coruña (2018 y  Máster en Historia y Análisis Sociocultural por la Universidad de Oviedo (2019). ...</div></div>
<div class="page-list-ext-item"><div class="page-list-ext-image"><a href="https://www.unioviedo.es/socialimen/equipo/personal-en-formacion/maria-gonzalez-alvarez/" title="María González Álvarez"><img decoding="async" src="https://www.unioviedo.es/socialimen/wp-content/uploads/2016/01/Maria-Gonzalez-Alvarez-100x100.jpg" width="100" alt="María González Álvarez" /></a></div> <h3 class="page-list-ext-title"><a href="https://www.unioviedo.es/socialimen/equipo/personal-en-formacion/maria-gonzalez-alvarez/" title="María González Álvarez">María González Álvarez</a></h3><div class="page-list-ext-item-content">

Categoría:  INVESTIGADORA

Departamento:  SOCIOLOGÍA

Área:  Sociología

Dirección:  Universidad de Oviedo. Departamento de Sociología. Facultad de Economía y Empresa. Edificio Departamental, 2º Planta. Campus de El Cristo.
33006 Oviedo. Astu...</div></div>
<div class="page-list-ext-item"><div class="page-list-ext-image"><a href="https://www.unioviedo.es/socialimen/equipo/personal-en-formacion/beatriz-rosete-alvarez/" title="Beatriz Rosete Álvarez"><img decoding="async" src="https://www.unioviedo.es/socialimen/wp-content/uploads/2020/01/beatriz-becaria-100x100.png" width="100" alt="Beatriz Rosete Álvarez" /></a></div> <h3 class="page-list-ext-title"><a href="https://www.unioviedo.es/socialimen/equipo/personal-en-formacion/beatriz-rosete-alvarez/" title="Beatriz Rosete Álvarez">Beatriz Rosete Álvarez</a></h3><div class="page-list-ext-item-content">Categoría:  INVESTIGADORA. 

Departamento:  SOCIOLOGÍA

Estudiante de Grado en Turismo de la Facultad de Turismo, Comercio y Ciencias Sociales “Jovellanos”. Universidad de Oviedo. Gijón. Ha obtenido la beca departamental para la realización del tra...</div></div>
<div class="page-list-ext-item"><div class="page-list-ext-image"><a href="https://www.unioviedo.es/socialimen/equipo/personal-en-formacion/sergio-sanchez-jimenez/" title="Sergio Sánchez Jiménez"><img decoding="async" src="https://www.unioviedo.es/socialimen/wp-content/uploads/2023/10/Sergio-web-100x100.jpg" width="100" alt="Sergio Sánchez Jiménez" /></a></div> <h3 class="page-list-ext-title"><a href="https://www.unioviedo.es/socialimen/equipo/personal-en-formacion/sergio-sanchez-jimenez/" title="Sergio Sánchez Jiménez">Sergio Sánchez Jiménez</a></h3><div class="page-list-ext-item-content">

Categoría:  BECARIO PREDOCTORAL

Departamento:  SOCIOLOGÍA
Graduado en Sociología (2020) y Máster en Servicios Públicos y Políticas Sociales (2021), ambos por la Universidad de Salamanca. Ha trabajado en el medio rural salmantino evaluando el pr...</div></div>

</div>
