{"id":5795,"date":"2024-07-22T10:02:17","date_gmt":"2024-07-22T09:02:17","guid":{"rendered":"https:\/\/www.unioviedo.es\/vivireuropa\/?page_id=5795"},"modified":"2024-07-22T10:22:00","modified_gmt":"2024-07-22T09:22:00","slug":"proyectos-vivir-europa-ii-dia-de-europa","status":"publish","type":"page","link":"https:\/\/www.unioviedo.es\/vivireuropa\/index.php\/proyectos-vivir-europa-ii-dia-de-europa\/","title":{"rendered":"Proyectos: Vivir Europa II &#8211; D\u00eda de Europa"},"content":{"rendered":"\t\t<div data-elementor-type=\"wp-page\" data-elementor-id=\"5795\" class=\"elementor elementor-5795\">\n\t\t\t\t<div class=\"elementor-element elementor-element-39833b5 e-flex e-con-boxed e-con e-parent\" data-id=\"39833b5\" data-element_type=\"container\" data-e-type=\"container\">\n\t\t\t\t\t<div class=\"e-con-inner\">\n\t\t\t\t<div class=\"elementor-element elementor-element-2e2b315 elementor-widget__width-initial elementor-widget elementor-widget-heading\" data-id=\"2e2b315\" data-element_type=\"widget\" data-e-type=\"widget\" data-widget_type=\"heading.default\">\n\t\t\t\t<div class=\"elementor-widget-container\">\n\t\t\t\t\t<h2 class=\"elementor-heading-title elementor-size-default\">Vivir Europa II<\/h2>\t\t\t\t<\/div>\n\t\t\t\t<\/div>\n\t\t\t\t\t<\/div>\n\t\t\t\t<\/div>\n\t\t<div class=\"elementor-element elementor-element-8797845 e-flex e-con-boxed e-con e-parent\" data-id=\"8797845\" data-element_type=\"container\" data-e-type=\"container\">\n\t\t\t\t\t<div class=\"e-con-inner\">\n\t\t<div class=\"elementor-element elementor-element-7e1f692 e-con-full e-flex e-con e-child\" data-id=\"7e1f692\" data-element_type=\"container\" data-e-type=\"container\">\n\t\t<div class=\"elementor-element elementor-element-e1cdefa e-con-full e-flex e-con e-child\" data-id=\"e1cdefa\" data-element_type=\"container\" data-e-type=\"container\">\n\t\t<div class=\"elementor-element elementor-element-1bd702e e-con-full e-flex e-con e-child\" data-id=\"1bd702e\" data-element_type=\"container\" data-e-type=\"container\" data-settings=\"{&quot;background_background&quot;:&quot;classic&quot;}\">\n\t\t\t\t<div class=\"elementor-element elementor-element-5009768 elementor-widget elementor-widget-heading\" data-id=\"5009768\" data-element_type=\"widget\" data-e-type=\"widget\" data-widget_type=\"heading.default\">\n\t\t\t\t<div class=\"elementor-widget-container\">\n\t\t\t\t\t<h5 class=\"elementor-heading-title elementor-size-default\">D\u00eda de Europa<\/h5>\t\t\t\t<\/div>\n\t\t\t\t<\/div>\n\t\t\t\t<\/div>\n\t\t\t\t<\/div>\n\t\t\t\t<div class=\"elementor-element elementor-element-d280016 elementor-widget elementor-widget-text-editor\" data-id=\"d280016\" data-element_type=\"widget\" data-e-type=\"widget\" data-widget_type=\"text-editor.default\">\n\t\t\t\t<div class=\"elementor-widget-container\">\n\t\t\t\t\t\t\t\t\t<p align=\"justify\">Durante el curso 2013-14 se est\u00e1 desarrollando en Asturias la segunda edici\u00f3n del proyecto Vivir Europa: La UE en la escuela, financiado por la Comisi\u00f3n Europea, a trav\u00e9s del programa Jean Monnet.<\/p><p align=\"justify\">Este proyecto consta de seis partes diferenciadas, ideadas todas para suscitar en el alumnado de ESO y FP el inter\u00e9s y el conocimiento de la idea europa. Una de ellas ha sido la realizaci\u00f3n de talleres en distintos centros escolares y otra la convocatoria de un concurso, al cual podr\u00edan presentarse los escolares asistentes a los talleres, elaborando un trabajo sobre alguna de las tem\u00e1ticas tratadas en ellos.<\/p><p align=\"justify\">Una parte del trabajo se ha plasmado en distintos carteles sobre Europa, que ser\u00e1n expuestos en la Biblioteca de la Facultad de Comercio, Turismo y Ciencias Sociales \u00abJovellanos\u00bb de Gij\u00f3n entre el 6 y el 18 de mayo.<\/p><p align=\"justify\">La ma\u00f1ana del viernes 9 de mayo, d\u00eda de Europa, los participantes en el proyecto que lo hayan solicitado podr\u00e1n acudir a La Laboral, ciudad de la cultura, a un acto que tendr\u00e1 un contenido m\u00faltiple. Por una parte podr\u00e1n visitar la exposici\u00f3n de sus trabajos y todos los participantes en el concurso recibir\u00e1n un diploma acreditativo. Por otra parte, se realizar\u00e1 un encuentro interactivo con dos europarlamentarios, a los que los estudiantes podr\u00e1n plantear las preguntas que consideren oportunas acerca del funcionamiento de Europa, la pol\u00edtica, las elecciones al Parlamento Europeo, etc. En este acto, adem\u00e1s, se har\u00e1 p\u00fablica el fallo del concurso.<\/p><p align=\"justify\">El programa previsto es el siguiente:<\/p><p align=\"justify\">11,00 a 12,00: Llegada de los asistentes y visita de la exposici\u00f3n.<\/p><p align=\"justify\">12,00 a 12,10: Se izar\u00e1 la bandera de Europa en la entrada a la Facultad Jovellanos.<\/p><p align=\"justify\">12,10 a 13,20: Acto Conmemorativo del D\u00eda de Europa, con la presentaci\u00f3n a los estudiantes de los europarlamentarios D. Antonio Masip Hidalgo y D. Salvador Garriga Polledo y la posterior ronda de preguntas a cargo de estos.<\/p><p align=\"justify\">13,20: Lectura del acta del jurado del concurso Vivir Europa II y entrega de diplomas a los ganadores.<\/p><p align=\"justify\">13,30: Clausura del acto<\/p>\t\t\t\t\t\t\t\t<\/div>\n\t\t\t\t<\/div>\n\t\t\t\t<\/div>\n\t\t\t\t\t<\/div>\n\t\t\t\t<\/div>\n\t\t<div class=\"elementor-element elementor-element-3b18fb9 e-flex e-con-boxed e-con e-parent\" data-id=\"3b18fb9\" data-element_type=\"container\" data-e-type=\"container\">\n\t\t\t\t\t<div class=\"e-con-inner\">\n\t\t<div class=\"elementor-element elementor-element-de20466 e-con-full e-flex e-con e-child\" data-id=\"de20466\" data-element_type=\"container\" data-e-type=\"container\">\n\t\t\t\t<div class=\"elementor-element elementor-element-48be739 elementor-align-center elementor-widget elementor-widget-button\" data-id=\"48be739\" data-element_type=\"widget\" data-e-type=\"widget\" data-widget_type=\"button.default\">\n\t\t\t\t<div class=\"elementor-widget-container\">\n\t\t\t\t\t\t\t\t\t<div class=\"elementor-button-wrapper\">\n\t\t\t\t\t<a class=\"elementor-button elementor-button-link elementor-size-sm elementor-animation-grow\" href=\"https:\/\/www.unioviedo.es\/vivireuropa\/index.php\/proyectos-vivir-europa-ii\/\">\n\t\t\t\t\t\t<span class=\"elementor-button-content-wrapper\">\n\t\t\t\t\t\t<span class=\"elementor-button-icon\">\n\t\t\t\t<svg aria-hidden=\"true\" class=\"e-font-icon-svg e-fas-arrow-alt-circle-left\" viewBox=\"0 0 512 512\" xmlns=\"http:\/\/www.w3.org\/2000\/svg\"><path d=\"M256 504C119 504 8 393 8 256S119 8 256 8s248 111 248 248-111 248-248 248zm116-292H256v-70.9c0-10.7-13-16.1-20.5-8.5L121.2 247.5c-4.7 4.7-4.7 12.2 0 16.9l114.3 114.9c7.6 7.6 20.5 2.2 20.5-8.5V300h116c6.6 0 12-5.4 12-12v-64c0-6.6-5.4-12-12-12z\"><\/path><\/svg>\t\t\t<\/span>\n\t\t\t\t\t\t\t\t\t<span class=\"elementor-button-text\">Volver<\/span>\n\t\t\t\t\t<\/span>\n\t\t\t\t\t<\/a>\n\t\t\t\t<\/div>\n\t\t\t\t\t\t\t\t<\/div>\n\t\t\t\t<\/div>\n\t\t\t\t<\/div>\n\t\t\t\t\t<\/div>\n\t\t\t\t<\/div>\n\t\t\t\t<\/div>\n\t\t","protected":false},"excerpt":{"rendered":"<p>Vivir Europa II D\u00eda de Europa Durante el curso 2013-14 se est\u00e1 desarrollando en Asturias la segunda edici\u00f3n del proyecto Vivir Europa: La UE en la escuela, financiado por la Comisi\u00f3n Europea, a trav\u00e9s del programa Jean Monnet. Este proyecto consta de seis partes diferenciadas, ideadas todas para suscitar en el alumnado de ESO y [&hellip;]<\/p>\n","protected":false},"author":667,"featured_media":0,"parent":0,"menu_order":0,"comment_status":"closed","ping_status":"closed","template":"","meta":{"footnotes":""},"class_list":["post-5795","page","type-page","status-publish","hentry"],"blocksy_meta":{"page_title_panel":"","has_hero_section":"disabled","97ee15f25a4197e406aa66b5a6e1cc4a":"","hero_section":"type-1","hero_elements":[{"id":"custom_title","enabled":true,"heading_tag":"h1","title":"Home"},{"id":"custom_description","enabled":true,"description_visibility":{"desktop":true,"tablet":true,"mobile":false}},{"id":"custom_meta","enabled":false,"meta_elements":[{"id":"author","enabled":true,"label":"By","has_author_avatar":"yes","avatar_size":25},{"id":"post_date","enabled":true,"label":"On","date_format_source":"default","date_format":"M j, Y"},{"id":"updated_date","enabled":false,"label":"On","date_format_source":"default","date_format":"M j, Y"},{"id":"categories","enabled":false,"label":"In","style":"simple"},{"id":"comments","enabled":true}],"page_meta_elements":{"joined":true,"articles_count":true,"comments":true}},{"id":"breadcrumbs","enabled":false}],"e383a482344f65eacb9516af82d8ed80":"","hero_alignment1":"CT_CSS_SKIP_RULE","hero_margin":40,"hero_alignment2":"center","hero_vertical_alignment":"center","aa7b568f8a77bfd0b9648c22ccb00685":"","hero_structure":"narrow","b4ba0b41affd6111d96beeceb6f9817f":"","page_title_bg_type":"featured_image","custom_hero_background":{"attachment_id":null},"page_title_image_size":"full","parallax":{"desktop":false,"tablet":false,"mobile":false},"14d5fc5fd9b9278b692d6150f1075e8a":"","hero_height":"250px","pageTitleFont":{"family":"Default","variation":"Default","size":"30px","line-height":"CT_CSS_SKIP_RULE","letter-spacing":"CT_CSS_SKIP_RULE","text-transform":"CT_CSS_SKIP_RULE","text-decoration":"CT_CSS_SKIP_RULE"},"pageTitleFontColor":{"default":{"color":"CT_CSS_SKIP_RULEDEFAULT"}},"pageMetaFont":{"family":"Default","variation":"n6","size":"12px","line-height":"1.3","letter-spacing":"CT_CSS_SKIP_RULE","text-transform":"uppercase","text-decoration":"CT_CSS_SKIP_RULE"},"pageMetaFontColor":{"default":{"color":"CT_CSS_SKIP_RULEDEFAULT"},"hover":{"color":"CT_CSS_SKIP_RULEDEFAULT"}},"page_meta_button_type_font_colors":{"default":{"color":"CT_CSS_SKIP_RULEDEFAULT"},"hover":{"color":"CT_CSS_SKIP_RULEDEFAULT"}},"page_meta_button_type_background_colors":{"default":{"color":"CT_CSS_SKIP_RULEDEFAULT"},"hover":{"color":"CT_CSS_SKIP_RULEDEFAULT"}},"pageExcerptFont":{"family":"Default","variation":"Default","size":"CT_CSS_SKIP_RULE","line-height":"CT_CSS_SKIP_RULE","letter-spacing":"CT_CSS_SKIP_RULE","text-transform":"CT_CSS_SKIP_RULE","text-decoration":"CT_CSS_SKIP_RULE"},"pageExcerptColor":{"default":{"color":"CT_CSS_SKIP_RULEDEFAULT"}},"breadcrumbsFont":{"family":"Default","variation":"Default","size":"CT_CSS_SKIP_RULE","line-height":"CT_CSS_SKIP_RULE","letter-spacing":"CT_CSS_SKIP_RULE","text-transform":"CT_CSS_SKIP_RULE","text-decoration":"CT_CSS_SKIP_RULE"},"breadcrumbsFontColor":{"default":{"color":"CT_CSS_SKIP_RULEDEFAULT"},"initial":{"color":"CT_CSS_SKIP_RULEDEFAULT"},"hover":{"color":"CT_CSS_SKIP_RULEDEFAULT"}},"pageTitleOverlay":{"background_type":"color","background_pattern":"type-1","background_image":{"attachment_id":null,"x":0,"y":0},"gradient":"linear-gradient(135deg,rgba(6,147,227,1) 0%,rgb(155,81,224) 100%)","background_repeat":"repeat","background_size":"auto","background_attachment":"scroll","patternColor":{"default":{"color":"#e5e7ea"}},"overlayColor":{"default":{"color":"CT_CSS_SKIP_RULE"}},"backgroundColor":{"default":{"color":"CT_CSS_SKIP_RULE"}}},"pageTitleBackground":{"background_type":"color","background_pattern":"type-1","background_image":{"attachment_id":null,"x":0,"y":0},"gradient":"linear-gradient(135deg,rgba(6,147,227,1) 0%,rgb(155,81,224) 100%)","background_repeat":"repeat","background_size":"auto","background_attachment":"scroll","patternColor":{"default":{"color":"#e5e7ea"}},"overlayColor":{"default":{"color":"CT_CSS_SKIP_RULE"}},"backgroundColor":{"default":{"color":"var(--theme-palette-color-6)"}}},"pageTitlePadding":{"top":"50px","bottom":"50px","left":"auto","right":"auto","linked":true},"202f0cbc398d714e048b39197ae71e6d":"","page_structure_type":"default","854bd40f7f8b4d7a95aa3e0f49708ea4":"","content_style_source":"inherit","content_style":"wide","vertical_spacing_source":"custom","content_area_spacing":"none","background":{"background_type":"color","background_pattern":"type-1","background_image":{"attachment_id":null,"x":0,"y":0},"gradient":"linear-gradient(135deg,rgba(6,147,227,1) 0%,rgb(155,81,224) 100%)","background_repeat":"repeat","background_size":"auto","background_attachment":"scroll","patternColor":{"default":{"color":"#e5e7ea"}},"overlayColor":{"default":{"color":"CT_CSS_SKIP_RULE"}},"backgroundColor":{"default":{"color":"CT_CSS_SKIP_RULE"}}},"content_background":{"background_type":"color","background_pattern":"type-1","background_image":{"attachment_id":null,"x":0,"y":0},"gradient":"linear-gradient(135deg,rgba(6,147,227,1) 0%,rgb(155,81,224) 100%)","background_repeat":"repeat","background_size":"auto","background_attachment":"scroll","patternColor":{"default":{"color":"#e5e7ea"}},"overlayColor":{"default":{"color":"CT_CSS_SKIP_RULE"}},"backgroundColor":{"default":{"color":"var(--theme-palette-color-8)"}}},"content_boxed_shadow":{"inherit":false,"blur":18,"spread":-6,"v_offset":12,"h_offset":0,"inset":false,"enable":true,"color":{"color":"rgba(34, 56, 101, 0.04)"}},"content_boxed_border":{"width":1,"style":"none","color":{"color":"rgba(44,62,80,0.2)"}},"content_boxed_radius":{"top":"3px","bottom":"3px","left":"3px","right":"3px","linked":true},"boxed_content_spacing":{"desktop":{"top":"40px","bottom":"40px","left":"40px","right":"40px","linked":true},"tablet":{"top":"35px","bottom":"35px","left":"35px","right":"35px","linked":true},"mobile":{"top":"20px","bottom":"20px","left":"20px","right":"20px","linked":true}},"b0da049bbc9a67cf3a03559f10c8de95":"","disable_featured_image":"no","disable_share_box":"no","disable_header":"no","disable_footer":"no","styles_descriptor":{"styles":{"desktop":"","tablet":"","mobile":""},"google_fonts":[],"version":6}},"_links":{"self":[{"href":"https:\/\/www.unioviedo.es\/vivireuropa\/index.php\/wp-json\/wp\/v2\/pages\/5795","targetHints":{"allow":["GET"]}}],"collection":[{"href":"https:\/\/www.unioviedo.es\/vivireuropa\/index.php\/wp-json\/wp\/v2\/pages"}],"about":[{"href":"https:\/\/www.unioviedo.es\/vivireuropa\/index.php\/wp-json\/wp\/v2\/types\/page"}],"author":[{"embeddable":true,"href":"https:\/\/www.unioviedo.es\/vivireuropa\/index.php\/wp-json\/wp\/v2\/users\/667"}],"replies":[{"embeddable":true,"href":"https:\/\/www.unioviedo.es\/vivireuropa\/index.php\/wp-json\/wp\/v2\/comments?post=5795"}],"version-history":[{"count":4,"href":"https:\/\/www.unioviedo.es\/vivireuropa\/index.php\/wp-json\/wp\/v2\/pages\/5795\/revisions"}],"predecessor-version":[{"id":5800,"href":"https:\/\/www.unioviedo.es\/vivireuropa\/index.php\/wp-json\/wp\/v2\/pages\/5795\/revisions\/5800"}],"wp:attachment":[{"href":"https:\/\/www.unioviedo.es\/vivireuropa\/index.php\/wp-json\/wp\/v2\/media?parent=5795"}],"curies":[{"name":"wp","href":"https:\/\/api.w.org\/{rel}","templated":true}]}}

Proyectos: Vivir Europa II &#8211; Día de Europa

<div data-elementor-type="wp-page" data-elementor-id="5795" class="elementor elementor-5795">
				<div class="elementor-element elementor-element-39833b5 e-flex e-con-boxed e-con e-parent" data-id="39833b5" data-element_type="container" data-e-type="container">
					<div class="e-con-inner">
				<div class="elementor-element elementor-element-2e2b315 elementor-widget__width-initial elementor-widget elementor-widget-heading" data-id="2e2b315" data-element_type="widget" data-e-type="widget" data-widget_type="heading.default">
				<div class="elementor-widget-container">
					<h2 class="elementor-heading-title elementor-size-default">Vivir Europa II</h2>				</div>
				</div>
					</div>
				</div>
		<div class="elementor-element elementor-element-8797845 e-flex e-con-boxed e-con e-parent" data-id="8797845" data-element_type="container" data-e-type="container">
					<div class="e-con-inner">
		<div class="elementor-element elementor-element-7e1f692 e-con-full e-flex e-con e-child" data-id="7e1f692" data-element_type="container" data-e-type="container">
		<div class="elementor-element elementor-element-e1cdefa e-con-full e-flex e-con e-child" data-id="e1cdefa" data-element_type="container" data-e-type="container">
		<div class="elementor-element elementor-element-1bd702e e-con-full e-flex e-con e-child" data-id="1bd702e" data-element_type="container" data-e-type="container" data-settings="{&quot;background_background&quot;:&quot;classic&quot;}">
				<div class="elementor-element elementor-element-5009768 elementor-widget elementor-widget-heading" data-id="5009768" data-element_type="widget" data-e-type="widget" data-widget_type="heading.default">
				<div class="elementor-widget-container">
					<h5 class="elementor-heading-title elementor-size-default">Día de Europa</h5>				</div>
				</div>
				</div>
				</div>
				<div class="elementor-element elementor-element-d280016 elementor-widget elementor-widget-text-editor" data-id="d280016" data-element_type="widget" data-e-type="widget" data-widget_type="text-editor.default">
				<div class="elementor-widget-container">
									<p align="justify">Durante el curso 2013-14 se está desarrollando en Asturias la segunda edición del proyecto Vivir Europa: La UE en la escuela, financiado por la Comisión Europea, a través del programa Jean Monnet.</p><p align="justify">Este proyecto consta de seis partes diferenciadas, ideadas todas para suscitar en el alumnado de ESO y FP el interés y el conocimiento de la idea europa. Una de ellas ha sido la realización de talleres en distintos centros escolares y otra la convocatoria de un concurso, al cual podrían presentarse los escolares asistentes a los talleres, elaborando un trabajo sobre alguna de las temáticas tratadas en ellos.</p><p align="justify">Una parte del trabajo se ha plasmado en distintos carteles sobre Europa, que serán expuestos en la Biblioteca de la Facultad de Comercio, Turismo y Ciencias Sociales «Jovellanos» de Gijón entre el 6 y el 18 de mayo.</p><p align="justify">La mañana del viernes 9 de mayo, día de Europa, los participantes en el proyecto que lo hayan solicitado podrán acudir a La Laboral, ciudad de la cultura, a un acto que tendrá un contenido múltiple. Por una parte podrán visitar la exposición de sus trabajos y todos los participantes en el concurso recibirán un diploma acreditativo. Por otra parte, se realizará un encuentro interactivo con dos europarlamentarios, a los que los estudiantes podrán plantear las preguntas que consideren oportunas acerca del funcionamiento de Europa, la política, las elecciones al Parlamento Europeo, etc. En este acto, además, se hará pública el fallo del concurso.</p><p align="justify">El programa previsto es el siguiente:</p><p align="justify">11,00 a 12,00: Llegada de los asistentes y visita de la exposición.</p><p align="justify">12,00 a 12,10: Se izará la bandera de Europa en la entrada a la Facultad Jovellanos.</p><p align="justify">12,10 a 13,20: Acto Conmemorativo del Día de Europa, con la presentación a los estudiantes de los europarlamentarios D. Antonio Masip Hidalgo y D. Salvador Garriga Polledo y la posterior ronda de preguntas a cargo de estos.</p><p align="justify">13,20: Lectura del acta del jurado del concurso Vivir Europa II y entrega de diplomas a los ganadores.</p><p align="justify">13,30: Clausura del acto</p>								</div>
				</div>
				</div>
					</div>
				</div>
		<div class="elementor-element elementor-element-3b18fb9 e-flex e-con-boxed e-con e-parent" data-id="3b18fb9" data-element_type="container" data-e-type="container">
					<div class="e-con-inner">
		<div class="elementor-element elementor-element-de20466 e-con-full e-flex e-con e-child" data-id="de20466" data-element_type="container" data-e-type="container">
				<div class="elementor-element elementor-element-48be739 elementor-align-center elementor-widget elementor-widget-button" data-id="48be739" data-element_type="widget" data-e-type="widget" data-widget_type="button.default">
				<div class="elementor-widget-container">
									<div class="elementor-button-wrapper">
					<a class="elementor-button elementor-button-link elementor-size-sm elementor-animation-grow" href="https://www.unioviedo.es/vivireuropa/index.php/proyectos-vivir-europa-ii/">
						<span class="elementor-button-content-wrapper">
						<span class="elementor-button-icon">
				<svg aria-hidden="true" class="e-font-icon-svg e-fas-arrow-alt-circle-left" viewBox="0 0 512 512" xmlns="http://www.w3.org/2000/svg"><path d="M256 504C119 504 8 393 8 256S119 8 256 8s248 111 248 248-111 248-248 248zm116-292H256v-70.9c0-10.7-13-16.1-20.5-8.5L121.2 247.5c-4.7 4.7-4.7 12.2 0 16.9l114.3 114.9c7.6 7.6 20.5 2.2 20.5-8.5V300h116c6.6 0 12-5.4 12-12v-64c0-6.6-5.4-12-12-12z"></path></svg>			</span>
									<span class="elementor-button-text">Volver</span>
					</span>
					</a>
				</div>
								</div>
				</div>
				</div>
					</div>
				</div>
				</div>

<p>Vivir Europa II Día de Europa Durante el curso 2013-14 se está desarrollando en Asturias la segunda edición del proyecto Vivir Europa: La UE en la escuela, financiado por la Comisión Europea, a través del programa Jean Monnet. Este proyecto consta de seis partes diferenciadas, ideadas todas para suscitar en el alumnado de ESO y [&hellip;]</p>
