{"id":1033,"date":"2019-10-11T16:01:23","date_gmt":"2019-10-11T14:01:23","guid":{"rendered":"http:\/\/www.unioviedo.es\/xixonsostenibilidad\/wp-content\/uploads\/2019\/10\/Conferencia-Turismo-Gij\u00f3n-septiembre-2019-para-el-alumnado.pdf"},"modified":"2019-10-11T16:01:23","modified_gmt":"2019-10-11T14:01:23","slug":"conferencia-turismo-gijon-septiembre-2019-para-el-alumnado","status":"inherit","type":"attachment","link":"https:\/\/www.unioviedo.es\/xixonsostenibilidad\/index.php\/documentos-relacionados\/conferencia-turismo-gijon-septiembre-2019-para-el-alumnado\/","title":{"rendered":"Conferencia-Turismo-Gij\u00f3n-septiembre-2019-para-el-alumnado"},"author":1,"featured_media":0,"comment_status":"closed","ping_status":"closed","template":"","meta":{"_crdt_document":"","_exactmetrics_skip_tracking":false,"_exactmetrics_sitenote_active":false,"_exactmetrics_sitenote_note":"","_exactmetrics_sitenote_category":0},"class_list":["post-1033","attachment","type-attachment","status-inherit","hentry"],"filename":"Conferencia-Turismo-Gij\u00f3n-septiembre-2019-para-el-alumnado.pdf","filesize":11623273,"yoast_head":"<!-- This site is optimized with the Yoast SEO plugin v27.5 - https:\/\/yoast.com\/product\/yoast-seo-wordpress\/ -->\n<title>Conferencia-Turismo-Gij\u00f3n-septiembre-2019-para-el-alumnado - C\u00e1tedra Milla del Conocimiento: Gij\u00f3n Sostenibilidad<\/title>\n<meta name=\"robots\" content=\"index, follow, max-snippet:-1, max-image-preview:large, max-video-preview:-1\" \/>\n<link rel=\"canonical\" href=\"https:\/\/www.unioviedo.es\/xixonsostenibilidad\/wp-content\/uploads\/2019\/10\/Conferencia-Turismo-Gij\u00f3n-septiembre-2019-para-el-alumnado.pdf\" \/>\n<meta property=\"og:locale\" content=\"es_ES\" \/>\n<meta property=\"og:type\" content=\"article\" \/>\n<meta property=\"og:title\" content=\"Conferencia-Turismo-Gij\u00f3n-septiembre-2019-para-el-alumnado - C\u00e1tedra Milla del Conocimiento: Gij\u00f3n Sostenibilidad\" \/>\n<meta property=\"og:description\" content=\"Conferencia-Turismo-Gij\u00f3n-septiembre-2019-para-el-alumnado\" \/>\n<meta property=\"og:url\" content=\"https:\/\/www.unioviedo.es\/xixonsostenibilidad\/wp-content\/uploads\/2019\/10\/Conferencia-Turismo-Gij\u00f3n-septiembre-2019-para-el-alumnado.pdf\" \/>\n<meta property=\"og:site_name\" content=\"C\u00e1tedra Milla del Conocimiento: Gij\u00f3n Sostenibilidad\" \/>\n<meta name=\"twitter:card\" content=\"summary_large_image\" \/>\n<script type=\"application\/ld+json\" class=\"yoast-schema-graph\">{\"@context\":\"https:\\\/\\\/schema.org\",\"@graph\":[{\"@type\":\"WebPage\",\"@id\":\"https:\\\/\\\/www.unioviedo.es\\\/xixonsostenibilidad\\\/wp-content\\\/uploads\\\/2019\\\/10\\\/Conferencia-Turismo-Gij\u00f3n-septiembre-2019-para-el-alumnado.pdf\",\"url\":\"https:\\\/\\\/www.unioviedo.es\\\/xixonsostenibilidad\\\/wp-content\\\/uploads\\\/2019\\\/10\\\/Conferencia-Turismo-Gij\u00f3n-septiembre-2019-para-el-alumnado.pdf\",\"name\":\"Conferencia-Turismo-Gij\u00f3n-septiembre-2019-para-el-alumnado - C\u00e1tedra Milla del Conocimiento: Gij\u00f3n Sostenibilidad\",\"isPartOf\":{\"@id\":\"https:\\\/\\\/www.unioviedo.es\\\/xixonsostenibilidad\\\/#website\"},\"datePublished\":\"2019-10-11T14:01:23+00:00\",\"breadcrumb\":{\"@id\":\"https:\\\/\\\/www.unioviedo.es\\\/xixonsostenibilidad\\\/wp-content\\\/uploads\\\/2019\\\/10\\\/Conferencia-Turismo-Gij\u00f3n-septiembre-2019-para-el-alumnado.pdf#breadcrumb\"},\"inLanguage\":\"es\",\"potentialAction\":[{\"@type\":\"ReadAction\",\"target\":[\"https:\\\/\\\/www.unioviedo.es\\\/xixonsostenibilidad\\\/wp-content\\\/uploads\\\/2019\\\/10\\\/Conferencia-Turismo-Gij\u00f3n-septiembre-2019-para-el-alumnado.pdf\"]}]},{\"@type\":\"BreadcrumbList\",\"@id\":\"https:\\\/\\\/www.unioviedo.es\\\/xixonsostenibilidad\\\/wp-content\\\/uploads\\\/2019\\\/10\\\/Conferencia-Turismo-Gij\u00f3n-septiembre-2019-para-el-alumnado.pdf#breadcrumb\",\"itemListElement\":[{\"@type\":\"ListItem\",\"position\":1,\"name\":\"Portada\",\"item\":\"https:\\\/\\\/www.unioviedo.es\\\/xixonsostenibilidad\\\/\"},{\"@type\":\"ListItem\",\"position\":2,\"name\":\"Documentos\\\/ Presentaciones \\\/ Im\u00e1genes\",\"item\":\"https:\\\/\\\/www.unioviedo.es\\\/xixonsostenibilidad\\\/index.php\\\/documentos-relacionados\\\/\"},{\"@type\":\"ListItem\",\"position\":3,\"name\":\"Conferencia-Turismo-Gij\u00f3n-septiembre-2019-para-el-alumnado\"}]},{\"@type\":\"WebSite\",\"@id\":\"https:\\\/\\\/www.unioviedo.es\\\/xixonsostenibilidad\\\/#website\",\"url\":\"https:\\\/\\\/www.unioviedo.es\\\/xixonsostenibilidad\\\/\",\"name\":\"C\u00e1tedra Milla del Conocimiento: Gij\u00f3n Sostenibilidad\",\"description\":\"Las actividades de la C\u00e1tedra est\u00e1n patrocinadas por el Ayuntamiento de Gij\u00f3n\\\/Xix\u00f3n y pretende convertirse en un espacio interdisciplinario, reflexivo y abierto que contribuya a reorientar la actividad econ\u00f3mica y empresarial hacia el desarrollo sostenible de nuestro entorno en general, y del turismo en particular\",\"publisher\":{\"@id\":\"https:\\\/\\\/www.unioviedo.es\\\/xixonsostenibilidad\\\/#organization\"},\"potentialAction\":[{\"@type\":\"SearchAction\",\"target\":{\"@type\":\"EntryPoint\",\"urlTemplate\":\"https:\\\/\\\/www.unioviedo.es\\\/xixonsostenibilidad\\\/?s={search_term_string}\"},\"query-input\":{\"@type\":\"PropertyValueSpecification\",\"valueRequired\":true,\"valueName\":\"search_term_string\"}}],\"inLanguage\":\"es\"},{\"@type\":\"Organization\",\"@id\":\"https:\\\/\\\/www.unioviedo.es\\\/xixonsostenibilidad\\\/#organization\",\"name\":\"Universidad de Oviedo\",\"url\":\"https:\\\/\\\/www.unioviedo.es\\\/xixonsostenibilidad\\\/\",\"logo\":{\"@type\":\"ImageObject\",\"inLanguage\":\"es\",\"@id\":\"https:\\\/\\\/www.unioviedo.es\\\/xixonsostenibilidad\\\/#\\\/schema\\\/logo\\\/image\\\/\",\"url\":\"https:\\\/\\\/www.unioviedo.es\\\/xixonsostenibilidad\\\/wp-content\\\/uploads\\\/2023\\\/09\\\/Lgo-uniovi-catedra.png\",\"contentUrl\":\"https:\\\/\\\/www.unioviedo.es\\\/xixonsostenibilidad\\\/wp-content\\\/uploads\\\/2023\\\/09\\\/Lgo-uniovi-catedra.png\",\"width\":1669,\"height\":531,\"caption\":\"Universidad de Oviedo\"},\"image\":{\"@id\":\"https:\\\/\\\/www.unioviedo.es\\\/xixonsostenibilidad\\\/#\\\/schema\\\/logo\\\/image\\\/\"},\"sameAs\":[\"https:\\\/\\\/www.linkedin.com\\\/company\\\/65406893\\\/admin\\\/feed\\\/posts\\\/\"]}]}<\/script>\n<!-- \/ Yoast SEO plugin. -->","yoast_head_json":{"title":"Conferencia-Turismo-Gij\u00f3n-septiembre-2019-para-el-alumnado - C\u00e1tedra Milla del Conocimiento: Gij\u00f3n Sostenibilidad","robots":{"index":"index","follow":"follow","max-snippet":"max-snippet:-1","max-image-preview":"max-image-preview:large","max-video-preview":"max-video-preview:-1"},"canonical":"https:\/\/www.unioviedo.es\/xixonsostenibilidad\/wp-content\/uploads\/2019\/10\/Conferencia-Turismo-Gij\u00f3n-septiembre-2019-para-el-alumnado.pdf","og_locale":"es_ES","og_type":"article","og_title":"Conferencia-Turismo-Gij\u00f3n-septiembre-2019-para-el-alumnado - C\u00e1tedra Milla del Conocimiento: Gij\u00f3n Sostenibilidad","og_description":"Conferencia-Turismo-Gij\u00f3n-septiembre-2019-para-el-alumnado","og_url":"https:\/\/www.unioviedo.es\/xixonsostenibilidad\/wp-content\/uploads\/2019\/10\/Conferencia-Turismo-Gij\u00f3n-septiembre-2019-para-el-alumnado.pdf","og_site_name":"C\u00e1tedra Milla del Conocimiento: Gij\u00f3n Sostenibilidad","twitter_card":"summary_large_image","schema":{"@context":"https:\/\/schema.org","@graph":[{"@type":"WebPage","@id":"https:\/\/www.unioviedo.es\/xixonsostenibilidad\/wp-content\/uploads\/2019\/10\/Conferencia-Turismo-Gij\u00f3n-septiembre-2019-para-el-alumnado.pdf","url":"https:\/\/www.unioviedo.es\/xixonsostenibilidad\/wp-content\/uploads\/2019\/10\/Conferencia-Turismo-Gij\u00f3n-septiembre-2019-para-el-alumnado.pdf","name":"Conferencia-Turismo-Gij\u00f3n-septiembre-2019-para-el-alumnado - C\u00e1tedra Milla del Conocimiento: Gij\u00f3n Sostenibilidad","isPartOf":{"@id":"https:\/\/www.unioviedo.es\/xixonsostenibilidad\/#website"},"datePublished":"2019-10-11T14:01:23+00:00","breadcrumb":{"@id":"https:\/\/www.unioviedo.es\/xixonsostenibilidad\/wp-content\/uploads\/2019\/10\/Conferencia-Turismo-Gij\u00f3n-septiembre-2019-para-el-alumnado.pdf#breadcrumb"},"inLanguage":"es","potentialAction":[{"@type":"ReadAction","target":["https:\/\/www.unioviedo.es\/xixonsostenibilidad\/wp-content\/uploads\/2019\/10\/Conferencia-Turismo-Gij\u00f3n-septiembre-2019-para-el-alumnado.pdf"]}]},{"@type":"BreadcrumbList","@id":"https:\/\/www.unioviedo.es\/xixonsostenibilidad\/wp-content\/uploads\/2019\/10\/Conferencia-Turismo-Gij\u00f3n-septiembre-2019-para-el-alumnado.pdf#breadcrumb","itemListElement":[{"@type":"ListItem","position":1,"name":"Portada","item":"https:\/\/www.unioviedo.es\/xixonsostenibilidad\/"},{"@type":"ListItem","position":2,"name":"Documentos\/ Presentaciones \/ Im\u00e1genes","item":"https:\/\/www.unioviedo.es\/xixonsostenibilidad\/index.php\/documentos-relacionados\/"},{"@type":"ListItem","position":3,"name":"Conferencia-Turismo-Gij\u00f3n-septiembre-2019-para-el-alumnado"}]},{"@type":"WebSite","@id":"https:\/\/www.unioviedo.es\/xixonsostenibilidad\/#website","url":"https:\/\/www.unioviedo.es\/xixonsostenibilidad\/","name":"C\u00e1tedra Milla del Conocimiento: Gij\u00f3n Sostenibilidad","description":"Las actividades de la C\u00e1tedra est\u00e1n patrocinadas por el Ayuntamiento de Gij\u00f3n\/Xix\u00f3n y pretende convertirse en un espacio interdisciplinario, reflexivo y abierto que contribuya a reorientar la actividad econ\u00f3mica y empresarial hacia el desarrollo sostenible de nuestro entorno en general, y del turismo en particular","publisher":{"@id":"https:\/\/www.unioviedo.es\/xixonsostenibilidad\/#organization"},"potentialAction":[{"@type":"SearchAction","target":{"@type":"EntryPoint","urlTemplate":"https:\/\/www.unioviedo.es\/xixonsostenibilidad\/?s={search_term_string}"},"query-input":{"@type":"PropertyValueSpecification","valueRequired":true,"valueName":"search_term_string"}}],"inLanguage":"es"},{"@type":"Organization","@id":"https:\/\/www.unioviedo.es\/xixonsostenibilidad\/#organization","name":"Universidad de Oviedo","url":"https:\/\/www.unioviedo.es\/xixonsostenibilidad\/","logo":{"@type":"ImageObject","inLanguage":"es","@id":"https:\/\/www.unioviedo.es\/xixonsostenibilidad\/#\/schema\/logo\/image\/","url":"https:\/\/www.unioviedo.es\/xixonsostenibilidad\/wp-content\/uploads\/2023\/09\/Lgo-uniovi-catedra.png","contentUrl":"https:\/\/www.unioviedo.es\/xixonsostenibilidad\/wp-content\/uploads\/2023\/09\/Lgo-uniovi-catedra.png","width":1669,"height":531,"caption":"Universidad de Oviedo"},"image":{"@id":"https:\/\/www.unioviedo.es\/xixonsostenibilidad\/#\/schema\/logo\/image\/"},"sameAs":["https:\/\/www.linkedin.com\/company\/65406893\/admin\/feed\/posts\/"]}]}},"description":{"rendered":"<p class=\"attachment\"><a href='https:\/\/www.unioviedo.es\/xixonsostenibilidad\/wp-content\/uploads\/2019\/10\/Conferencia-Turismo-Gij\u00f3n-septiembre-2019-para-el-alumnado.pdf'>Conferencia-Turismo-Gij\u00f3n-septiembre-2019-para-el-alumnado<\/a><\/p>\n"},"caption":{"rendered":"<p>Conferencia-Turismo-Gij\u00f3n-septiembre-2019-para-el-alumnado<\/p>\n"},"alt_text":"","media_type":"file","mime_type":"application\/pdf","media_details":{},"post":196,"source_url":"https:\/\/www.unioviedo.es\/xixonsostenibilidad\/wp-content\/uploads\/2019\/10\/Conferencia-Turismo-Gij\u00f3n-septiembre-2019-para-el-alumnado.pdf","_links":{"self":[{"href":"https:\/\/www.unioviedo.es\/xixonsostenibilidad\/index.php\/wp-json\/wp\/v2\/media\/1033","targetHints":{"allow":["GET"]}}],"collection":[{"href":"https:\/\/www.unioviedo.es\/xixonsostenibilidad\/index.php\/wp-json\/wp\/v2\/media"}],"about":[{"href":"https:\/\/www.unioviedo.es\/xixonsostenibilidad\/index.php\/wp-json\/wp\/v2\/types\/attachment"}],"author":[{"embeddable":true,"href":"https:\/\/www.unioviedo.es\/xixonsostenibilidad\/index.php\/wp-json\/wp\/v2\/users\/1"}],"replies":[{"embeddable":true,"href":"https:\/\/www.unioviedo.es\/xixonsostenibilidad\/index.php\/wp-json\/wp\/v2\/comments?post=1033"}],"wp:attached-to":[{"embeddable":true,"post_type":"page","id":196,"href":"https:\/\/www.unioviedo.es\/xixonsostenibilidad\/index.php\/wp-json\/wp\/v2\/pages\/196"}],"curies":[{"name":"wp","href":"https:\/\/api.w.org\/{rel}","templated":true}]}}

http://www.unioviedo.es/xixonsostenibilidad/wp-content/uploads/2019/10/Conferencia-Turismo-Gijón-septiembre-2019-para-el-alumnado.pdf

Conferencia-Turismo-Gijón-septiembre-2019-para-el-alumnado

Conferencia-Turismo-Gijón-septiembre-2019-para-el-alumnado.pdf

<!-- This site is optimized with the Yoast SEO plugin v27.5 - https://yoast.com/product/yoast-seo-wordpress/ -->
<title>Conferencia-Turismo-Gijón-septiembre-2019-para-el-alumnado - Cátedra Milla del Conocimiento: Gijón Sostenibilidad</title>
<meta name="robots" content="index, follow, max-snippet:-1, max-image-preview:large, max-video-preview:-1" />
<link rel="canonical" href="https://www.unioviedo.es/xixonsostenibilidad/wp-content/uploads/2019/10/Conferencia-Turismo-Gijón-septiembre-2019-para-el-alumnado.pdf" />
<meta property="og:locale" content="es_ES" />
<meta property="og:type" content="article" />
<meta property="og:title" content="Conferencia-Turismo-Gijón-septiembre-2019-para-el-alumnado - Cátedra Milla del Conocimiento: Gijón Sostenibilidad" />
<meta property="og:description" content="Conferencia-Turismo-Gijón-septiembre-2019-para-el-alumnado" />
<meta property="og:url" content="https://www.unioviedo.es/xixonsostenibilidad/wp-content/uploads/2019/10/Conferencia-Turismo-Gijón-septiembre-2019-para-el-alumnado.pdf" />
<meta property="og:site_name" content="Cátedra Milla del Conocimiento: Gijón Sostenibilidad" />
<meta name="twitter:card" content="summary_large_image" />
<script type="application/ld+json" class="yoast-schema-graph">{"@context":"https:\/\/schema.org","@graph":[{"@type":"WebPage","@id":"https:\/\/www.unioviedo.es\/xixonsostenibilidad\/wp-content\/uploads\/2019\/10\/Conferencia-Turismo-Gijón-septiembre-2019-para-el-alumnado.pdf","url":"https:\/\/www.unioviedo.es\/xixonsostenibilidad\/wp-content\/uploads\/2019\/10\/Conferencia-Turismo-Gijón-septiembre-2019-para-el-alumnado.pdf","name":"Conferencia-Turismo-Gijón-septiembre-2019-para-el-alumnado - Cátedra Milla del Conocimiento: Gijón Sostenibilidad","isPartOf":{"@id":"https:\/\/www.unioviedo.es\/xixonsostenibilidad\/#website"},"datePublished":"2019-10-11T14:01:23+00:00","breadcrumb":{"@id":"https:\/\/www.unioviedo.es\/xixonsostenibilidad\/wp-content\/uploads\/2019\/10\/Conferencia-Turismo-Gijón-septiembre-2019-para-el-alumnado.pdf#breadcrumb"},"inLanguage":"es","potentialAction":[{"@type":"ReadAction","target":["https:\/\/www.unioviedo.es\/xixonsostenibilidad\/wp-content\/uploads\/2019\/10\/Conferencia-Turismo-Gijón-septiembre-2019-para-el-alumnado.pdf"]}]},{"@type":"BreadcrumbList","@id":"https:\/\/www.unioviedo.es\/xixonsostenibilidad\/wp-content\/uploads\/2019\/10\/Conferencia-Turismo-Gijón-septiembre-2019-para-el-alumnado.pdf#breadcrumb","itemListElement":[{"@type":"ListItem","position":1,"name":"Portada","item":"https:\/\/www.unioviedo.es\/xixonsostenibilidad\/"},{"@type":"ListItem","position":2,"name":"Documentos\/ Presentaciones \/ Imágenes","item":"https:\/\/www.unioviedo.es\/xixonsostenibilidad\/index.php\/documentos-relacionados\/"},{"@type":"ListItem","position":3,"name":"Conferencia-Turismo-Gijón-septiembre-2019-para-el-alumnado"}]},{"@type":"WebSite","@id":"https:\/\/www.unioviedo.es\/xixonsostenibilidad\/#website","url":"https:\/\/www.unioviedo.es\/xixonsostenibilidad\/","name":"Cátedra Milla del Conocimiento: Gijón Sostenibilidad","description":"Las actividades de la Cátedra están patrocinadas por el Ayuntamiento de Gijón\/Xixón y pretende convertirse en un espacio interdisciplinario, reflexivo y abierto que contribuya a reorientar la actividad económica y empresarial hacia el desarrollo sostenible de nuestro entorno en general, y del turismo en particular","publisher":{"@id":"https:\/\/www.unioviedo.es\/xixonsostenibilidad\/#organization"},"potentialAction":[{"@type":"SearchAction","target":{"@type":"EntryPoint","urlTemplate":"https:\/\/www.unioviedo.es\/xixonsostenibilidad\/?s={search_term_string}"},"query-input":{"@type":"PropertyValueSpecification","valueRequired":true,"valueName":"search_term_string"}}],"inLanguage":"es"},{"@type":"Organization","@id":"https:\/\/www.unioviedo.es\/xixonsostenibilidad\/#organization","name":"Universidad de Oviedo","url":"https:\/\/www.unioviedo.es\/xixonsostenibilidad\/","logo":{"@type":"ImageObject","inLanguage":"es","@id":"https:\/\/www.unioviedo.es\/xixonsostenibilidad\/#\/schema\/logo\/image\/","url":"https:\/\/www.unioviedo.es\/xixonsostenibilidad\/wp-content\/uploads\/2023\/09\/Lgo-uniovi-catedra.png","contentUrl":"https:\/\/www.unioviedo.es\/xixonsostenibilidad\/wp-content\/uploads\/2023\/09\/Lgo-uniovi-catedra.png","width":1669,"height":531,"caption":"Universidad de Oviedo"},"image":{"@id":"https:\/\/www.unioviedo.es\/xixonsostenibilidad\/#\/schema\/logo\/image\/"},"sameAs":["https:\/\/www.linkedin.com\/company\/65406893\/admin\/feed\/posts\/"]}]}</script>
<!-- / Yoast SEO plugin. -->

Conferencia-Turismo-Gijón-septiembre-2019-para-el-alumnado - Cátedra Milla del Conocimiento: Gijón Sostenibilidad

https://www.unioviedo.es/xixonsostenibilidad/wp-content/uploads/2019/10/Conferencia-Turismo-Gijón-septiembre-2019-para-el-alumnado.pdf

Cátedra Milla del Conocimiento: Gijón Sostenibilidad

https://www.unioviedo.es/xixonsostenibilidad/wp-content/uploads/2019/10/Conferencia-Turismo-Gijón-septiembre-2019-para-el-alumnado.pdf#breadcrumb

Documentos/ Presentaciones / Imágenes

Las actividades de la Cátedra están patrocinadas por el Ayuntamiento de Gijón/Xixón y pretende convertirse en un espacio interdisciplinario, reflexivo y abierto que contribuya a reorientar la actividad económica y empresarial hacia el desarrollo sostenible de nuestro entorno en general, y del turismo en particular

<p class="attachment"><a href='https://www.unioviedo.es/xixonsostenibilidad/wp-content/uploads/2019/10/Conferencia-Turismo-Gijón-septiembre-2019-para-el-alumnado.pdf'>Conferencia-Turismo-Gijón-septiembre-2019-para-el-alumnado</a></p>

<p>Conferencia-Turismo-Gijón-septiembre-2019-para-el-alumnado</p>
