{"id":37,"date":"2017-01-27T18:40:41","date_gmt":"2017-01-27T18:40:41","guid":{"rendered":"http:\/\/www.unioviedo.es\/xixonsostenibilidad\/wp-content\/uploads\/2017\/01\/Logo-Universidad-de-Oviedo-verde-centrado.png"},"modified":"2017-01-27T18:40:57","modified_gmt":"2017-01-27T18:40:57","slug":"logo-universidad-de-oviedo-verde-centrado","status":"inherit","type":"attachment","link":"https:\/\/www.unioviedo.es\/xixonsostenibilidad\/index.php\/inicio\/logo-universidad-de-oviedo-verde-centrado\/","title":{"rendered":"Logo Universidad de Oviedo verde centrado"},"author":1,"featured_media":0,"comment_status":"open","ping_status":"closed","template":"","meta":{"_crdt_document":"","_exactmetrics_skip_tracking":false,"_exactmetrics_sitenote_active":false,"_exactmetrics_sitenote_note":"","_exactmetrics_sitenote_category":0},"class_list":["post-37","attachment","type-attachment","status-inherit","hentry"],"filename":"Logo-Universidad-de-Oviedo-verde-centrado.png","filesize":52569,"yoast_head":"<!-- This site is optimized with the Yoast SEO plugin v27.5 - https:\/\/yoast.com\/product\/yoast-seo-wordpress\/ -->\n<title>Logo Universidad de Oviedo verde centrado - C\u00e1tedra Milla del Conocimiento: Gij\u00f3n Sostenibilidad<\/title>\n<meta name=\"robots\" content=\"index, follow, max-snippet:-1, max-image-preview:large, max-video-preview:-1\" \/>\n<link rel=\"canonical\" href=\"https:\/\/www.unioviedo.es\/xixonsostenibilidad\/wp-content\/uploads\/2017\/01\/Logo-Universidad-de-Oviedo-verde-centrado.png\" \/>\n<meta property=\"og:locale\" content=\"es_ES\" \/>\n<meta property=\"og:type\" content=\"article\" \/>\n<meta property=\"og:title\" content=\"Logo Universidad de Oviedo verde centrado - C\u00e1tedra Milla del Conocimiento: Gij\u00f3n Sostenibilidad\" \/>\n<meta property=\"og:description\" content=\"Logo Universidad de Oviedo verde\" \/>\n<meta property=\"og:url\" content=\"https:\/\/www.unioviedo.es\/xixonsostenibilidad\/wp-content\/uploads\/2017\/01\/Logo-Universidad-de-Oviedo-verde-centrado.png\" \/>\n<meta property=\"og:site_name\" content=\"C\u00e1tedra Milla del Conocimiento: Gij\u00f3n Sostenibilidad\" \/>\n<meta property=\"article:modified_time\" content=\"2017-01-27T18:40:57+00:00\" \/>\n<meta property=\"og:image\" content=\"https:\/\/www.unioviedo.es\/xixonsostenibilidad\/wp-content\/uploads\/2017\/01\/Logo-Universidad-de-Oviedo-verde-centrado.png\" \/>\n\t<meta property=\"og:image:width\" content=\"220\" \/>\n\t<meta property=\"og:image:height\" content=\"240\" \/>\n\t<meta property=\"og:image:type\" content=\"image\/png\" \/>\n<meta name=\"twitter:card\" content=\"summary_large_image\" \/>\n<script type=\"application\/ld+json\" class=\"yoast-schema-graph\">{\"@context\":\"https:\\\/\\\/schema.org\",\"@graph\":[{\"@type\":\"WebPage\",\"@id\":\"https:\\\/\\\/www.unioviedo.es\\\/xixonsostenibilidad\\\/wp-content\\\/uploads\\\/2017\\\/01\\\/Logo-Universidad-de-Oviedo-verde-centrado.png\",\"url\":\"https:\\\/\\\/www.unioviedo.es\\\/xixonsostenibilidad\\\/wp-content\\\/uploads\\\/2017\\\/01\\\/Logo-Universidad-de-Oviedo-verde-centrado.png\",\"name\":\"Logo Universidad de Oviedo verde centrado - C\u00e1tedra Milla del Conocimiento: Gij\u00f3n Sostenibilidad\",\"isPartOf\":{\"@id\":\"https:\\\/\\\/www.unioviedo.es\\\/xixonsostenibilidad\\\/#website\"},\"datePublished\":\"2017-01-27T18:40:41+00:00\",\"dateModified\":\"2017-01-27T18:40:57+00:00\",\"breadcrumb\":{\"@id\":\"https:\\\/\\\/www.unioviedo.es\\\/xixonsostenibilidad\\\/wp-content\\\/uploads\\\/2017\\\/01\\\/Logo-Universidad-de-Oviedo-verde-centrado.png#breadcrumb\"},\"inLanguage\":\"es\",\"potentialAction\":[{\"@type\":\"ReadAction\",\"target\":[\"https:\\\/\\\/www.unioviedo.es\\\/xixonsostenibilidad\\\/wp-content\\\/uploads\\\/2017\\\/01\\\/Logo-Universidad-de-Oviedo-verde-centrado.png\"]}]},{\"@type\":\"BreadcrumbList\",\"@id\":\"https:\\\/\\\/www.unioviedo.es\\\/xixonsostenibilidad\\\/wp-content\\\/uploads\\\/2017\\\/01\\\/Logo-Universidad-de-Oviedo-verde-centrado.png#breadcrumb\",\"itemListElement\":[{\"@type\":\"ListItem\",\"position\":1,\"name\":\"Portada\",\"item\":\"https:\\\/\\\/www.unioviedo.es\\\/xixonsostenibilidad\\\/\"},{\"@type\":\"ListItem\",\"position\":2,\"name\":\"C\u00e1tedra Milla del Conocimiento: Xix\u00f3n sostenibilidad\",\"item\":\"https:\\\/\\\/www.unioviedo.es\\\/xixonsostenibilidad\\\/index.php\\\/inicio\\\/\"},{\"@type\":\"ListItem\",\"position\":3,\"name\":\"Logo Universidad de Oviedo verde centrado\"}]},{\"@type\":\"WebSite\",\"@id\":\"https:\\\/\\\/www.unioviedo.es\\\/xixonsostenibilidad\\\/#website\",\"url\":\"https:\\\/\\\/www.unioviedo.es\\\/xixonsostenibilidad\\\/\",\"name\":\"C\u00e1tedra Milla del Conocimiento: Gij\u00f3n Sostenibilidad\",\"description\":\"Las actividades de la C\u00e1tedra est\u00e1n patrocinadas por el Ayuntamiento de Gij\u00f3n\\\/Xix\u00f3n y pretende convertirse en un espacio interdisciplinario, reflexivo y abierto que contribuya a reorientar la actividad econ\u00f3mica y empresarial hacia el desarrollo sostenible de nuestro entorno en general, y del turismo en particular\",\"publisher\":{\"@id\":\"https:\\\/\\\/www.unioviedo.es\\\/xixonsostenibilidad\\\/#organization\"},\"potentialAction\":[{\"@type\":\"SearchAction\",\"target\":{\"@type\":\"EntryPoint\",\"urlTemplate\":\"https:\\\/\\\/www.unioviedo.es\\\/xixonsostenibilidad\\\/?s={search_term_string}\"},\"query-input\":{\"@type\":\"PropertyValueSpecification\",\"valueRequired\":true,\"valueName\":\"search_term_string\"}}],\"inLanguage\":\"es\"},{\"@type\":\"Organization\",\"@id\":\"https:\\\/\\\/www.unioviedo.es\\\/xixonsostenibilidad\\\/#organization\",\"name\":\"Universidad de Oviedo\",\"url\":\"https:\\\/\\\/www.unioviedo.es\\\/xixonsostenibilidad\\\/\",\"logo\":{\"@type\":\"ImageObject\",\"inLanguage\":\"es\",\"@id\":\"https:\\\/\\\/www.unioviedo.es\\\/xixonsostenibilidad\\\/#\\\/schema\\\/logo\\\/image\\\/\",\"url\":\"https:\\\/\\\/www.unioviedo.es\\\/xixonsostenibilidad\\\/wp-content\\\/uploads\\\/2023\\\/09\\\/Lgo-uniovi-catedra.png\",\"contentUrl\":\"https:\\\/\\\/www.unioviedo.es\\\/xixonsostenibilidad\\\/wp-content\\\/uploads\\\/2023\\\/09\\\/Lgo-uniovi-catedra.png\",\"width\":1669,\"height\":531,\"caption\":\"Universidad de Oviedo\"},\"image\":{\"@id\":\"https:\\\/\\\/www.unioviedo.es\\\/xixonsostenibilidad\\\/#\\\/schema\\\/logo\\\/image\\\/\"},\"sameAs\":[\"https:\\\/\\\/www.linkedin.com\\\/company\\\/65406893\\\/admin\\\/feed\\\/posts\\\/\"]}]}<\/script>\n<!-- \/ Yoast SEO plugin. -->","yoast_head_json":{"title":"Logo Universidad de Oviedo verde centrado - C\u00e1tedra Milla del Conocimiento: Gij\u00f3n Sostenibilidad","robots":{"index":"index","follow":"follow","max-snippet":"max-snippet:-1","max-image-preview":"max-image-preview:large","max-video-preview":"max-video-preview:-1"},"canonical":"https:\/\/www.unioviedo.es\/xixonsostenibilidad\/wp-content\/uploads\/2017\/01\/Logo-Universidad-de-Oviedo-verde-centrado.png","og_locale":"es_ES","og_type":"article","og_title":"Logo Universidad de Oviedo verde centrado - C\u00e1tedra Milla del Conocimiento: Gij\u00f3n Sostenibilidad","og_description":"Logo Universidad de Oviedo verde","og_url":"https:\/\/www.unioviedo.es\/xixonsostenibilidad\/wp-content\/uploads\/2017\/01\/Logo-Universidad-de-Oviedo-verde-centrado.png","og_site_name":"C\u00e1tedra Milla del Conocimiento: Gij\u00f3n Sostenibilidad","article_modified_time":"2017-01-27T18:40:57+00:00","og_image":[{"width":220,"height":240,"url":"https:\/\/www.unioviedo.es\/xixonsostenibilidad\/wp-content\/uploads\/2017\/01\/Logo-Universidad-de-Oviedo-verde-centrado.png","type":"image\/png"}],"twitter_card":"summary_large_image","schema":{"@context":"https:\/\/schema.org","@graph":[{"@type":"WebPage","@id":"https:\/\/www.unioviedo.es\/xixonsostenibilidad\/wp-content\/uploads\/2017\/01\/Logo-Universidad-de-Oviedo-verde-centrado.png","url":"https:\/\/www.unioviedo.es\/xixonsostenibilidad\/wp-content\/uploads\/2017\/01\/Logo-Universidad-de-Oviedo-verde-centrado.png","name":"Logo Universidad de Oviedo verde centrado - C\u00e1tedra Milla del Conocimiento: Gij\u00f3n Sostenibilidad","isPartOf":{"@id":"https:\/\/www.unioviedo.es\/xixonsostenibilidad\/#website"},"datePublished":"2017-01-27T18:40:41+00:00","dateModified":"2017-01-27T18:40:57+00:00","breadcrumb":{"@id":"https:\/\/www.unioviedo.es\/xixonsostenibilidad\/wp-content\/uploads\/2017\/01\/Logo-Universidad-de-Oviedo-verde-centrado.png#breadcrumb"},"inLanguage":"es","potentialAction":[{"@type":"ReadAction","target":["https:\/\/www.unioviedo.es\/xixonsostenibilidad\/wp-content\/uploads\/2017\/01\/Logo-Universidad-de-Oviedo-verde-centrado.png"]}]},{"@type":"BreadcrumbList","@id":"https:\/\/www.unioviedo.es\/xixonsostenibilidad\/wp-content\/uploads\/2017\/01\/Logo-Universidad-de-Oviedo-verde-centrado.png#breadcrumb","itemListElement":[{"@type":"ListItem","position":1,"name":"Portada","item":"https:\/\/www.unioviedo.es\/xixonsostenibilidad\/"},{"@type":"ListItem","position":2,"name":"C\u00e1tedra Milla del Conocimiento: Xix\u00f3n sostenibilidad","item":"https:\/\/www.unioviedo.es\/xixonsostenibilidad\/index.php\/inicio\/"},{"@type":"ListItem","position":3,"name":"Logo Universidad de Oviedo verde centrado"}]},{"@type":"WebSite","@id":"https:\/\/www.unioviedo.es\/xixonsostenibilidad\/#website","url":"https:\/\/www.unioviedo.es\/xixonsostenibilidad\/","name":"C\u00e1tedra Milla del Conocimiento: Gij\u00f3n Sostenibilidad","description":"Las actividades de la C\u00e1tedra est\u00e1n patrocinadas por el Ayuntamiento de Gij\u00f3n\/Xix\u00f3n y pretende convertirse en un espacio interdisciplinario, reflexivo y abierto que contribuya a reorientar la actividad econ\u00f3mica y empresarial hacia el desarrollo sostenible de nuestro entorno en general, y del turismo en particular","publisher":{"@id":"https:\/\/www.unioviedo.es\/xixonsostenibilidad\/#organization"},"potentialAction":[{"@type":"SearchAction","target":{"@type":"EntryPoint","urlTemplate":"https:\/\/www.unioviedo.es\/xixonsostenibilidad\/?s={search_term_string}"},"query-input":{"@type":"PropertyValueSpecification","valueRequired":true,"valueName":"search_term_string"}}],"inLanguage":"es"},{"@type":"Organization","@id":"https:\/\/www.unioviedo.es\/xixonsostenibilidad\/#organization","name":"Universidad de Oviedo","url":"https:\/\/www.unioviedo.es\/xixonsostenibilidad\/","logo":{"@type":"ImageObject","inLanguage":"es","@id":"https:\/\/www.unioviedo.es\/xixonsostenibilidad\/#\/schema\/logo\/image\/","url":"https:\/\/www.unioviedo.es\/xixonsostenibilidad\/wp-content\/uploads\/2023\/09\/Lgo-uniovi-catedra.png","contentUrl":"https:\/\/www.unioviedo.es\/xixonsostenibilidad\/wp-content\/uploads\/2023\/09\/Lgo-uniovi-catedra.png","width":1669,"height":531,"caption":"Universidad de Oviedo"},"image":{"@id":"https:\/\/www.unioviedo.es\/xixonsostenibilidad\/#\/schema\/logo\/image\/"},"sameAs":["https:\/\/www.linkedin.com\/company\/65406893\/admin\/feed\/posts\/"]}]}},"description":{"rendered":"<p class=\"attachment\"><a href='https:\/\/www.unioviedo.es\/xixonsostenibilidad\/wp-content\/uploads\/2017\/01\/Logo-Universidad-de-Oviedo-verde-centrado.png'><img loading=\"lazy\" decoding=\"async\" width=\"220\" height=\"240\" src=\"https:\/\/www.unioviedo.es\/xixonsostenibilidad\/wp-content\/uploads\/2017\/01\/Logo-Universidad-de-Oviedo-verde-centrado.png\" class=\"attachment-medium size-medium\" alt=\"Logo Universidad de Oviedo verde\" \/><\/a><\/p>\n<p>Logo Universidad de Oviedo verde<\/p>\n"},"caption":{"rendered":"<p>Logo Universidad de Oviedo verde<\/p>\n"},"alt_text":"Logo Universidad de Oviedo verde","media_type":"image","mime_type":"image\/png","media_details":{"width":220,"height":240,"file":"2017\/01\/Logo-Universidad-de-Oviedo-verde-centrado.png","image_meta":{"aperture":"0","credit":"","camera":"","caption":"","created_timestamp":"0","copyright":"","focal_length":"0","iso":"0","shutter_speed":"0","title":"","orientation":"0","keywords":[]},"sizes":{}},"post":4,"source_url":"https:\/\/www.unioviedo.es\/xixonsostenibilidad\/wp-content\/uploads\/2017\/01\/Logo-Universidad-de-Oviedo-verde-centrado.png","_links":{"self":[{"href":"https:\/\/www.unioviedo.es\/xixonsostenibilidad\/index.php\/wp-json\/wp\/v2\/media\/37","targetHints":{"allow":["GET"]}}],"collection":[{"href":"https:\/\/www.unioviedo.es\/xixonsostenibilidad\/index.php\/wp-json\/wp\/v2\/media"}],"about":[{"href":"https:\/\/www.unioviedo.es\/xixonsostenibilidad\/index.php\/wp-json\/wp\/v2\/types\/attachment"}],"author":[{"embeddable":true,"href":"https:\/\/www.unioviedo.es\/xixonsostenibilidad\/index.php\/wp-json\/wp\/v2\/users\/1"}],"replies":[{"embeddable":true,"href":"https:\/\/www.unioviedo.es\/xixonsostenibilidad\/index.php\/wp-json\/wp\/v2\/comments?post=37"}],"wp:attached-to":[{"embeddable":true,"post_type":"page","id":4,"href":"https:\/\/www.unioviedo.es\/xixonsostenibilidad\/index.php\/wp-json\/wp\/v2\/pages\/4"}],"curies":[{"name":"wp","href":"https:\/\/api.w.org\/{rel}","templated":true}]}}

<!-- This site is optimized with the Yoast SEO plugin v27.5 - https://yoast.com/product/yoast-seo-wordpress/ -->
<title>Logo Universidad de Oviedo verde centrado - Cátedra Milla del Conocimiento: Gijón Sostenibilidad</title>
<meta name="robots" content="index, follow, max-snippet:-1, max-image-preview:large, max-video-preview:-1" />
<link rel="canonical" href="https://www.unioviedo.es/xixonsostenibilidad/wp-content/uploads/2017/01/Logo-Universidad-de-Oviedo-verde-centrado.png" />
<meta property="og:locale" content="es_ES" />
<meta property="og:type" content="article" />
<meta property="og:title" content="Logo Universidad de Oviedo verde centrado - Cátedra Milla del Conocimiento: Gijón Sostenibilidad" />
<meta property="og:description" content="Logo Universidad de Oviedo verde" />
<meta property="og:url" content="https://www.unioviedo.es/xixonsostenibilidad/wp-content/uploads/2017/01/Logo-Universidad-de-Oviedo-verde-centrado.png" />
<meta property="og:site_name" content="Cátedra Milla del Conocimiento: Gijón Sostenibilidad" />
<meta property="article:modified_time" content="2017-01-27T18:40:57+00:00" />
<meta property="og:image" content="https://www.unioviedo.es/xixonsostenibilidad/wp-content/uploads/2017/01/Logo-Universidad-de-Oviedo-verde-centrado.png" />
	<meta property="og:image:width" content="220" />
	<meta property="og:image:height" content="240" />
	<meta property="og:image:type" content="image/png" />
<meta name="twitter:card" content="summary_large_image" />
<script type="application/ld+json" class="yoast-schema-graph">{"@context":"https:\/\/schema.org","@graph":[{"@type":"WebPage","@id":"https:\/\/www.unioviedo.es\/xixonsostenibilidad\/wp-content\/uploads\/2017\/01\/Logo-Universidad-de-Oviedo-verde-centrado.png","url":"https:\/\/www.unioviedo.es\/xixonsostenibilidad\/wp-content\/uploads\/2017\/01\/Logo-Universidad-de-Oviedo-verde-centrado.png","name":"Logo Universidad de Oviedo verde centrado - Cátedra Milla del Conocimiento: Gijón Sostenibilidad","isPartOf":{"@id":"https:\/\/www.unioviedo.es\/xixonsostenibilidad\/#website"},"datePublished":"2017-01-27T18:40:41+00:00","dateModified":"2017-01-27T18:40:57+00:00","breadcrumb":{"@id":"https:\/\/www.unioviedo.es\/xixonsostenibilidad\/wp-content\/uploads\/2017\/01\/Logo-Universidad-de-Oviedo-verde-centrado.png#breadcrumb"},"inLanguage":"es","potentialAction":[{"@type":"ReadAction","target":["https:\/\/www.unioviedo.es\/xixonsostenibilidad\/wp-content\/uploads\/2017\/01\/Logo-Universidad-de-Oviedo-verde-centrado.png"]}]},{"@type":"BreadcrumbList","@id":"https:\/\/www.unioviedo.es\/xixonsostenibilidad\/wp-content\/uploads\/2017\/01\/Logo-Universidad-de-Oviedo-verde-centrado.png#breadcrumb","itemListElement":[{"@type":"ListItem","position":1,"name":"Portada","item":"https:\/\/www.unioviedo.es\/xixonsostenibilidad\/"},{"@type":"ListItem","position":2,"name":"Cátedra Milla del Conocimiento: Xixón sostenibilidad","item":"https:\/\/www.unioviedo.es\/xixonsostenibilidad\/index.php\/inicio\/"},{"@type":"ListItem","position":3,"name":"Logo Universidad de Oviedo verde centrado"}]},{"@type":"WebSite","@id":"https:\/\/www.unioviedo.es\/xixonsostenibilidad\/#website","url":"https:\/\/www.unioviedo.es\/xixonsostenibilidad\/","name":"Cátedra Milla del Conocimiento: Gijón Sostenibilidad","description":"Las actividades de la Cátedra están patrocinadas por el Ayuntamiento de Gijón\/Xixón y pretende convertirse en un espacio interdisciplinario, reflexivo y abierto que contribuya a reorientar la actividad económica y empresarial hacia el desarrollo sostenible de nuestro entorno en general, y del turismo en particular","publisher":{"@id":"https:\/\/www.unioviedo.es\/xixonsostenibilidad\/#organization"},"potentialAction":[{"@type":"SearchAction","target":{"@type":"EntryPoint","urlTemplate":"https:\/\/www.unioviedo.es\/xixonsostenibilidad\/?s={search_term_string}"},"query-input":{"@type":"PropertyValueSpecification","valueRequired":true,"valueName":"search_term_string"}}],"inLanguage":"es"},{"@type":"Organization","@id":"https:\/\/www.unioviedo.es\/xixonsostenibilidad\/#organization","name":"Universidad de Oviedo","url":"https:\/\/www.unioviedo.es\/xixonsostenibilidad\/","logo":{"@type":"ImageObject","inLanguage":"es","@id":"https:\/\/www.unioviedo.es\/xixonsostenibilidad\/#\/schema\/logo\/image\/","url":"https:\/\/www.unioviedo.es\/xixonsostenibilidad\/wp-content\/uploads\/2023\/09\/Lgo-uniovi-catedra.png","contentUrl":"https:\/\/www.unioviedo.es\/xixonsostenibilidad\/wp-content\/uploads\/2023\/09\/Lgo-uniovi-catedra.png","width":1669,"height":531,"caption":"Universidad de Oviedo"},"image":{"@id":"https:\/\/www.unioviedo.es\/xixonsostenibilidad\/#\/schema\/logo\/image\/"},"sameAs":["https:\/\/www.linkedin.com\/company\/65406893\/admin\/feed\/posts\/"]}]}</script>
<!-- / Yoast SEO plugin. -->

Logo Universidad de Oviedo verde centrado - Cátedra Milla del Conocimiento: Gijón Sostenibilidad

Cátedra Milla del Conocimiento: Gijón Sostenibilidad

Cátedra Milla del Conocimiento: Xixón sostenibilidad

Las actividades de la Cátedra están patrocinadas por el Ayuntamiento de Gijón/Xixón y pretende convertirse en un espacio interdisciplinario, reflexivo y abierto que contribuya a reorientar la actividad económica y empresarial hacia el desarrollo sostenible de nuestro entorno en general, y del turismo en particular
